-- http://www.phpmyadmin.net
--
-- Versão do servidor: 10.1.13-MariaDB




-- --------------------------------------------------------

--
-- Estrutura da tabela `workcontrol_code`
--

CREATE TABLE `workcontrol_code` (
  `code_id` int(11) UNSIGNED NOT NULL,
  `code_name` varchar(255) DEFAULT '',
  `code_condition` varchar(255) DEFAULT '',
  `code_script` text,
  `code_created` timestamp NULL DEFAULT NULL,
  `code_views` decimal(11,0) NOT NULL DEFAULT '0'
) ENGINE=InnoDB DEFAULT CHARSET=utf8;

-- --------------------------------------------------------

--
-- Estrutura da tabela `ws_categories`
--

CREATE TABLE `ws_categories` (
  `category_id` int(11) NOT NULL,
  `category_parent` int(11) DEFAULT NULL,
  `category_name` varchar(255) DEFAULT NULL,
  `category_title` varchar(255) DEFAULT NULL,
  `category_content` text,
  `category_date` timestamp NULL DEFAULT NULL
) ENGINE=InnoDB DEFAULT CHARSET=utf8;

--
-- Extraindo dados da tabela `ws_categories`
--

INSERT INTO `ws_categories` (`category_id`, `category_parent`, `category_name`, `category_title`, `category_content`, `category_date`) VALUES
(1, NULL, 'informatica', 'Informática', 'Grupo LEF - Informática\r\n', '2016-08-09 20:10:51'),
(2, NULL, 'celulares-e-tablets', 'Celulares e Tablets', 'Grupo LEF - Celulares e Tabletsv', '2016-08-09 22:01:01'),
(3, NULL, 'eletronicos', 'Eletrônicos', 'Grupo LEF - Eletrônicos', '2016-08-09 22:01:14'),
(4, NULL, 'noticias-grupo-lef', 'Notícias - Grupo LEF', 'Notícias - Grupo LEFd', '2016-08-09 22:01:28'),
(5, NULL, 'dss-grupo-lef', 'DSS - Grupo LEF', 'Grupo LEF - DSS', '2016-08-09 22:02:41'),
(6, NULL, 'sustentabilidade', 'Sustentabilidade', 'Grupo LEF - Sustentabilidade', '2016-08-16 17:31:47');

-- --------------------------------------------------------

--
-- Estrutura da tabela `ws_comments`
--

CREATE TABLE `ws_comments` (
  `id` int(11) UNSIGNED NOT NULL,
  `user_id` int(11) UNSIGNED DEFAULT NULL,
  `post_id` int(11) UNSIGNED DEFAULT NULL,
  `pdt_id` int(11) UNSIGNED DEFAULT NULL,
  `page_id` int(11) UNSIGNED DEFAULT NULL,
  `alias_id` int(11) UNSIGNED DEFAULT NULL,
  `comment` text,
  `rank` decimal(11,0) DEFAULT '1',
  `created` timestamp NULL DEFAULT NULL,
  `interact` timestamp NULL DEFAULT NULL,
  `status` int(11) NOT NULL DEFAULT '0',
  `likes` decimal(11,0) NOT NULL DEFAULT '0'
) ENGINE=InnoDB DEFAULT CHARSET=utf8;

-- --------------------------------------------------------

--
-- Estrutura da tabela `ws_comments_likes`
--

CREATE TABLE `ws_comments_likes` (
  `id` int(11) UNSIGNED NOT NULL,
  `user_id` int(11) NOT NULL,
  `comm_id` int(11) UNSIGNED NOT NULL
) ENGINE=InnoDB DEFAULT CHARSET=utf8;

-- --------------------------------------------------------

--
-- Estrutura da tabela `ws_config`
--

CREATE TABLE `ws_config` (
  `conf_id` int(11) UNSIGNED NOT NULL,
  `conf_key` varchar(255) DEFAULT '',
  `conf_value` varchar(255) DEFAULT '',
  `conf_type` varchar(255) DEFAULT ''
) ENGINE=InnoDB DEFAULT CHARSET=utf8;

--
-- Extraindo dados da tabela `ws_config`
--

INSERT INTO `ws_config` (`conf_id`, `conf_key`, `conf_value`, `conf_type`) VALUES
(1618, 'BASE', 'http://192.168.10.240:82/jornal-ti', 'ADMIN'),
(1619, 'THEME', 'mural', 'ADMIN'),
(1622, 'ADMIN_NAME', 'Painel de Controle', 'ADMIN'),
(1623, 'ADMIN_DESC', 'Peinel de Controle - Grupo LEF', 'ADMIN'),
(1624, 'ADMIN_MODE', '1', 'ADMIN'),
(1625, 'ADMIN_WC_CUSTOM', '0', 'ADMIN'),
(1626, 'ADMIN_MAINTENANCE', '0', 'ADMIN'),
(1627, 'ADMIN_VERSION', '3.1.1', 'ADMIN'),
(1628, 'MAIL_HOST', '', 'MAIL'),
(1629, 'MAIL_PORT', '', 'MAIL'),
(1630, 'MAIL_USER', '', 'MAIL'),
(1631, 'MAIL_PASS', '', 'MAIL'),
(1632, 'MAIL_SENDER', '', 'MAIL'),
(1633, 'MAIL_TESTER', '', 'MAIL'),
(1634, 'IMAGE_W', '800', 'IMAGE'),
(1635, 'IMAGE_H', '600', 'IMAGE'),
(1636, 'THUMB_W', '600', 'IMAGE'),
(1637, 'THUMB_H', '800', 'IMAGE'),
(1638, 'AVATAR_W', '500', 'IMAGE'),
(1639, 'AVATAR_H', '500', 'IMAGE'),
(1640, 'SLIDE_W', '1920', 'IMAGE'),
(1641, 'SLIDE_H', '600', 'IMAGE'),
(1642, 'APP_POSTS', '1', 'APP'),
(1643, 'APP_POSTS_AMP', '0', 'APP'),
(1644, 'APP_POSTS_INSTANT_ARTICLE', '0', 'APP'),
(1645, 'APP_EAD', '0', 'APP'),
(1646, 'APP_SEARCH', '1', 'APP'),
(1647, 'APP_PAGES', '0', 'APP'),
(1648, 'APP_COMMENTS', '0', 'APP'),
(1649, 'APP_PRODUCTS', '0', 'APP'),
(1650, 'APP_ORDERS', '0', 'APP'),
(1651, 'APP_IMOBI', '0', 'APP'),
(1652, 'APP_SLIDE', '0', 'APP'),
(1653, 'APP_USERS', '1', 'APP'),
(1654, 'LEVEL_WC_POSTS', '6', 'LEVEL'),
(1655, 'LEVEL_WC_COMMENTS', '6', 'LEVEL'),
(1656, 'LEVEL_WC_PAGES', '6', 'LEVEL'),
(1657, 'LEVEL_WC_SLIDES', '6', 'LEVEL'),
(1658, 'LEVEL_WC_IMOBI', '6', 'LEVEL'),
(1659, 'LEVEL_WC_RAMAL', '6', 'LEVEL'),
(1660, 'LEVEL_WC_PRODUCTS', '6', 'LEVEL'),
(1661, 'LEVEL_WC_PRODUCTS_ORDERS', '6', 'LEVEL'),
(1662, 'LEVEL_WC_EAD_COURSES', '6', 'LEVEL'),
(1663, 'LEVEL_WC_EAD_STUDENTS', '6', 'LEVEL'),
(1664, 'LEVEL_WC_EAD_SUPPORT', '6', 'LEVEL'),
(1665, 'LEVEL_WC_EAD_ORDERS', '6', 'LEVEL'),
(1666, 'LEVEL_WC_REPORTS', '6', 'LEVEL'),
(1667, 'LEVEL_WC_USERS', '6', 'LEVEL'),
(1668, 'LEVEL_WC_CONFIG_MASTER', '10', 'LEVEL'),
(1669, 'LEVEL_WC_CONFIG_API', '10', 'LEVEL'),
(1670, 'LEVEL_WC_CONFIG_CODES', '10', 'LEVEL'),
(1671, 'SEGMENT_FB_PIXEL_ID', '0', 'SEGMENT'),
(1672, 'SEGMENT_WC_USER', '0', 'SEGMENT'),
(1673, 'SEGMENT_WC_BLOG', '0', 'SEGMENT'),
(1674, 'SEGMENT_WC_ECOMMERCE', '0', 'SEGMENT'),
(1675, 'SEGMENT_WC_IMOBI', '0', 'SEGMENT'),
(1676, 'SEGMENT_WC_EAD', '0', 'SEGMENT'),
(1677, 'SEGMENT_GL_ANALYTICS_UA', '', 'SEGMENT'),
(1678, 'SEGMENT_FB_PAGE_ID', '', 'SEGMENT'),
(1679, 'SEGMENT_GL_ADWORDS_ID', '', 'SEGMENT'),
(1680, 'SEGMENT_GL_ADWORDS_LABEL', '', 'SEGMENT'),
(1681, 'APP_LINK_POSTS', '1', 'APP'),
(1682, 'APP_LINK_PAGES', '1', 'APP'),
(1683, 'APP_LINK_PRODUCTS', '1', 'APP'),
(1684, 'APP_LINK_PROPERTIES', '1', 'APP'),
(1685, 'ACC_MANAGER', '1', 'APP'),
(1686, 'ACC_TAG', 'Minha Conta!', 'APP'),
(1687, 'COMMENT_MODERATE', '1', 'COMMENT'),
(1688, 'COMMENT_ON_POSTS', '1', 'COMMENT'),
(1689, 'COMMENT_ON_PAGES', '1', 'COMMENT'),
(1690, 'COMMENT_ON_PRODUCTS', '1', 'COMMENT'),
(1691, 'COMMENT_SEND_EMAIL', '1', 'COMMENT'),
(1692, 'COMMENT_ORDER', 'DESC', 'COMMENT'),
(1693, 'COMMENT_RESPONSE_ORDER', 'ASC', 'COMMENT'),
(1694, 'E_PDT_LIMIT', '0', 'ECOMMERCE'),
(1695, 'E_PDT_SIZE', 'default', 'ECOMMERCE'),
(1696, 'E_ORDER_DAYS', '1', 'ECOMMERCE'),
(1697, 'ECOMMERCE_TAG', 'Minhas Compras', 'ECOMMERCE'),
(1698, 'ECOMMERCE_STOCK', '1', 'ECOMMERCE'),
(1699, 'ECOMMERCE_BUTTON_TAG', 'Comprar Agora', 'ECOMMERCE'),
(1700, 'ECOMMERCE_PAY_SPLIT', '1', 'ECOMMERCE'),
(1701, 'ECOMMERCE_PAY_SPLIT_MIN', '5', 'ECOMMERCE'),
(1702, 'ECOMMERCE_PAY_SPLIT_NUM', '12', 'ECOMMERCE'),
(1703, 'ECOMMERCE_PAY_SPLIT_ACM', '2.99', 'ECOMMERCE'),
(1704, 'ECOMMERCE_PAY_SPLIT_ACN', '1', 'ECOMMERCE'),
(1705, 'ECOMMERCE_SHIPMENT_FREE', '0', 'ECOMMERCE'),
(1706, 'ECOMMERCE_SHIPMENT_FREE_DAYS', '20', 'ECOMMERCE'),
(1707, 'ECOMMERCE_SHIPMENT_FIXED', '0', 'ECOMMERCE'),
(1708, 'ECOMMERCE_SHIPMENT_FIXED_PRICE', '15', 'ECOMMERCE'),
(1709, 'ECOMMERCE_SHIPMENT_FIXED_DAYS', '15', 'ECOMMERCE'),
(1710, 'ECOMMERCE_SHIPMENT_LOCAL', '0', 'ECOMMERCE'),
(1711, 'ECOMMERCE_SHIPMENT_LOCAL_IN_PLACE', '1', 'ECOMMERCE'),
(1712, 'ECOMMERCE_SHIPMENT_LOCAL_PRICE', '5', 'ECOMMERCE'),
(1713, 'ECOMMERCE_SHIPMENT_LOCAL_DAYS', '1', 'ECOMMERCE'),
(1714, 'ECOMMERCE_SHIPMENT_CDEMPRESA', '0', 'ECOMMERCE'),
(1715, 'ECOMMERCE_SHIPMENT_CDSENHA', '0', 'ECOMMERCE'),
(1716, 'ECOMMERCE_SHIPMENT_SERVICE', '40010,41106', 'ECOMMERCE'),
(1717, 'ECOMMERCE_SHIPMENT_DELAY', '3', 'ECOMMERCE'),
(1718, 'ECOMMERCE_SHIPMENT_FORMAT', '1', 'ECOMMERCE'),
(1719, 'ECOMMERCE_SHIPMENT_DECLARE', '1', 'ECOMMERCE'),
(1720, 'ECOMMERCE_SHIPMENT_OWN_HAND', 's', 'ECOMMERCE'),
(1721, 'ECOMMERCE_SHIPMENT_BY_WEIGHT', '1', 'ECOMMERCE'),
(1722, 'ECOMMERCE_SHIPMENT_ALERT', '0', 'ECOMMERCE'),
(1723, 'ECOMMERCE_SHIPMENT_COMPANY', '0', 'ECOMMERCE'),
(1724, 'ECOMMERCE_SHIPMENT_COMPANY_VAL', '5', 'ECOMMERCE'),
(1725, 'ECOMMERCE_SHIPMENT_COMPANY_PRICE', '30', 'ECOMMERCE'),
(1726, 'ECOMMERCE_SHIPMENT_COMPANY_DAYS', '15', 'ECOMMERCE'),
(1727, 'ECOMMERCE_SHIPMENT_COMPANY_LINK', 'http://www.dhl.com.br/pt/express/rastreamento.html?AWB=', 'ECOMMERCE'),
(1728, 'PAGSEGURO_ENV', 'sandbox', 'PAGSEGURO'),
(1729, 'PAGSEGURO_EMAIL', '', 'PAGSEGURO'),
(1730, 'PAGSEGURO_NOTIFICATION_EMAIL', '', 'PAGSEGURO'),
(1731, 'PAGSEGURO_TOKEN_SANDBOX', '', 'PAGSEGURO'),
(1732, 'PAGSEGURO_APP_ID_SANDBOX', '', 'PAGSEGURO'),
(1733, 'PAGSEGURO_APP_KEY_SANDBOX', '', 'PAGSEGURO'),
(1734, 'PAGSEGURO_TOKEN_PRODUCTION', '', 'PAGSEGURO'),
(1735, 'PAGSEGURO_APP_ID_PRODUCTION', '', 'PAGSEGURO'),
(1736, 'PAGSEGURO_APP_KEY_PRODUCTION', '', 'PAGSEGURO'),
(1737, 'EAD_REGISTER', '0', 'EAD'),
(1738, 'EAD_HOTMART_EMAIL', '0', 'EAD'),
(1739, 'EAD_HOTMART_TOKEN', '0', 'EAD'),
(1740, 'EAD_HOTMART_NEGATIVATE', '0', 'EAD'),
(1741, 'EAD_HOTMART_LOG', '0', 'EAD'),
(1742, 'EAD_TASK_SUPPORT_DEFAULT', '1', 'EAD'),
(1743, 'EAD_TASK_SUPPORT_EMAIL', 'suporte@seusite.com.br', 'EAD'),
(1744, 'EAD_TASK_SUPPORT_MODERATE', '0', 'EAD'),
(1745, 'EAD_TASK_SUPPORT_STUDENT_RESPONSE', '0', 'EAD'),
(1746, 'EAD_TASK_SUPPORT_PENDING_REVIEW', '0', 'EAD'),
(1747, 'EAD_TASK_SUPPORT_REPLY_PUBLISH', '0', 'EAD'),
(1748, 'EAD_TASK_SUPPORT_LEVEL_DELETE', '10', 'EAD'),
(1749, 'EAD_STUDENT_CERTIFICATION', '1', 'EAD'),
(1750, 'EAD_STUDENT_MULTIPLE_LOGIN', '1', 'EAD'),
(1751, 'EAD_STUDENT_MULTIPLE_LOGIN_BLOCK', '0', 'EAD'),
(1752, 'EAD_STUDENT_CLASS_PERCENT', '100', 'EAD'),
(1753, 'EAD_STUDENT_CLASS_AUTO_CHECK', '0', 'EAD'),
(1754, 'AGENCY_CONTACT', '', 'AGENCY'),
(1755, 'AGENCY_EMAIL', '', 'AGENCY'),
(1756, 'AGENCY_PHONE', '', 'AGENCY'),
(1757, 'AGENCY_URL', '', 'AGENCY'),
(1758, 'AGENCY_NAME', '', 'AGENCY'),
(1759, 'AGENCY_ADDR', '', 'AGENCY'),
(1760, 'AGENCY_CITY', '', 'AGENCY'),
(1761, 'AGENCY_UF', '', 'AGENCY'),
(1762, 'AGENCY_ZIP', '', 'AGENCY'),
(1763, 'AGENCY_COUNTRY', '', 'AGENCY'),
(1764, 'SITE_NAME', 'Jornal do TI', 'SITE'),
(1765, 'SITE_SUBNAME', 'Grupo LEF', 'SITE'),
(1766, 'SITE_DESC', 'Revestindo o caminho para o futuro!', 'SITE'),
(1767, 'SITE_FONT_NAME', 'Open Sans', 'SITE'),
(1768, 'SITE_FONT_WHIGHT', '300,400,600,700,800', 'SITE'),
(1769, 'SITE_ADDR_NAME', 'Grupo LEF', 'SITE_ADDR'),
(1770, 'SITE_ADDR_RS', 'LEF Pisos e Revestimentos LTDA', 'SITE_ADDR'),
(1771, 'SITE_ADDR_EMAIL', 'informatica@lef.com.br', 'SITE_ADDR'),
(1772, 'SITE_ADDR_SITE', 'www.grupolef.com.br', 'SITE_ADDR'),
(1773, 'SITE_ADDR_CNPJ', '74.423.880/0001-45', 'SITE_ADDR'),
(1774, 'SITE_ADDR_IE', '', 'SITE_ADDR'),
(1775, 'SITE_ADDR_PHONE_A', '(19) 3429-7000', 'SITE_ADDR'),
(1776, 'SITE_ADDR_PHONE_B', '', 'SITE_ADDR'),
(1777, 'SITE_ADDR_ADDR', 'Rod. Fausto Santomauro, KM 25', 'SITE_ADDR'),
(1778, 'SITE_ADDR_CITY', 'Piracicaba', 'SITE_ADDR'),
(1779, 'SITE_ADDR_DISTRICT', 'Cruz Caiada', 'SITE_ADDR'),
(1780, 'SITE_ADDR_UF', 'SP', 'SITE_ADDR'),
(1781, 'SITE_ADDR_ZIP', '13412-000', 'SITE_ADDR'),
(1782, 'SITE_ADDR_COUNTRY', 'Brasil', 'SITE_ADDR'),
(1783, 'SITE_SOCIAL_NAME', '', 'SOCIAL'),
(1784, 'SITE_SOCIAL_GOOGLE', '0', 'SOCIAL'),
(1785, 'SITE_SOCIAL_GOOGLE_AUTHOR', '', 'SOCIAL'),
(1786, 'SITE_SOCIAL_GOOGLE_PAGE', '', 'SOCIAL'),
(1787, 'SITE_SOCIAL_FB', '1', 'SOCIAL'),
(1788, 'SITE_SOCIAL_FB_APP', '0', 'SOCIAL'),
(1789, 'SITE_SOCIAL_FB_AUTHOR', '', 'SOCIAL'),
(1790, 'SITE_SOCIAL_FB_PAGE', '', 'SOCIAL'),
(1791, 'SITE_SOCIAL_TWITTER', '', 'SOCIAL'),
(1792, 'SITE_SOCIAL_YOUTUBE', '', 'SOCIAL'),
(1793, 'SITE_SOCIAL_INSTAGRAM', '', 'SOCIAL'),
(1794, 'SITE_SOCIAL_SNAPCHAT', '', 'SOCIAL');

-- --------------------------------------------------------

--
-- Estrutura da tabela `ws_orders`
--

CREATE TABLE `ws_orders` (
  `user_id` int(11) UNSIGNED DEFAULT NULL,
  `order_id` int(11) UNSIGNED NOT NULL,
  `order_status` int(11) NOT NULL DEFAULT '0',
  `order_payment` int(11) NOT NULL DEFAULT '1',
  `order_price` decimal(11,2) NOT NULL DEFAULT '0.00',
  `order_installments` decimal(10,0) DEFAULT NULL,
  `order_installment` decimal(11,2) DEFAULT NULL,
  `order_coupon` decimal(11,0) DEFAULT NULL,
  `order_free` decimal(11,2) DEFAULT NULL,
  `order_billet` varchar(255) DEFAULT NULL,
  `order_code` varchar(255) DEFAULT NULL,
  `order_addr` int(11) DEFAULT NULL,
  `order_shipcode` int(11) DEFAULT NULL,
  `order_shipprice` decimal(11,2) DEFAULT NULL,
  `order_shipment` date DEFAULT NULL,
  `order_tracking` varchar(255) DEFAULT NULL,
  `order_nfepdf` varchar(255) DEFAULT NULL,
  `order_nfexml` varchar(255) DEFAULT NULL,
  `order_date` timestamp NULL DEFAULT NULL,
  `order_update` timestamp NULL DEFAULT NULL,
  `order_mail_processing` int(11) DEFAULT NULL,
  `order_mail_completed` int(11) DEFAULT NULL
) ENGINE=InnoDB DEFAULT CHARSET=utf8;

-- --------------------------------------------------------

--
-- Estrutura da tabela `ws_orders_items`
--

CREATE TABLE `ws_orders_items` (
  `order_id` int(11) UNSIGNED NOT NULL,
  `pdt_id` int(11) DEFAULT NULL,
  `stock_id` int(11) DEFAULT NULL,
  `item_id` int(11) UNSIGNED NOT NULL,
  `item_name` varchar(255) DEFAULT NULL,
  `item_price` decimal(11,2) DEFAULT NULL,
  `item_amount` decimal(11,0) DEFAULT '1'
) ENGINE=InnoDB DEFAULT CHARSET=utf8;

-- --------------------------------------------------------

--
-- Estrutura da tabela `ws_pages`
--

CREATE TABLE `ws_pages` (
  `page_id` int(11) UNSIGNED NOT NULL,
  `page_title` varchar(255) DEFAULT NULL,
  `page_subtitle` varchar(255) DEFAULT NULL,
  `page_name` varchar(255) DEFAULT NULL,
  `page_content` text,
  `page_date` timestamp NULL DEFAULT NULL,
  `page_revision` timestamp NULL DEFAULT NULL ON UPDATE CURRENT_TIMESTAMP,
  `page_order` int(11) DEFAULT NULL,
  `page_status` int(11) NOT NULL DEFAULT '0',
  `page_cover` varchar(255) DEFAULT NULL
) ENGINE=InnoDB DEFAULT CHARSET=utf8;

-- --------------------------------------------------------

--
-- Estrutura da tabela `ws_pages_images`
--

CREATE TABLE `ws_pages_images` (
  `page_id` int(11) UNSIGNED NOT NULL,
  `id` int(11) UNSIGNED NOT NULL,
  `image` varchar(255) DEFAULT NULL
) ENGINE=InnoDB DEFAULT CHARSET=utf8;

-- --------------------------------------------------------

--
-- Estrutura da tabela `ws_posts`
--

CREATE TABLE `ws_posts` (
  `post_id` int(11) UNSIGNED NOT NULL,
  `post_name` varchar(255) NOT NULL DEFAULT '',
  `post_title` varchar(255) DEFAULT NULL,
  `post_subtitle` text,
  `post_content` longtext,
  `post_cover` varchar(255) DEFAULT NULL,
  `post_video` varchar(255) DEFAULT NULL,
  `post_date` timestamp NULL DEFAULT NULL,
  `post_author` int(11) UNSIGNED DEFAULT NULL,
  `post_category` int(11) DEFAULT NULL,
  `post_category_parent` varchar(255) DEFAULT NULL,
  `post_views` decimal(10,0) DEFAULT '0',
  `post_lastview` timestamp NULL DEFAULT NULL,
  `post_status` int(11) NOT NULL DEFAULT '0',
  `post_type` varchar(255) DEFAULT NULL,
  `post_instant_article` int(11) DEFAULT NULL,
  `post_amp` int(11) DEFAULT NULL,
  `post_tags` varchar(255) DEFAULT NULL
) ENGINE=InnoDB DEFAULT CHARSET=utf8;

--
-- Extraindo dados da tabela `ws_posts`
--

INSERT INTO `ws_posts` (`post_id`, `post_name`, `post_title`, `post_subtitle`, `post_content`, `post_cover`, `post_video`, `post_date`, `post_author`, `post_category`, `post_category_parent`, `post_views`, `post_lastview`, `post_status`, `post_type`, `post_instant_article`, `post_amp`, `post_tags`) VALUES
(2, 'dss-aplicado-na-semana-de-08-a-14-de-agosto-16', 'DSS aplicado na semana de 08 a 14 de Agosto/16', 'DSS aplicado na semana de 08 a 14 de Agosto/16', '<p><em>Tema: Disciplina é a ponte entre metas e realizações.</em></p>\r\n<p><img title="DSS aplicado na semana de 08 a 14 de Agosto/16" src="http://192.168.10.240:82/jornal-ti/uploads/images/2016/08/2-1470768086.jpg" alt="DSS aplicado na semana de 08 a 14 de Agosto/16" /></p>', 'images/2016/08/dss-aplicado-na-semana-de-08-a-14-de-agosto-16-1471265045.png', '', '2016-08-09 17:07:00', NULL, 5, '', '35', '2017-08-17 16:26:53', 1, 'post', NULL, NULL, NULL),
(3, 'implante-cerebral-podera-devolver-visao-e-audicao', 'Implante cerebral poderá devolver visão e audição', 'Implante cerebral poderá devolver visão e audição', '<p>A Darpa, divisão de pesquisas de tecnologias de defesa do exército dos Estados Unidos, anunciou nesta semana um projeto que visa a criação de um implante que permitirá que o cérebro se comunique com máquinas, algo como uma telepatia entre humanos e computadores.</p>\r\n<p>Chamado NESD (Neural Engineering System Design), o dispositivo teria o tamanho aproximado de um dado e teria também aplicações para a saúde. Por exemplo, a integração do cérebro com máquinas em tempo real pode ajudar a criar melhores soluções compensatórias para pessoas com problemas de visão e audição.</p>\r\n<p>O NESD poderia transmitir informações como áudio e vídeo – este último chegaria em uma resolução mais alta do que a encontrada em televisores com telas 4K disponíveis no mercado atualmente. </p>\r\n<p>Como indica o <em>The Next Web</em>, há uma série de aplicações possíveis para um implante como este que a Darpa trabalha para viabilizar. Daria para fazer pesquisas instantâneas no Google, conversar com amigos ou mesmo receber orientações para chegar a um determinado destino.</p>\r\n<p>Nos próximos quatro anos, a Darpa vai investir 60 milhões de dólares no projeto NESD.</p>\r\n<p>As interfaces neurais que existem hoje tentam enviar uma série de informações por meio de 100 canais, cada um reunindo dezenas de milhares de neurônios por vez. O projeto da Darpa se propõe a ser mais organizado e a gerar menos ruído na comunicação. A ideia é que o implante possa trocar dados de forma clara e individual com qualquer neurônio – porém, com limite de 1 milhão – em uma determina área do cérebro humano.</p>\r\n<p>No entanto, para que esse implante neural seja viável, a Darpa deixa claro que serão necessárias algumas descobertas em diversas disciplinas, como neurociência, biologia sintética, sistemas de engenharia, eletrônicos de baixo consumo e provas clínicas. </p>\r\n<p>Por conta disso, o órgão não estabelece uma data para que essa interface homem-máquina seja criada. Por outro lado, diversos especialistas nesses campos serão contratados para trabalhar no projeto, que pode ajudar a criar soldados conectados, bem como oferecer soluções melhores para problemas auditivos e visuais de civis.</p>', 'images/2016/08/implante-cerebral-podera-devolver-visao-e-audicao-1470763119.jpg', '', '2016-08-09 17:17:00', NULL, 3, '', '9', '2017-10-16 12:27:55', 1, 'post', NULL, NULL, NULL),
(5, 'imuseum-em-santa-catarina-abriga-raridades-fabricadas-pela-apple', 'iMuseum em Santa Catarina abriga raridades fabricadas pela Apple', 'iMuseum em Santa Catarina abriga raridades fabricadas pela Apple', '<p>Não é novidade que a Apple possui fãs espalhados por todo mundo, mas o que pouca gente sabe é que há museus dedicados à empresa da Maçã e um deles fica no Brasil, mais precisamente em Blumenau, Santa Catarina. No iMuseum, que tem entrada gratuita, é possível apreciar de perto raridades como um Apple II Plus e um Mac G4, conhecido popularmente como Mac Abajur, que só foi fabricado por dois anos.</p>\r\n<p>iPhone e muito mais: os lançamentos da Apple que mudaram o mundo</p>\r\n<p>Inaugurado em novembro de 2014, o acervo do museu já possui 750 itens, dentre iPods, Macbooks, iPhones, impressoras, teclados e até uma das poucas câmeras fabricadas pela Apple. Henrique Bilbao, idealizador do projeto, comenta que tudo começou com uma coleção própria, até se tornar o que é hoje. “Eu coleciono computadores da Apple desde 2004. Minha paixão pela marca começou quando fui contratado para trabalhar na área de TI de uma empresa de design e, quando cheguei lá, 50% das máquinas eram Macintosh. Desde então, me apaixonei de cara com a facilidade da manutenção e acabei ficando com todas as máquinas que o dono da empresa queria jogar no lixo”.</p>\r\n<p> </p>\r\n<p><img title="Apple Lisa II, lançado em janeiro de 1984. Sua grande inovação era o leitor de disquete de 3,5’’, com 400 KB (Foto: Divulgação/HiMaker)" src="http://s2.glbimg.com/oLV5A1hMYY-nEs1y6CN9peZ1PZw=/0x0:4608x3071/695x463/s.glbimg.com/po/tt2/f/original/2016/02/24/apple_lisa_ii.jpg" alt="Apple Lisa II, lançado em janeiro de 1984. Sua grande inovação era o leitor de disquete de 3,5’’, com 400 KB (Foto: Divulgação/HiMaker)" /></p>\r\n<p><em>Apple Lisa II, lançado em janeiro de 1984. Sua grande inovação era o leitor de disquete de 3,5’’, com 400 KB</em></p>\r\n<p> </p>\r\n<p>A maioria dos aparelhos é proveniente de doações, alguns foram comprados por Henrique em eventos de colecionadores e outros já vieram de sua extinta coleção pessoal, que, segundo o programador, agora é coletiva. Quem associa a ideia de museu a velharias, está enganado. Os visitantes além de se depararem com computadores da década de 70 em pleno funcionamento, como o Apple II Plus; também encontrarão iPhone 6, MacBooks e outras lançamentos mais recentes da Apple.</p>\r\n<p>Henrique explica que o museu não foi idealizado para exibir apenas produtos antigos.</p>\r\n<blockquote>\r\n<p>“Eu acho importante registrar e mostrar tudo que já foi lançado pela Apple, por isso, sempre que recebo uma doação procuro saber da história daquele produto, se ele está funcionando. Nós temos um técnico que tenta recuperar os aparelhos quebrados. Nosso objetivo é que tudo no museu possa ser observado em funcionamento”, afirma.</p>\r\n</blockquote>\r\n<p> </p>\r\n<p><img title="Quicktake 100, lançada em 1994, uma das pouquíssimas câmeras fotográficas feitas pela Apple (Foto: Divulgação/HiMaker)" src="http://s2.glbimg.com/qe7UPG6r03Vt74UCQMtv-kW5Lls=/0x0:1958x1469/695x521/s.glbimg.com/po/tt2/f/original/2016/02/24/quicktake.jpg" alt="Quicktake 100, lançada em 1994, uma das pouquíssimas câmeras fotográficas feitas pela Apple (Foto: Divulgação/HiMaker)" /></p>\r\n<p><em>Quicktake 100, lançada em 1994, uma das pouquíssimas câmeras fotográficas feitas pela Apple</em></p>\r\n<p> </p>\r\n<p>O acervo não se limita a eletrônicos. Recentemente, Henrique realizou uma consultoria na Colômbia e lá recebeu como doação cinco pôsteres genuínos da lendária campanha da Maçã “Think Different”, de 1997, que marcou a publicidade. Há ainda revistas, “meias” para proteger  iPods, certificados, fotos, CDs e pôsteres diversos.</p>\r\n<p> </p>\r\n<p><img title="Diversos modelos de mouse já lançados pela maçã (Foto: Divulgação/HiMaker)" src="http://s2.glbimg.com/01y2GF-azK0Af2U8fbhvKeL4Tqs=/0x0:4608x3071/695x463/s.glbimg.com/po/tt2/f/original/2016/02/24/mouses_apple.jpg" alt="Diversos modelos de mouse já lançados pela maçã (Foto: Divulgação/HiMaker)" /></p>\r\n<p><em>Diversos modelos de mouse já lançados pela maçã</em></p>\r\n<p> </p>\r\n<p>Quem não puder ir à Blumenau conhecer de pertinho as raridades do iMuseum não precisa se desesperar, no site é possível fazer uma visita virtual, em 360º, e já é possível perceber quanta coisa legal tem por lá. Além disso, Henrique fez da plataforma virtual do museu seu cartão de visita e revela que a paixão pela Apple vai além dos eletrônicos. “No site, eu cataloguei todos os itens do acervo e aproveito sempre para reforçar a eficiência do FileMaker. É um projeto piloto do meu trabalho, eu sou especialista em FileMaker, sempre programei por lá.”</p>\r\n<p>FileMaker é uma plataforma para gerenciar banco de dados, que facilita a localização de arquivos e informações no sistema. O software, desenvolvido pela File Maker, uma subsidiária da Apple; funciona no Windows, Mac, iPod, iPad e na Web. </p>\r\n<p>Os próximos passos do iMuseum é se tornar um museu oficial e regulamentado, até o momento é apenas uma coleção pessoal. A HiMaker, empresa idealizadora e sede atual do projeto, já procura um local mais específico para sediar o acervo, que a cada mês ganha novos itens, segundo Henrique. “Desde que criamos o site, no ano passado, o número de doadores cresceu bastante. Agora temos uma média de uma doação por mês. ”</p>\r\n<p>Aqueles que desejarem fazer uma visita ao iMuseum, que fica na Rua 7 de Setembro,1213, Blumenau, deverão fazer um agendamento com antecedência, no site (http://imuseum.com.br/), onde também é possível sinalizar o interesse em doar algum produto. A exposição, que já passou por um grande shopping de Blumenau, recebeu outros convites e em breve deve percorrer outros locais da cidade. </p>', 'images/2016/08/imuseum-em-santa-catarina-abriga-raridades-fabricadas-pela-apple-1470763480.jpg', '', '2016-08-09 17:24:00', NULL, 1, '', '6', '2017-10-16 18:17:15', 1, 'post', NULL, NULL, NULL),
(6, 'china-tira-do-papel-onibus-que-anda-por-cima-dos-carros', 'China tira do papel ''ônibus'' que anda por cima dos carros', 'China tira do papel ''ônibus'' que anda por cima dos carros', '<p>Os engenheiros chineses tiraram do papel o sonho de muitos moradores de grandes (e congestionadas) cidades pelo mundo. Um ônibus que circula por cima dos carros.</p>\r\n<p>Segundo o canal russo RT, os chineses tiraram do papel um ambicioso projeto de um ônibus elevado que foi apresentado ao público nesta terça-feira (2) em Qinhuangdao.</p>\r\n<p>O veículo é movido a energia elétrica e solar, geradas por painéis instalados em seu teto. Desenhado para otimizar o espaço nas rodoviais, o "ônibus" mede 22 metros de comprimento e 8 metros de largura. Ainda de acordo com o Tech Times, o interior do veículo se assemelha a o de um metrô e comporta cerca de 300 pessoas.</p>\r\n<p>Após a fase de testes, quando for de fato lançado, o veículo vai circular em uma velocidade de cerca de 60 quilômetros por hora, vai custar um quinto do preço de uma linha de metrô e levará um ano para ser implementado.</p>', 'images/2016/08/china-tira-do-papel-onibus-que-anda-por-cima-dos-carros-1470769558.jpg', '', '2016-08-09 19:05:00', NULL, 1, '', '15', '2017-10-16 18:11:17', 1, 'post', NULL, NULL, NULL),
(7, 'sensor-que-pode-ser-implantado-no-corpo-tem-o-tamanho-de-um-grao-de-areia', 'Sensor que pode ser implantado no corpo tem o tamanho de um grão de areia', 'Sensor que pode ser implantado no corpo tem o tamanho de um grão de areia', '<p>A maioria das pessoas talvez não esteja preparada para implantes corporais transhumanistas, mas um estudo recente da Universidade da Califórnia em Berkley, nos EUA, diz que esse futuro está mais próximo do que pensávamos.</p>\r\n<p>Engenheiros da universidade desenvolveram um pequeno transplante sensorial com o tamanho de um grão de areia que foi implantado com sucesso nos músculos e nervos periféricos de ratos. A "poeira neural" permite que usuários monitorem sinais vitais em tempo real, e pode abrir as portas para implantes semelhantes que ajudem pessoas a monitorar neurologicamente itens como próteses. Os resultados foram publicados na Neuron.</p>\r\n<p>De acordo com os pesquisadores, o sensor - que tem cerca de 3 milímetros de comprimento - contém um cristal piezoelétrico, que converte vibrações ultrassom em eletricidade e dá energia ao implante. Os sensores são energizados a cada 100 microssegundos com pulsos ultrassônicos, fornecendo aos pesquisadores resultados em tempo real. O ultrassom foi escolhido porque pode ser usado em "implantes muito, muito pequenos." Ondas de rádio, em contraste, só são legíveis com doses altas de radiação.</p>\r\n<p>"Ter acesso à telemetria intracorporal nunca foi possível antes porque nunca houve uma forma de colocar uma coisa tão pequena dentro do corpo. Mas agora podemos pegar um pedaço de nada e colocar próximo a um nervo ou órgão, e ler os dados depois," disse Michael Maharbiz, um dos autores do estudo.</p>\r\n<p>Além disso, o sensor é revestido com epóxi hospitalar, e os cientistas imaginam que as próximas gerações possam durar décadas dentro do corpo.</p>\r\n<p style="padding-left: 30px;">"Se um paraplégico quiser controlar um computador ou um braço robótico, ele só precisará implantar esse eletrodo no cérebro, que durará a vida inteira," disse Ryan Neely, um estudante de neurociência na Universidade da Califórnia em Berkeley.</p>\r\n<p>No futuro, os pesquisadores esperam encolher o implante ainda mais. De acordo com o Independent, eles esperam atingir tamanhos de cerca de 5 mícrons, o que permitiria uso no cérebro.</p>', 'images/2016/08/sensor-que-pode-ser-implantado-no-corpo-tem-o-tamanho-de-um-grao-de-areia-1470769852.jpg', '', '2016-08-09 19:10:00', NULL, 3, '', '12', '2018-05-10 16:43:37', 1, 'post', NULL, NULL, NULL),
(8, 'falha-de-seguranca-no-android-pode-afetar-900-milhoes-de-celulares', 'Falha de segurança no Android pode afetar 900 milhões de celulares', 'Falha de segurança no Android pode afetar 900 milhões de celulares', '<p>Falhas graves de segurança que poderiam dar acesso completo aos dados dos telefones foram identificadas em um software presente em milhões de aparelhos que usam o sistema operacional Android.</p>\r\n<p>As falhas foram apontadas por pesquisadores da empresa de segurança Checkpoint, que analisaram software que rodam em chips da empresa americana Qualcomm.</p>\r\n<p>Processadores da Qualcomm estão presentes em cerca de 900 milhões de celulares Android, segundo a fabricante.</p>\r\n<p>Não há até o momento, contudo, evidências de que essas vulnerabilidades estejam sendo exploradas em ataques criminosos.</p>\r\n<p>"Tenho certeza que essas vulnerabilidades estarão sendo exploradas nos próximos três a quatro meses", disse Michael Shaulov, da Checkpoint. "É sempre uma corrida para quem encontrar o bug primeiro, os caras bons ou maus."</p>\r\n<p><strong>Os aparelhos afetados incluem:</strong></p>\r\n<p>- BlackBerry Priv</p>\r\n<p>- Blackphone 1 e Blackphone 2</p>\r\n<p>- Google Nexus 5X, Nexus 6 e Nexus 6P</p>\r\n<p>- HTC One, HTC M9 e HTC 10</p>\r\n<p>- LG G4, LG G5 e LG V10</p>\r\n<p>- New Moto X da Motorola</p>\r\n<p>- OnePlus One, OnePlus 2 e OnePlus 3</p>\r\n<p>- Versões americanas do Samsung Galaxy S7 e Samsung S7 Edge</p>\r\n<p>- Sony Xperia Z Ultra</p>\r\n<p>Shaulov disse que os problemas foram identificados após seis meses de trabalho. </p>\r\n<p>As falhas apareceram no software que gerencia gráficos e em códigos que controlam a comunicação entre diferentes processos de um telefone.</p>\r\n<p>Explorar as falhas possibilitaria que alguém mal-intencionado obtivesse gradualmente mais controle sobre um aparelho, acessando seus dados.</p>\r\n<p><span class="storyimage smallfullwidth inlineimage" data-aop="image"><span class="image" data-attrib="Fornecido por BBC" data-caption="As falhas podem ser usadas para criar ''aplicativos-armadilha'' que rapidamente conseguem acessar os dados de um telefone" data-id="55" data-m="{&quot;i&quot;:55,&quot;p&quot;:51,&quot;n&quot;:&quot;openModal&quot;,&quot;t&quot;:&quot;articleImages&quot;,&quot;o&quot;:4}"><img class=" loaded" src="http://img-s-msn-com.akamaized.net/tenant/amp/entityid/BBvnUZ6.img?h=360&amp;w=640&amp;m=6&amp;q=60&amp;o=f&amp;l=f" alt="Android: As falhas podem ser usadas para criar ''aplicativos-armadilha'' que rapidamente conseguem acessar os dados de um telefone" width="640" data-src="{&quot;default&quot;:{&quot;load&quot;:&quot;default&quot;,&quot;w&quot;:&quot;64&quot;,&quot;h&quot;:&quot;36&quot;,&quot;src&quot;:&quot;//img-s-msn-com.akamaized.net/tenant/amp/entityid/BBvnUZ6.img?h=360&amp;w=640&amp;m=6&amp;q=60&amp;o=f&amp;l=f&quot;},&quot;size3column&quot;:{&quot;load&quot;:&quot;default&quot;,&quot;w&quot;:&quot;62&quot;,&quot;h&quot;:&quot;35&quot;,&quot;src&quot;:&quot;//img-s-msn-com.akamaized.net/tenant/amp/entityid/BBvnUZ6.img?h=351&amp;w=624&amp;m=6&amp;q=60&amp;o=f&amp;l=f&quot;},&quot;size2column&quot;:{&quot;load&quot;:&quot;default&quot;,&quot;w&quot;:&quot;62&quot;,&quot;h&quot;:&quot;35&quot;,&quot;src&quot;:&quot;//img-s-msn-com.akamaized.net/tenant/amp/entityid/BBvnUZ6.img?h=351&amp;w=624&amp;m=6&amp;q=60&amp;o=f&amp;l=f&quot;}}" /></span></span></p>\r\n<p> </p>\r\n<p>A Checkpoint forneceu dados sobre os bugs para a Qualcomm ainda neste ano.</p>\r\n<p>Em resposta, a Qualcomm teria criado atualizações para tentar resolver os problemas e começado a usar essas novas versões nas fábricas.</p>\r\n<p>Também distribuiu as atualizações para fabricantes de telefones e operadoras. Não está claro, porém, quais empresas efetivamente lançaram as atualizações para os telefones dos clientes.</p>\r\n<p>A Checkpoint criou um aplicativo gratuito chamado QuadRooter Scanner que pode ser usado para verificar se um telefone está vulnerável a algumas dessas falhas checando se soluções disponíveis foram baixadas e instaladas.</p>\r\n<p>Além disso, Shaulov disse que donos de telefones Android devem apenas baixar aplicativos da loja oficial Google Play, para evitar armadilhas de programas maliciosos.</p>\r\n<p>"As pessoas devem acionar quem vendeu os telefones, operadora ou fabricante, e implorar pelas atualizações", afirmou.</p>\r\n<p>Procurada, a Qualcomm não havia se manifestado até a publicação desta reportagem.</p>', 'images/2016/08/falha-de-seguranca-no-android-pode-afetar-900-milhoes-de-celulares-1470770321.jpg', '', '2016-08-09 19:18:00', NULL, 2, '', '12', '2017-12-01 13:06:49', 1, 'post', NULL, NULL, NULL),
(11, 'neuronio-artificial-criado-pela-ibm-pode-dar-cerebro-aos-computadores', 'Neurônio artificial criado pela IBM pode dar ''cérebro'' aos computadores', 'Neurônio artificial criado pela IBM pode dar ''cérebro'' aos computadores', '<p>Pesquisadores da IBM conseguiram desenvolver um neurônio artificial que usa materiais convencionais da eletrônica e pode abrir o caminho para o desenvolvimento de computadores. A tecnologia funciona com componentes capazes de simular a forma pela qual o cérebro humano trabalha.</p>\r\n<p>O laboratório da IBM construiu uma rede de 500 desses neurônios artificiais para estudar a operação do componente na transferência de dados, similar ao funcionamento do nosso cérebro. O projeto chama a atenção pelo uso de materiais conhecidos e por oferecer um design que pode permitir a instalação em massa, copiando a característica do cérebro de baixo consumo de energia.</p>\r\n<p>Não é a primeira vez que componentes eletrônicos inspirados pelo nosso cérebro são construídos, mas é a primeira situação em que os neurônios artificiais foram desenvolvidos a partir de materiais bem conhecidos. </p>\r\n<p>A IBM usou um composto feito de germânio, usado em mídias como CDs e DVDs, e que por ser conhecido e acessível, pode permitir a fabricação em massa e, o mais importante, em unidades miniaturizadas do neurônio artificial.</p>\r\n<p>Essa característica significa que o projeto da IBM pode ser adaptado para ocupar o espaço dos transistores, componentes que podem ser entendidos como os “neurônios” presentes num processador.</p>\r\n<p>Em princípio, os neurônios funcionam de forma similar aos transistores usados atualmente. Entretanto, a criação dos técnicos da empresa têm uma diferença fundamental: há um elemento de aleatoriedade embutido em cada neurônio artificial, capaz de fazer com que eles funcionem de forma imprevisível – assim como nossos neurônios. Isso significa que, em uma boa parte dos casos, o resultado de uma operação submetida à rede de neurônios da IBM não pode ser previsto. Se o sistema fosse composto de processadores e transistores normais, todos os resultados teriam que ser sempre os mesmos.</p>\r\n<p>Essa característica, somada ao fato de que o design é escalável (pode ser fabricado e montado em massa, como no cérebro) e consome pouca energia, torna o projeto como base viável para o desenvolvimento de um cérebro artificial que opere de forma similar ao humano. Uma máquina desse tipo teria aplicações interessantes em sistemas que usem redes neurais, deep learning, além de óbvias aplicações no estudo e desenvolvimento de interfaces entre cérebro humano, máquinas e próteses.</p>', 'images/2016/08/neuronio-artificial-criado-pela-ibm-pode-dar-cerebro-aos-computadores-1470836813.png', '', '2016-08-10 13:46:00', NULL, 3, '', '6', '2017-11-14 16:40:35', 1, 'post', NULL, NULL, NULL),
(12, 'xo-dengue-lg-lanca-tv-que-espanta-mosquitos', 'Xô, dengue! LG lança TV que espanta mosquitos', 'Xô, dengue! LG lança TV que espanta mosquitos', '<p>A LG acaba de lançar a Mosquito Away TV, uma televisão que além de entreter, tem a função de afastar os mosquitos. O aparelho é equipado com um dispositivo que emite ultrassom, que, de acordo com a empresa, faz com o inseto se mantenha distante.</p>\r\n<p>A TV não usa qualquer produto químico, nem requer o uso de refis ou algum tipo de manutenção. Para que sua função repelente comece a funcionar, não é necessário ligar o televisor. Segundo a companhia, a tecnologia segue todas as normas exigidas por organizações globais e foi testada pelo Instituto Internacional de Biotecnologia e Toxologia (IIBAT, sigla em inglês).</p>\r\n<p>A LG Mosquito Away TV está à venda apenas na Índia, cuja a população, assim como a brasileira, enfrenta diversas doenças devido a picada de mosquitos, como dengue, chikungunya e malária. O modelo com tela de 80 cm sai por US$ 403,00 (cerca de R$ 1.357,00) e o de 108 cm custa US$ 712,00 (aproximadamente R$ 2.399,00).</p>\r\n<p>Esse não é o primeiro aparelho da marca com a função “espanta mosquito”. A empresa já contava em seu portfólio com o Mosquito Away 2HP, um modelo de ar-condicionado equipado com a mesma tecnologia de ultrassom, vendido na Índia e na Indonésia.</p>\r\n<p>Apesar da aposta da LG, estudos indicam que o recursos não seria eficaz para prevenir picadas do inseto. A fabricante rebate alegando que testes feitos com seu ar-condicionado revelaram que o equipamento deteve 64% dos mosquitos fêmeas transmissores da malária em um período de 24 horas. Especialistas, no entanto, afirmam que o ar-condicionado por si só tende a combater esses insetos mesmo sem qualquer recurso adicional.</p>', 'images/2016/08/xo-dengue-lg-lanca-tv-que-espanta-mosquitos-1470838079.jpg', '', '2016-08-10 14:06:00', NULL, 3, '', '20', '2018-06-28 13:58:31', 1, 'post', NULL, NULL, NULL),
(16, 'anonymous-ataca-novamente-e-tira-do-ar-site-do-governo-do-rio-de-janeiro', 'Anonymous ataca novamente e tira do ar site do governo do Rio de Janeiro', 'Anonymous ataca novamente e tira do ar site do governo do Rio de Janeiro', '<p>A operação "OpOlympicHacking", do grupo de ativistas virtuais Anonymous, começou de forma oficial nesta segunda-feira. Os hackers tiraram do ar o site do governo do Rio de Janeiro (<a href="http://www.rj.gov.br" target="_blank">www.rj.gov.br</a>) e vazaram o banco de dados da página nas redes sociais.</p>\r\n<p>O grupo já havia confirmado o início dos ataques pelas redes sociais contra instituições ligadas à competição. Os ativistas também tentaram retirar do ar o site oficial do evento, mas ele permanece online.</p>\r\n<p>Agora, o site do governo estadual do Rio de Janeiro permanece fora do ar e as informações contidas no banco de dados da página foram expostos nas mídias sociais. É possível descobrir o endereço de alguns e-mails de funcionários do Centro de Tecnologia da Informação e Comunicação do Estado do Rio de Janeiro (Proderj), e do Comitê Paralímpico Brasileiro (CPB).</p>\r\n<p>O motivo do ataque deve-se ao fato de que, na visão do Anonymous, o evento vende uma falsa felicidade e um falso sentimento de patriotismo. O grupo também critica a verba gasta com as Olímpiadas afirmando que o dinheiro poderia ser melhor aproveitado em saúde e educação.</p>', 'images/2016/08/anonymous-ataca-novamente-e-tira-do-ar-site-do-governo-do-rio-de-janeiro-1471001417.jpg', '', '2016-08-12 11:29:00', NULL, 1, '', '4', '2018-04-13 12:39:29', 1, 'post', NULL, NULL, NULL),
(17, 'entenda-por-que-voce-nao-deve-trocar-sua-senha-periodicamente', 'Entenda por que você não deve trocar sua senha periodicamente', 'Entenda por que você não deve trocar sua senha periodicamente', '<p>Uma das medidas de segurança mais conhecidas quando se trata de senhas está completamente errada, de acordo com a tecnóloga-chefe da FCC, Comissão Federal de Comércio dos Estados Unidos. Nesta semana, durante uma conferência em Las Vegas, ela afirmou que alterar a senha de tempos em tempos não a torna mais segura.</p>\r\n<p>Lorrie Cranor explica que, apesar de muita gente acreditar que a alteração de senhas periodicamente pode evitar que criminosos ou pessoas mal intencionadas a descubram, a obrigatoriedade pode acabar deixando o trabalho dos hackers mais fácil, já que a maior parte das pessoas acaba usando a palavra-chave antiga, com pequenas alterações.</p>\r\n<p>Chamadas de "transformações", as pequenas mudanças podem adicionar letras, trocar maiúsculas por minúsculas ou adicionar números à senha antiga. Infelizmente, os hackers estão tão cientes disso quanto os pesquisadores.</p>\r\n<p>Isso não significa que nunca é uma boa ideia mudar a senha. Se ela faz parte de um serviço uma grande brecha de segurança, como a do LinkedIn, por exemplo, é aconselhável alterá-la.</p>', 'images/2016/08/entenda-por-que-voce-nao-deve-trocar-sua-senha-periodicamente-1471003091.jpg', '', '2016-08-12 11:31:00', NULL, 1, '', '9', '2018-04-13 12:39:48', 1, 'post', NULL, NULL, NULL),
(18, 'saiba-qual-e-a-internet-mais-barata-do-brasil', 'Saiba qual é a internet mais barata do Brasil', 'Saiba qual é a internet mais barata do Brasil', '<p>Um ranking divulgado pela Agência Nacional de Telecomunicações (Anatel) mostra qual a internet mais barata do Brasil em uma comparação que mede o valor médio cobrado por Mbps oferecido. A TIM foi a empresa que liderou a lista cobrando R$ 2,04 para cada 1 Mbps fornecido de velocidade.</p>\r\n<p>A vice-líder é a NET, com R$ 2,26 cada Mbps, seguida pela GVT que cobra R$ 2,73. Em quarto lugar há um grande salto de preço e está a Telefônica que cobra R$ 9,36 por 1 Mbps. A Oi completa a lista na quinta colocação cobrando R$ 10,27 por 1 Mbps.</p>\r\n<p>Vale destacar também que o valor médio nacional pelo Mbps caiu bastante desde 2010. Seis anos atrás ele era oferecido por uma média R$ 21,18, contra R$ 5,98 atualmente. A redução foi de 71,7%.</p>\r\n<p>Se você pretende mudar seu plano, além do preço, é importante também ficar de olho na qualidade do serviço que pretende contratar. Para isso, o ranking mensal divulgado pela Netflix mostra qual operadora oferece a conexão com a internet.</p>', 'images/2016/08/saiba-qual-e-a-internet-mais-barata-do-brasil-1471003031.jpg', '', '2016-08-12 11:55:00', NULL, 1, '', '7', '2016-10-28 14:53:51', 1, 'post', NULL, NULL, NULL),
(19, 'um-hacker-criou-um-app-para-entrar-nas-salas-vip-de-aeroporto', 'Um hacker criou um app para entrar nas salas VIP de aeroporto', 'Um hacker criou um app para entrar nas salas VIP de aeroporto', '<p>É bem chato ficar esperando pelo embarque de um voo no aeroporto: às vezes têm um monte de gente, a comida é cara e não há tomadas disponíveis para carregar o smartphone dos passageiros. Porém, existe uma possibilidade de ficar na sala VIP de um aeroporto, mesmo sem uma passagem de primeira classe ou executiva: você só precisa de um app para Android que gera QR Codes de tíquetes modificados.<br /><br />Przemek Jaroszewski é o chefe da equipe de resposta emergencial de computação da Polônia e também um passageiro frequente com status gold. Quando ele não conseguia acessar a sala VIP do aeroporto de Varsóvia, capital da Polônia, por causa de um erro com o leitor de tíquetes aéreos, ele criou um app simples para Android que gera um QR code válido baseado em credenciais falsas que ele insere.</p>\r\n<p>Para ter acesso às salas VIPs de vários aeroportos da Europa, onde Jaroszewski já testou sua criação várias vezes, tudo que ele precisou fazer foi um QR code com um nome falso, o número de seu voo, seu destino e a classe — que sempre tinha de ser alguma acima da econômica.<br /><br />O truque funciona, pois os leitores de tíquetes das salas VIP não fazem verificação cruzada da informação disponibilizada pelo QR code falso com a de um tíquete real. A única coisa que ele faz é confirmar se o voo é real. É uma falha de segurança evidente que não só permite acesso às salas VIP, mas também permitem que alguém consiga fazer compras isentas de taxas sem atribuir o valor ao seu tíquete aéreo.<br /><br />O app, que Jaroszewski disse que não vai lançar publicamente, não significa que qualquer pessoa que estiver na rua com o app poderá entrar na sala VIP para comer ou tomar um banho, pois é necessário ter uma passagem para entrar no área de embarque e, em alguns lugares, é necessário passar no guichê da operadora do voo, onde são verificados dados do voo e sua identidade com um documento de foto. No fim das contas, ter um app desse significa que você poderá ficar mais confortável esperando pelo seu voo.</p>', 'images/2016/08/um-hacker-criou-um-app-para-entrar-nas-salas-vip-de-aeroporto-1471009251.jpg', '', '2016-08-12 13:40:00', NULL, 2, '', '12', '2017-10-16 18:00:26', 1, 'post', NULL, NULL, NULL),
(20, 'dss-aplicado-na-semana-de-15-a-21-de-agosto-16', 'DSS aplicado na semana de 15 a 21 de Agosto/16', 'DSS aplicado na semana de 15 a 21 de Agosto/16', '<p><em>Tema: Ato inseguro e condição insegura. Será que damos a devida importância?</em></p>\r\n<p> </p>\r\n<p><em><img title="DSS aplicado na semana de 15 a 21 de Agosto/16" src="http://192.168.10.240:82/jornal-ti/uploads/images/2016/08/20-1471263001.jpg" alt="DSS aplicado na semana de 15 a 21 de Agosto/16" /></em></p>', 'images/2016/08/dss-aplicado-na-semana-de-15-a-21-de-agosto-16-1471264985.png', '', '2016-08-15 12:08:00', NULL, 5, '', '6', '2016-08-22 10:58:49', 1, 'post', NULL, NULL, NULL),
(21, 'o-que-pode-ou-nao-ser-reciclado', 'O que pode ou não ser reciclado?', 'O que pode ou não ser reciclado?', '<p>Hoje em dia é comum ver pessoas e organizações realizando a coleta seletiva. Apesar de suas boas intenções, muitos materiais não recicláveis acabam indo para o lugar errado e atrapalham o trabalhado dos recicladores. Para evitar esse problema, saiba o que pode e o que não pode ser reciclado!</p>\r\n<p><strong>Papel</strong></p>\r\n<p><em>Servem para reciclagem:</em></p>\r\n<p>• papéis de escrever- cadernos, papéis de escritório em geral; <br />• papéis de impressão - jornais, revistas; <br />• papéis de embalagem - papéis de embrulho em geral, papel de seda, etc.; <br />• cartões e cartolinas - caixas de papelão e cartolinas em geral; <br />• papéis especiais - papel kraft, papel heliográfico, papel filtrante, papel de desenho.</p>\r\n<p><em>Não servem para reciclagem:</em></p>\r\n<p>• papel vegetal; <br />• papel celofane, <br />• papéis encerados ou impregnados com substâncias impermeáveis; <br />• papel-carbono; <br />• papéis sanitários usados; <br />• papéis sujos, engordurados ou contaminados com alguma substância nociva à saúde; <br />• papéis revestidos com algum tipo de parafina ou silicone; <br />• fotografias; <br />• fitas adesivas e etiquetas adesivas.</p>\r\n<p><strong>Plásticos</strong></p>\r\n<p><em>Servem para reciclagem:</em></p>\r\n<p>• todos os tipos de embalagens de xampus, detergentes, refrigerantes e outros produtos domésticos; <br />• tampas plásticas de recipientes de outros materiais; <br />• embalagens de plástico de ovos, frutas e legumes; <br />• utensílios plásticos usados, como canetas esferográficas, escovas de dentes, baldes, artigos de cozinha, etc.</p>\r\n<p><em>Não servem para reciclagem:</em></p>\r\n<p>• plásticos (tecnicamente conhecidos como termofixos), usados na indústria eletro-eletrônica e na produção de alguns computadores, telefones e eletrodomésticos; <br />• plásticos tipo celofane;<br />• embalagens plásticas metalizadas, por exemplo, de alguns salgadinhos;<br />• isopor.</p>\r\n<p><strong>Vidro</strong></p>\r\n<p><em>Servem para reciclagem:</em></p>\r\n<p>Todos os vidros, como:</p>\r\n<p>• garrafas de bebida alcoólica e não-alcoólica; <br />• frascos em geral ( molhos, condimentos, remédios, perfumes, produtos de limpeza); <br />• potes de produtos alimentícios; <br />• cacos de qualquer dos produtos acima.</p>\r\n<p><em>Não servem para reciclagem (exceções):</em></p>\r\n<p>• espelhos; <br />• vidros de janelas; <br />• vidros de automóveis; <br />• lâmpadas, <br />• tubos de televisão e válvulas; <br />• ampolas de medicamentos, <br />• cristal; <br />• vidros temperados planos ou de utensílios domésticos .</p>\r\n<p><strong>Metais</strong></p>\r\n<p>Todos os tipos de metal são recicláveis.</p>\r\n<p><strong>Orgânico</strong></p>\r\n<p><em>Servem para reciclagem:</em></p>\r\n<p>• restos de legumes, verduras, frutas e alimentos;<br />• filtros e borra de café;<br />• cascas de ovos e saquinhos de chá;<br />• galhos de poda, palha, flores e cascas de árvores;<br />• papel de cozinha;<br />• caixas para ovos e jornal;<br />• penas e cabelos;<br />• palhas secas e grama (somente em pequenas quantidades).</p>\r\n<p><em>Não servem para reciclagem:</em></p>\r\n<p>• carne, peixe, gordura e queijo (podem atrair roedores);<br />• plantas doentes e ervas daninhas;<br />• couro, borracha e tecidos;<br />• óleos;<br />• cinzas de cigarro, de madeira e de carvão, inclusive de churrasco;<br />• conteúdo de aspirador de pó (valores elevados de metais e poluentes orgânicos);<br />• fezes de animais domésticos, papel higiênico e fraldas (por razões de higiene).</p>', 'images/2016/08/o-que-pode-ou-nao-ser-reciclado-1471368937.jpg', '', '2016-08-16 17:33:00', NULL, 6, '', '8', '2017-11-14 14:18:59', 1, 'post', NULL, NULL, NULL),
(22, 'dicas-praticas-para-economizar-tinta-e-papel', 'Dicas práticas para economizar tinta e papel', 'Dicas práticas para economizar tinta e papel.', '<p><strong>1 -</strong> Utilize os modos de impressão frente e verso e de múltiplas páginas em uma folha sempre que disponíveis. Além da economia de papel, eles reduzem gastos com a compra de pastas e com espaço para armazenamento.</p>\r\n<p><strong>2 -</strong> Sempre utilize a opção Visualizar Impressão dos aplicativos antes de gerar um documento em papel, para imprimir no melhor layout possivel adaptando o que você quer imprimir na página, evitando impressões em branco ou desconfiguradas.</p>\r\n<p><strong>3 -</strong> Reutilize papel. Se a informação impressa não é confidencial ou nem tão importante assim, e você usou apenas um dos lados da página, vale virar a folha e fazer nova impressão para uso interno. Dessa forma o custo com papel é reduzido pela metade.</p>\r\n<p><strong>4 -</strong> O modo rascunho, que pode ser selecionado nas configurações da impressora, dá conta de grande parte dos documentos de texto e economiza de 5% a 15% de tinta.</p>\r\n<p><strong>5 -</strong> Vai passar páginas da internet para o papel? Então observe antes se o endereço possui versão para impressão. Esse recurso costuma descartar grande parte das imagens, garantindo maior sobrevida ao cartucho ou toner.</p>\r\n<p><strong>6 -</strong> Sempre pegue as páginas que você mandou imprimir imediatamente, dessa forma se evita a reimpressão por conta do possível extravio do material.</p>\r\n<p><strong>7 -</strong> Sempre confira as páginas impressas que você retira da impressora, certifique que não tem nenhuma impressão de outra pessoa misturada às suas.</p>\r\n<p><strong>8 -</strong> Não utilize o modo de impressão colorido, os gastos com tinta são enormemente maiores dessa forma. As impressões no formato preto e branco tem qualidade satisfatória. Não é atoa que esse formato é utilizado na maioria das grandes empresas do cenário atual.</p>\r\n<p> </p>\r\n<p><img style="display: block; margin-left: auto; margin-right: auto;" src="http://3.bp.blogspot.com/-UpdBTGVWvyo/ToyeWvMql5I/AAAAAAAAEh8/494NRgyN8RM/s660/imprimir.png" /></p>\r\n<p> </p>', 'images/2016/10/dicas-praticas-para-economizar-tinta-e-papel-1476196635.jpg', '', '2016-08-16 17:42:00', NULL, 6, '', '24', '2017-02-07 16:21:08', 1, 'post', NULL, NULL, NULL),
(23, 'exemplos-basicos-de-como-podemos-cuidar-do-meio-ambiente-e-adotar-praticas-sustentaveis', 'Exemplos básicos de como podemos cuidar do meio ambiente e adotar práticas sustentáveis', 'Veja alguns Exemplos básicos de como podemos cuidar do meio ambiente e adotar práticas sustentáveis', '<ul style="list-style-type: disc;">\r\n<li>Comece em sua casa, reciclando o lixo. Separa o que é plástico, vidro e resíduo.</li>\r\n</ul>\r\n<ul style="list-style-type: disc;">\r\n<li>Não jogue as baterias de celulares ou outros equipamentos eletrônicos no lixo. Estes equipamentos devem ser descartados em lugares específicos.</li>\r\n</ul>\r\n<ul style="list-style-type: disc;">\r\n<li>Substitua as sacolas plásticas dos supermercados e lojas por sacolas recicláveis ou pelas feitas de papel</li>\r\n</ul>\r\n<ul style="list-style-type: disc;">\r\n<li>Não desperdice a água ou a energia elétrica</li>\r\n</ul>\r\n<p> </p>\r\n<p>Assista o vídeo abaixo e vamos nos conscientizarmos e fazer um pouco que seja para melhorar nosso planeta.</p>\r\n<p> </p>\r\n<p><video style="display: block; margin-left: auto; margin-right: auto;" autoplay="autoplay" controls="controls" width="undefined" height="undefined">\r\n<source src="http://192.168.10.240:82/jornal-ti/uploads/images/2016/08/Sustentabilidade_conscientização.mp4" type="video/mp4" /></video></p>\r\n<p> </p>', 'images/2016/08/exemplos-basicos-de-como-podemos-cuidar-do-meio-ambiente-e-adotar-praticas-sustentaveis-1471609399.jpg', '', '2016-08-19 12:48:00', NULL, 6, '', '16', '2017-12-01 13:07:47', 1, 'post', NULL, NULL, NULL),
(24, 'china-prepara-lancamento-de-satelite-quantico-a-prova-de-hackers', 'China prepara lançamento de satélite quântico à prova de hackers', 'China prepara lançamento de satélite quântico à prova de hackers', '<p>O primeiro passo na próxima grande corrida espacial pode ser dado pela China. O governo chinês anunciou esta semana que está nas fases finais de preparação do QUESS, um satélite que usa criptografia quântica para tornar suas comunicações à prova de hackers.</p>\r\n<p>Na medida em que países espionam uns aos outros com uma frequência cada vez maior, construir um método de comunicação ultrassecreto se tornou uma obsessão de agências de segurança internacionais. Graças a um novo método de criptografia quântica, o QUESS é capaz de esconder seus sinais antes que um hacker possa alcançá-los.</p>\r\n<p>O que esse sistema faz, a grosso modo, é embaralhar a comunicação entre dois pontos assim que um terceiro ponto (o suposto hacker) tenta entrar na conversa. Para isso, o espião precisaria de uma chave de acesso, que hoje pode ser localizada a partir de programas usados por hackers. Um sistema de segurança quântico, porém, é rápido demais para qualquer programa conseguir localizar a chave em tempo.</p>\r\n<p>Se tudo ocorrer de acordo com os planos da agência espacial chinesa, o satélite será o primeiro a entrar em órbita com tecnologia baseada em conceitos de computação quântica. A ideia é que o QUESS possa ser usado não só para comunicação, mas também para pesquisas em astronomia e astrofísica.</p>\r\n<p>É importante destacar que nada é 100% inviolável quando se trata de tecnologia. A criptografia quântica não é totalmente à prova de hackers, mas, hoje em dia, só pode ser desafiada por outro computador quântico - o que espiões e cibercriminosos ainda não têm. Se o QUESS funcionar, é provável que EUA e Europa embarquem em uma nova corrida espacial, em buca de tecnologias ainda mais seguras para proteger suas próprias comunicações.</p>', 'images/2016/08/china-prepara-lancamento-de-satelite-quantico-a-prova-de-hackers-1471610580.jpg', '', '2016-08-19 12:42:00', NULL, 3, '', '8', '2017-10-16 12:14:25', 1, 'post', NULL, NULL, NULL),
(25, 'inteligencia-artificial-pode-fingir-ser-uma-pessoa-para-enganar-usuarios', 'Inteligência artificial pode fingir ser uma pessoa para enganar usuários', 'Inteligência artificial pode fingir ser uma pessoa para enganar usuários', '<p>Pesquisadores da empresa de segurança ZeroFOX demonstraram recentemente como a tecnologia de aprendizagem de máquina pode ser utilizada para enganar usuários e incentivá-los a clicar em links suspeitos. Em testes, os pesquisadores utilizaram um software para escrever tweets como um ser humano e responder às pessoas usando a hashtag #Pokemon, sugerindo links. Um terço dos usuários visados clicou no endereço enviado, mostrando que a técnica pode ser convincente.</p>\r\n<p>A taxa é bem maior do que a obtida com mensagens automatizadas de phishing, técnica que visa enganar usuários para que cliquem em links comprometidos que podem roubar dados sensíveis do usuário. O sistema de inteligência artificial se assemelha ao spearphishing, técnica onde o criminoso se passa por alguém conhecido para ganhar a confiança do usuário. Nestes casos, a taxa de sucesso é de 40%.</p>\r\n<p>"O spearphishing é altamente manual e leva dezenas de minutos para atingir um alvo. Esta abordagem é quase tão precisa e está automatizado. Assim, ela poderia ser usada em escala muito maior", explica John Seymour, cientista de dados da ZeroFOX. Segundo ele, a tecnologia de aprendizagem de máquina pode ajudar os criminosos a aumentar sua taxa de sucesso "drasticamente".</p>\r\n<p><strong>Phishing</strong></p>\r\n<p><br />O phishing e o spearphishing são alguns dos maiores problemas de segurança atuais. De acordo com a Cisco, no ano passado as mensagens enviadas pelo Facebook que usam essas técnicas foram a causa número um de acesso não autorizado a redes corporativas.</p>\r\n<p>Apesar dos progressos tecnológicos, especialistas apontam que essa técnica ainda está longe da perfeição, o que dificulta a sua utilização por pessoas mal intencionadas. A ZeroFOX, no entanto, ressalta que isso pode acontecer em algum tempo. Os algoritmos de aprendizado de máquina estão se tornando cada vez mais simples. Além disso, em redes sociais como Twitter não é preciso falar corretamente para ser compreendido.</p>', 'images/2016/08/inteligencia-artificial-pode-fingir-ser-uma-pessoa-para-enganar-usuarios-1471610659.jpg', '', '2016-08-19 12:44:00', NULL, 1, '', '4', '2016-09-21 15:12:00', 1, 'post', NULL, NULL, NULL),
(26, 'brasil-e-principal-alvo-de-ataques-ddos-na-america-latina', 'Brasil é principal alvo de ataques DDoS na América Latina', 'Brasil é principal alvo de ataques DDoS na América Latina', '<p>Segurança digital é uma preocupação cada vez maior. A quantidade de informação pessoal contida em nossos dispositivos e nas contas que temos em serviços como redes sociais não para de aumentar e, por isso, proteger esses dados se torna cada vez mais importante. Para empresas, que utilizam serviços em rede para realizar seu trabalho, essa questão é ainda mais sensível.</p>\r\n<p>Usar antivírus nas máquinas é uma forma de se proteger contra ameaças desse tipo. Felizmente, porém, empresas que gerenciam grandes volumes de tráfego também possuem grandes estruturas de segurança digital para deixar a internet mais segura. Veja a seguir mais sobre essas estruturas.</p>\r\n<p><strong>Desastre digital</strong></p>\r\n<p>A Level 3 é uma empresa de tecnologia de rede voltada para outras empresas de médio e grande porte. Ela oferece máquinas, espaço de armazenamento, serviços de nuvem e espaço em seus data centers para a infraestrutura de rede de outras empresas.</p>\r\n<p>De acordo com o Diretor de Data Center e Segurança da Level 3, André Magno, vazamentos de dados ou ataques de hackers estão entre as principais ameaças que empresas enfrentam. Para o desempenho das empresas, "um ataque cibernético hoje é comparável a um desastre natural, como um terremoto, tufão ou incêndio", diz.</p>\r\n<p><strong>Monitoramento de tráfego</strong></p>\r\n<p>Os sistemas de segurança da Level 3 monitoram cerca de 87 terabytes de dados por dia, apenas no Brasil. Por segundo, de acordo com Magno, quase 10 mil scans são realizados em fluxos de dados que passam pelos servidores da empresa. Esse monitoramento permite que ameaças como malwares, tentativas de phishing e ataques DDoS sejam identificados na hora.</p>\r\n<p>A empresa possui uma ferramenta chamada de "Threat Map", ou mapa de ameaças, que mostra em tempo real todas as ameaças detectadas em suas redes. Elas aparecem como uma linha que sai de um ponto (a origem da ameaça) até outro (a vítima) no mapa mundi, e o número de "linhas" que aparecem no mapa é estarrecedor.</p>\r\n<p>No total, mais de um milhão de pacotes de malware são identificados por dia, só nessas redes. E segundo Magno, 40% das ameaças descobertas são novas: criações que nunca foram vistas antes, ou variações de ameaças já conhecidas. E empresa usa sistemas de aprendizagem de máquina, como redes neurais, para garantir que mesmo essas novas ameaças sejam detectadas.</p>\r\n<p><strong>Prevendo ataques</strong></p>\r\n<p>Magno chama essa ferramenta de "sistema de aprendizagem de tráfego". Esse sistema de aprendizagem, com o tempo, permite que os computadores da empresa criem uma espécie de "perfil de tráfego" de suas redes. Ou seja: o sistema de monitoramento de tráfego passa a saber quais fluxos de informações costumam acontecer a cada momento do dia e semana.</p>\r\n<p>Isso permite que fluxos de informação que fujam dos padrções previstos sejam detectados pelo esquema de segurança e analisados com mais atenção. Trata-se de um recurso importante: caso o site de uma empresa comece subitamente a receber muito mais tráfego do que o normal, pode ser que ele esteja sofrendo um ataque DDoS. Nesse caso, a Level 3 consegue identificar e mitigar o ataque.</p>\r\n<p>Com mais tempo, o sistema passa a ser capaz de "prever" quando os ataques DDoS acontecerão. Ele consegue identificar quais máquinas comandam redes de bots capazes de realizar ataques desse tipo, e quais delas estão atuando como bots para a realização desses ataques. Com isso, o risco de que ataques desse tipo ocorram fica bem menor.</p>\r\n<p><strong>Ataques DDoS</strong></p>\r\n<p>A sigla DDoS significa "distributed denial of service", ou negação de serviço distribuída". Basicamente, o que um ataque desse tipo faz é enviar muitas solicitações simultâneas ao servidor que hospeda um site ou serviço. O servidor, sobrecarregado, não consegue processar todas as solicitações e trava, tirando o site ou serviço do ar.</p>\r\n<p>Para fazer isso, os autores do ataque espalham malware que infecta centenas ou milhares de computadores. O malware permite que o autor do ataque controle essas máquinas e faça-as tentar acessar o mesmo site várias vezes, todas ao mesmo tempo. É isso que faz com que o site saia do ar; por outro lado, isso cria um padrão incomum de fluxo, que pode ser identificado pela empresa.</p>\r\n<p>No Brasil, é necessário um cuidado especial com relação a esse tipo de ameaça já que, segundo Magno, o país é o principal alvo de ataques DDoS na América Latina. De acordo com o executivo, mas de 40% dos ataques que acontecem na região têm o pais na mira. O maior ataque já registrado pela empresa no Brasil mobilizou um total de 600 gigabits por segundo de banda.</p>\r\n<p>Ataques com essa intensidade podem não ser comuns, mas segundo Magno, não é difícil realizar um ataque desse tipo. De acordo com ele, atualmente é possível contratar um ataque de 10 Gbps por cerca de US$ 100 na Deep Web. E é fácil perceber que um ataque desse tipo pode trazer prejuízos milionários a empresas, o que justifica os investimentos da Level 3 nessa área.</p>', 'images/2016/08/brasil-e-principal-alvo-de-ataques-ddos-na-america-latina-diz-empresa-1471610761.jpg', '', '2016-08-19 12:45:00', NULL, 1, '', '5', '2016-08-31 17:05:54', 1, 'post', NULL, NULL, NULL),
(27, 'dss-aplicado-na-semana-de-22-a-28-de-agosto-16', 'DSS aplicado na semana de 22 a 28 de Agosto/16', 'DSS aplicado na semana de 22 a 28 de Agosto/16', '<p><em>Tema: Ferramentas Manuais</em></p>\r\n<p> </p>\r\n<p><em><img title="DSS aplicado na semana de 22 a 28 de Agosto/16" src="http://192.168.10.240:82/jornal-ti/uploads/images/2016/08/27-1471863609.jpg" alt="DSS aplicado na semana de 22 a 28 de Agosto/16" /></em></p>\r\n<p> </p>', 'images/2016/08/dss-aplicado-na-semana-de-22-a-28-de-agosto-16-1471863570.png', '', '2016-08-22 10:58:00', NULL, 5, '', '10', '2016-08-30 20:24:38', 1, 'post', NULL, NULL, NULL),
(28, 'dss-aplicado-na-semana-de-29-de-agosto-a-04-de-setembro-16', 'DSS aplicado na semana de 29 de Agosto a 04 de Setembro/16', 'DSS aplicado na semana de 29 de Agosto a 04 de Setembro/16', '<p><em>Tema: CIPA - COMISSÃO INTERNA DE PREVENÇÃO DE ACIDENTES</em></p>\r\n<p> </p>\r\n<p><em><img style="display: block; margin-left: auto; margin-right: auto;" title="DSS aplicado na semana de 29 de Agosto a 04 de Setembro/16" src="http://192.168.10.240:82/jornal-ti/uploads/images/2016/08/28-1472567018.jpg" alt="DSS aplicado na semana de 29 de Agosto a 04 de Setembro/16" /></em></p>', 'images/2016/08/dss-aplicado-na-semana-de-29-de-agosto-a-04-de-setembro-16-1472566930.png', '', '2016-08-30 14:21:00', NULL, 5, '', '5', '2016-09-05 11:16:38', 1, 'post', NULL, NULL, NULL);
INSERT INTO `ws_posts` (`post_id`, `post_name`, `post_title`, `post_subtitle`, `post_content`, `post_cover`, `post_video`, `post_date`, `post_author`, `post_category`, `post_category_parent`, `post_views`, `post_lastview`, `post_status`, `post_type`, `post_instant_article`, `post_amp`, `post_tags`) VALUES
(29, 'sipat-2016', 'SIPAT - 2016', 'SIPAT - 2016', '<p>Semana interna de prevenção de acidente do trabalho <strong>de 26 à 30 de Setembro/16</strong></p>\r\n<p> </p>\r\n<p><strong><img style="display: block; margin-left: auto; margin-right: auto;" title="SIPAT - 2016" src="http://192.168.10.240:82/jornal-ti/uploads/images/2016/08/29-1472567379.jpg" alt="SIPAT - 2016" /></strong></p>', 'images/2016/08/sipat-2016-1472567978.png', '', '2016-08-30 14:28:00', NULL, 4, '', '16', '2017-02-04 18:22:42', 1, 'post', NULL, NULL, NULL),
(30, 'sipat-2016-concurso-de-desenhos', 'SIPAT 2016 - Concurso de Desenhos', 'SIPAT 2016 - Concurso de Desenhos', '<p> Prazo final: 15 de Setembro/16</p>\r\n<p> </p>\r\n<p><img style="display: block; margin-left: auto; margin-right: auto;" title="SIPAT 2016 - Concurso de Desenhos" src="http://192.168.10.240:82/jornal-ti/uploads/images/2016/08/30-1472585489.jpg" alt="SIPAT 2016 - Concurso de Desenhos" /></p>', 'images/2016/08/sipat-2016-concurso-de-desenhos-1472585474.png', '', '2016-08-30 19:30:00', NULL, 4, '', '13', '2018-03-27 08:56:54', 1, 'post', NULL, NULL, NULL),
(31, 'sipat-2016-concurso-de-talentos', 'SIPAT 2016 - Concurso de Talentos', 'SIPAT 2016 - Concurso de Talentos', '<p>Prazo final: 15 de Setembro/16</p>\r\n<p> </p>\r\n<p><img style="display: block; margin-left: auto; margin-right: auto;" title="SIPAT 2016 - Concurso de Talentos" src="http://192.168.10.240:82/jornal-ti/uploads/images/2016/08/31-1472585560.jpg" alt="SIPAT 2016 - Concurso de Talentos" /></p>', 'images/2016/08/sipat-2016-concurso-de-talentos-1472585545.png', '', '2016-08-30 19:32:00', NULL, 4, '', '15', '2018-06-18 23:38:52', 1, 'post', NULL, NULL, NULL),
(32, 'dss-aplicado-na-semana-de-05-a-11-de-setembro-16', 'DSS aplicado na semana de 05 a 11 de Setembro/16', 'DSS aplicado na semana de 05 a 11 de Setembro/16', '<p><em>Tema: Cuidados com cabos e equipamentos elétricos</em></p>\r\n<p> </p>\r\n<p><em><img style="display: block; margin-left: auto; margin-right: auto;" title="DSS aplicado na semana de 05 a 11 de Setembro/16" src="http://192.168.10.240:82/jornal-ti/uploads/images/2016/09/32-1473074229.jpg" alt="DSS aplicado na semana de 05 a 11 de Setembro/16" /></em></p>', 'images/2016/09/dss-aplicado-na-semana-de-05-a-11-de-setembro-16-1473074165.png', '', '2016-09-05 11:15:00', NULL, 5, '', '9', '2016-09-22 17:16:29', 1, 'post', NULL, NULL, NULL),
(33, 'dss-especial', 'DSS ESPECIAL', 'DSS ESPECIAL', '<p>Tema: A melhor limpeza é a organização!</p>\r\n<p> </p>\r\n<p><img style="display: block; margin-left: auto; margin-right: auto;" title="DSS ESPECIAL" src="http://192.168.10.240:82/jornal-ti/uploads/images/2016/09/33-1473074349.jpg" alt="DSS ESPECIAL" /></p>', 'images/2016/09/dss-especial-1473074303.png', '', '2016-09-05 11:18:00', NULL, 5, '', '2', '2016-09-21 15:24:18', 1, 'post', NULL, NULL, NULL),
(34, 'dss-aplicado-na-semana-de-12-a-18-de-setembro-16', 'DSS aplicado na semana de 12 a 18 de Setembro/16', 'DSS aplicado na semana de 12 a 18 de Setembro/16', '<p><em>Tema: SIPAT 2016</em></p>\r\n<p><em><img title="DSS aplicado na semana de 12 a 18 de Setembro/16" src="http://192.168.10.240:82/jornal-ti/uploads/images/2016/09/34-1473678246.jpg" alt="DSS aplicado na semana de 12 a 18 de Setembro/16" /></em></p>\r\n<p> </p>', 'images/2016/09/dss-aplicado-na-semana-de-12-a-18-de-setembro-16-1473678206.png', '', '2016-09-12 11:03:00', NULL, 5, '', '5', '2016-09-30 15:27:40', 1, 'post', NULL, NULL, NULL),
(35, 'na-crise-marcas-inovam-em-embalagem-de-produto', 'Na crise, marcas inovam em embalagem de produto', 'Na crise, marcas inovam em embalagem de produto', '<p>A crise não tirou o fôlego dos lançamentos das indústrias de alimentos, bebidas e itens de higiene e limpeza. Ao contrário. A fatia de novos produtos no total do faturamento de uma cesta com 96 itens desses segmentos praticamente dobrou de 2014 para 2015. Os lançamentos ficaram concentrados no formato das embalagens, maiores ou menores, para atender o consumidor que precisa economizar.</p>\r\n<p>Em 2014, os novos produtos responderam por 2,7% do faturamento da cesta monitorada pela Kantar Worldpanel. No ano passado, essa participação foi de 5,3%. Semanalmente, a empresa visita cerca de 11 mil domicílios para monitorar o comportamento de compras.</p>\r\n<p>Um dado que chama atenção é que as inovações de produtos ficaram concentradas no formato das embalagens. Nesse quesito houve crescimento de 13,1% no total de lançamentos no último ano, enquanto o lançamento de novas marcas deu marcha à ré, caindo 9,6% na mesma base de comparação.</p>\r\n<p>“Para atender à necessidade do consumidor que está com bolso mais apertado, as indústrias lançaram produtos em formatos reduzidos ou em embalagens maiores, dependendo do momento de compra, isto é, num supermercado de vizinhança ou num atacarejo”, diz a diretora comercial da empresa de pesquisa, Christine Pereira.</p>\r\n<p>Essa maior procura por embalagens que fogem do tamanho tradicional é confirmada pelos supermercados. Levantamento da Associação Paulista de Supermercados (Apas) mostra, por exemplo, que as vendas de maionese em embalagens de 500 gramas caíram 1% de 2014 para 2015, enquanto as de embalagens menores cresceram 2,4% e as econômicas, de 1 quilo, aumentaram 1%.</p>\r\n<p>Esse movimento também foi observado no refrigerante, diz o gerente de economia e pesquisa da Apas, Rodrigo Mariano. A venda do refrigerante de 2 litros caiu 2% de 2014 para 2015. Já a embalagem com até 260 mililitros aumentou 3% e a econômica, de 3 litros, cresceu 1%.</p>\r\n<p>Com a renda corroída pela inflação e o aumento do desemprego, o brasileiro teve de se adaptar aos tempos bicudos para compras de itens básicos. “O consumidor está optando pelas embalagens que exigem menor desembolso ou pelas econômicas, que permitem levar mais por menos”, diz Mariano.</p>\r\n<p>Ele acrescenta que essa tendência de lançamento de produtos em novos formatos é mais evidente em segmentos de alto giro, como mercearia salgada e itens de higiene e limpeza.</p>\r\n<p>De acordo com a pesquisa da Kantar, os lançamentos no último ano foram concentrados no segmento de alimentos (38%) e de higiene e beleza (36%).</p>\r\n<p>Manutenção. Ao contrário de outras crises, em que o consumidor simplesmente deixava de comprar produtos, desta vez ele tenta preservar conquistas. Patrícia Beber, diretora geral da Kantar no Brasil, diz que, nos últimos anos, o consumidor reduziu os gastos nos supermercados, cortou os volumes, mas está levando mais unidades para casa. “Ele está abrindo mão dos volumes, mas tentando manter as categorias incluídas recentemente na cesta de compras, mesmo que em embalagens menores.”</p>', 'images/2016/09/na-crise-marcas-inovam-em-embalagem-de-produto-1474547093.jpg', '', '2016-09-22 12:24:00', NULL, 1, '', '12', '2017-08-24 20:20:43', 1, 'post', NULL, NULL, NULL),
(36, 'dss-aplicado-na-semana-de-19-a-25-de-setembro-16', 'DSS aplicado na semana de 19 a 25 de Setembro/16', 'DSS aplicado na semana de 19 a 25 de Setembro/16', '<p><em>Tema: Normas Gerais. Saúde, Segurança e Meio Ambiente.</em></p>\r\n<p> </p>\r\n<p><em><img style="display: block; margin-left: auto; margin-right: auto;" title="DSS aplicado na semana de 19 a 25 de Setembro/16" src="http://192.168.10.240:82/jornal-ti/uploads/images/2016/09/36-1474887390.jpg" alt="DSS aplicado na semana de 19 a 25 de Setembro/16" /></em></p>', 'images/2016/09/dss-aplicado-na-semana-de-19-a-25-de-setembro-16-1474887406.png', '', '2016-09-26 10:55:00', NULL, 5, '', '1', '2016-09-29 11:51:01', 1, 'post', NULL, NULL, NULL),
(37, 'dss-aplicado-na-semana-de-26-de-setembro-a-02-de-outubro-16', 'DSS aplicado na semana de 26 de Setembro a 02 de Outubro/16', 'DSS aplicado na semana de 26 de Setembro a 02 de Outubro/16', '<p><em>Tema: Segurança também é seu dever</em></p>\r\n<p> </p>\r\n<p><em><img style="display: block; margin-left: auto; margin-right: auto;" title="DSS aplicado na semana de 19 a 25 de Setembro/16" src="http://192.168.10.240:82/jornal-ti/uploads/images/2016/09/37-1474887566.jpg" alt="DSS aplicado na semana de 19 a 25 de Setembro/16" /></em></p>', 'images/2016/09/dss-aplicado-na-semana-de-19-a-25-de-setembro-16-37-1474887582.png', '', '2016-09-26 10:57:00', NULL, 5, '', '4', '2016-10-08 01:04:33', 1, 'post', NULL, NULL, NULL),
(38, 'dss-aplicado-na-semana-de-03-a-09-de-outubro-16', 'DSS aplicado na semana de 03 a 09 de Outubro/16', 'DSS aplicado na semana de 03 a 09 de Outubro/16', '<p><em>Tema: Proteção Auditiva - Programa de Cores - Outubro Amarelo</em></p>\r\n<p> </p>\r\n<p><em><img style="display: block; margin-left: auto; margin-right: auto;" title="DSS aplicado na semana de 03 a 09 de Outubro/16" src="http://192.168.10.240:82/jornal-ti/uploads/images/2016/10/38-1475493709.jpg" alt="DSS aplicado na semana de 03 a 09 de Outubro/16" /></em></p>', 'images/2016/10/dss-aplicado-na-semana-de-03-a-09-de-outubro-16-1475493583.png', '', '2016-10-03 11:17:00', NULL, 5, '', '8', '2016-11-10 15:55:44', 1, 'post', NULL, NULL, NULL),
(39, 'dss-aplicado-na-semana-de-10-a-16-de-outubro-16', 'DSS aplicado na semana de 10 a 16 de Outubro/16', 'DSS aplicado na semana de 10 a 16 de Outubro/16', '<p><em>Tema: Nossa responsabilidade</em></p>\r\n<p> </p>\r\n<p><em><img style="display: block; margin-left: auto; margin-right: auto;" title="DSS aplicado na semana de 10 a 16 de Outubro/16" src="http://192.168.10.240:82/jornal-ti/uploads/images/2016/10/39-1476196466.jpg" alt="DSS aplicado na semana de 10 a 16 de Outubro/16" /></em></p>', 'images/2016/10/dss-aplicado-na-semana-de-10-a-16-de-outubro-16-1476196485.png', '', '2016-10-11 14:33:00', NULL, 5, '', '2', '2016-10-17 10:28:37', 1, 'post', NULL, NULL, NULL),
(40, 'dss-aplicado-na-semana-de-17-a-23-de-outubro-16', 'DSS aplicado na semana de 17 a 23 de Outubro/16', 'DSS aplicado na semana de 17 a 23 de Outubro/16', '<p><em>Tema: Segurança: Essencial para o nosso dia-a-dia</em></p>\r\n<p> </p>\r\n<p><em><img style="display: block; margin-left: auto; margin-right: auto;" title="DSS aplicado na semana de 17 a 23 de Outubro/16" src="http://192.168.10.240:82/jornal-ti/uploads/images/2016/10/40-1476700189.jpg" alt="DSS aplicado na semana de 17 a 23 de Outubro/16" /></em></p>\r\n<p> </p>\r\n<p> </p>', 'images/2016/10/dss-aplicado-na-semana-de-17-a-23-de-outubro-16-1476700141.png', '', '2016-10-17 10:28:00', NULL, 5, '', '3', '2016-12-05 10:02:46', 1, 'post', NULL, NULL, NULL),
(41, 'conheca-o-campus-da-microsoft-a-cidade-onde-trabalham-44-mil-pessoas', 'Conheça o campus da Microsoft, a ''cidade'' onde trabalham 44 mil pessoas', 'Conheça o campus da Microsoft, a ''cidade'' onde trabalham 44 mil pessoas', '<p>Estamos em Redmond, nos Estados Unidos. O Olhar Digital viajou até aqui para conhecer de perto o campus da Microsoft onde se localiza a matriz da empresa. São 2 milhões de metros quadrados rodeados por árvores, com 125 prédios e 44 mil funcionários em toda a região - quase um terço do quadro global. É praticamente uma cidade inteira dentro de outra cidade - e que ainda está em expansão.</p>\r\n<p dir="ltr">Fundada em 1975, a Microsoft mudou-se para Redmond em 1986, um ano depois da apresentação do Windows. O mercado de computação pessoal, hoje tão difundido, ainda era uma promessa. Cinco anos antes, a IBM havia lançado o PC 5150 (considerado precursor da indústria) e que rodava um sistema operacional desenvolvido pela Microsoft. Começava para valer ali a era do PC, que viria a empregar muita gente nas décadas seguintes.</p>\r\n<p dir="ltr">Os primeiros prédios do campus da Microsoft foram construídos no formato de X a pedido de Bill Gates, fundador e CEO da empresa à época. Além de gostar de construções simétricas, Gates queria incluir o maior número possível de janelas para que os programadores tivessem uma vista privilegiada da natureza enquanto trabalhavam. Curiosidade: o prédio número 7 não existe. Ele foi descartado porque a empresa cresceu mais que o esperado naquele período e precisou de mais edifícios para abrigar as pessoas. Como o plano de construção já havia sido aprovado, não deu tempo de renomear o prédio 8 por 7.</p>\r\n<p dir="ltr">No infográfico abaixo você confere alguns números que dão a dimensão da grandiosidade do campus em Redmond. Nós também selecionamos imagens que mostram as instalações do local (veja galeria abaixo do infográfico) Ficou curioso para conhecer o campus? A Microsoft reserva uma área de visitação no prédio 92 destinada a quem quiser interagir com os produtos da empresa e ver de perto relíquias como o computador pessoal Altair 8800. Basta ir até lá e entrar no espaço gratuitamente.</p>\r\n<p dir="ltr"> </p>\r\n<p dir="ltr"><img style="display: block; margin-left: auto; margin-right: auto;" title="Conheça o campus da Microsoft, a " src="http://192.168.10.240:82/jornal-ti/uploads/images/2016/10/41-1476871855.jpg" alt="Conheça o campus da Microsoft, a " /></p>', 'images/2016/10/conheca-o-campus-da-microsoft-a-cidade-onde-trabalham-44-mil-pessoas-1476871690.jpg', '', '2016-10-19 10:08:00', NULL, 1, '', '17', '2018-01-28 17:59:12', 1, 'post', NULL, NULL, NULL),
(42, 'dss-aplicado-na-semana-de-24-a-30-de-outubro-16', 'DSS aplicado na semana de 24 a 30 de Outubro/16', 'DSS aplicado na semana de 24 a 30 de Outubro/16', '<p><em>Tema: Ato inseguro e condição insegura: Será que damos a devida importância?</em></p>\r\n<p> </p>\r\n<p><em><img style="display: block; margin-left: auto; margin-right: auto;" title="DSS aplicado na semana de 24 a 30 de Outubro/16" src="http://192.168.10.240:82/jornal-ti/uploads/images/2016/10/42-1477672559.jpg" alt="DSS aplicado na semana de 24 a 30 de Outubro/16" /></em></p>', 'images/2016/10/dss-aplicado-na-semana-de-24-a-30-de-outubro-16-1477672503.png', '', '2016-10-28 16:34:00', NULL, 5, '', '8', '2019-06-28 15:26:34', 1, 'post', NULL, NULL, NULL),
(43, 'dss-aplicado-na-semana-de-31-de-outubro-a-05-de-novembro-16', 'DSS aplicado na semana de 31 de Outubro a 05 de Novembro/16', 'DSS aplicado na semana de 31 de Outubro a 05 de Novembro/16', '<p><em>Tema: Regras para uma convivência segura entre pedestres e veículos.</em></p>\r\n<p> </p>\r\n<p><em><img style="display: block; margin-left: auto; margin-right: auto;" title="DSS aplicado na semana de 31 de Outubro a 05 de Novembro/16" src="http://192.168.10.240:82/jornal-ti/uploads/images/2016/12/43-1480932128.jpg" alt="DSS aplicado na semana de 31 de Outubro a 05 de Novembro/16" /></em></p>', 'images/2016/12/1480932027.png', '', '2016-12-05 10:00:00', NULL, 5, '', '10', '2019-06-28 15:26:45', 1, 'post', NULL, NULL, NULL),
(44, 'dss-aplicado-na-semana-de-07-a-13-de-novembro-16', 'DSS aplicado na semana de 07 a 13 de Novembro/16', 'DSS aplicado na semana de 07 a 13 de Novembro/16', '<p><em>Tema: Acidentes podem acontecer em qualquer lugar.</em></p>\r\n<p> </p>\r\n<p><em><img style="display: block; margin-left: auto; margin-right: auto;" title="DSS aplicado na semana de 07 a 13 de Novembro/16" src="http://192.168.10.240:82/jornal-ti/uploads/images/2016/12/44-1480932319.jpg" alt="DSS aplicado na semana de 07 a 13 de Novembro/16" /></em></p>', 'images/2016/12/dss-aplicado-na-semana-de-07-a-13-de-novembro-16-1480932279.png', '', '2016-12-05 10:04:00', NULL, 5, '', '5', '2019-06-28 15:26:53', 1, 'post', NULL, NULL, NULL),
(45, 'dss-aplicado-na-semana-de-14-a-20-de-novembro-16', 'DSS aplicado na semana de 14 a 20 de Novembro/16', 'DSS aplicado na semana de 14 a 20 de Novembro/16', '<p><em>Tema: Uso consciente do celular.</em></p>\r\n<p><em> </em></p>\r\n<p><em><img style="display: block; margin-left: auto; margin-right: auto;" title="DSS aplicado na semana de 14 a 20 de Novembro/16" src="http://192.168.10.240:82/jornal-ti/uploads/images/2016/12/45-1480945644.jpg" alt="DSS aplicado na semana de 14 a 20 de Novembro/16" /></em></p>', 'images/2016/12/dss-aplicado-na-semana-de-14-a-20-de-novembro-16-1480945608.png', '', '2016-12-05 13:46:00', NULL, 5, '', '1', '2019-06-28 15:27:01', 1, 'post', NULL, NULL, NULL),
(46, 'dss-aplicado-na-semana-de-21-a-27-de-novembro-16', 'DSS aplicado na semana de 21 a 27 de Novembro/16', 'DSS aplicado na semana de 21 a 27 de Novembro/16', '<p><em>Tema: Penalidades de segurança.</em></p>\r\n<p> </p>\r\n<p><em><img style="display: block; margin-left: auto; margin-right: auto;" title="DSS aplicado na semana de 21 a 27 de Novembro/16" src="http://192.168.10.240:82/jornal-ti/uploads/images/2016/12/46-1480945713.jpg" alt="DSS aplicado na semana de 21 a 27 de Novembro/16" /></em></p>', 'images/2016/12/dss-aplicado-na-semana-de-21-a-27-de-novembro-16-1480945673.png', '', '2016-12-05 13:47:00', NULL, 5, '', '4', '2019-06-28 15:27:08', 1, 'post', NULL, NULL, NULL),
(47, 'dss-aplicado-na-semana-de-28-de-novembro-a-04-de-dezembro-16', 'DSS aplicado na semana de 28 de Novembro a 04 de Dezembro/16', 'DSS aplicado na semana de 28 de Novembro a 04 de Dezembro/16', '<p><em>Tema: Inspeção de ferramentas e equipamentos.</em></p>\r\n<p> </p>\r\n<p><em><img style="display: block; margin-left: auto; margin-right: auto;" title="DSS aplicado na semana de 28 de Novembro a 04 de Dezembro/16" src="http://192.168.10.240:82/jornal-ti/uploads/images/2016/12/47-1481735656.jpg" alt="DSS aplicado na semana de 28 de Novembro a 04 de Dezembro/16" /></em></p>', 'images/2016/12/dss-aplicado-na-semana-de-28-de-novembro-a-04-de-dezembro-16-1481735585.png', '', '2016-12-14 17:12:00', NULL, 5, '', '6', '2019-06-28 15:27:15', 1, 'post', NULL, NULL, NULL),
(49, 'dss-aplicado-na-semana-de-05-a-11-de-dezembro-16', 'DSS aplicado na semana de 05 a 11 de Dezembro/16', 'DSS aplicado na semana de 05 a 11 de Dezembro/16', '<p><em>Tema: Proibido o uso de mochila e celular pessoal nas dependências da empresa.</em></p>\r\n<p> </p>\r\n<p><em><img style="display: block; margin-left: auto; margin-right: auto;" title="DSS aplicado na semana de 05 a 11 de Dezembro/16" src="http://192.168.10.240:82/jornal-ti/uploads/images/2016/12/49-1481739918.jpg" alt="DSS aplicado na semana de 05 a 11 de Dezembro/16" /></em></p>\r\n<p> </p>\r\n<p> </p>', 'images/2016/12/dss-aplicado-na-semana-de-05-a-11-de-dezembro-16-1481739857.png', '', '2016-12-14 18:21:00', NULL, 5, '', '4', '2019-06-28 15:27:23', 1, 'post', NULL, NULL, NULL),
(50, 'dss-aplicado-na-semana-de-12-a-18-de-dezembro-16', 'DSS aplicado na semana de 12 a 18 de Dezembro/16', 'DSS aplicado na semana de 12 a 18 de Dezembro/16', '<p><em>Tema: Ganhe 1 minuto.</em></p>\r\n<p> </p>\r\n<p><em><img style="display: block; margin-left: auto; margin-right: auto;" title="DSS aplicado na semana de 12 a 18 de Dezembro/16" src="http://192.168.10.240:82/jornal-ti/uploads/images/2016/12/50-1481740009.jpg" alt="DSS aplicado na semana de 12 a 18 de Dezembro/16" /></em></p>\r\n<p> </p>\r\n<p> </p>', 'images/2016/12/dss-aplicado-na-semana-de-12-a-18-de-dezembro-16-1481739966.png', '', '2016-12-14 18:25:00', NULL, 5, '', '18', '2019-06-28 15:27:31', 1, 'post', NULL, NULL, NULL),
(51, 'metro-de-sao-paulo-tera-espaco-de-wi-fi-gratis-em-40-estacoes', 'Metrô de São Paulo terá espaço de Wi-Fi grátis em 40 estações', 'Metrô de São Paulo terá espaço de Wi-Fi grátis em 40 estações', '<p>As estações de metrô de São Paulo vão ganhar um espaço de Wi-Fi grátis a partir das próximas semanas. A iniciativa vinha sendo testada desde 2014 em algumas estações e agora será expandida para cobrir 40 pontos nas linhas 1-Azul, 2-Verde e 3-Vermelha.</p>\r\n<p><br />O serviço será implementado a partir de uma parceria do governo do Estado com a iniciativa privada.</p>\r\n<p>Algumas das estações terão um espaço de lazer com cadeiras de praia e grama sintética, onde as marcas poderão estampar propagandas. Sé, Brás e Ana Rosa serão as primeiras a oferecer essas áreas.</p>', 'images/2017/02/metro-de-sao-paulo-tera-espaco-de-wi-fi-gratis-em-40-estacoes-1486379474.jpg', NULL, '2017-02-06 11:10:00', 1, 1, NULL, '11', '2019-06-28 15:27:40', 1, 'post', NULL, NULL, NULL),
(52, 'hackers-trancam-quartos-de-hotel-e-exigem-resgate-em-bitcoin', 'Hackers trancam quartos de hotel e exigem resgate em bitcoin', 'A propriedade estava em sua capacidade máxima, com 180 hóspedes, quando o ataque ocorreu', '<p>Hóspedes de um luxuoso hotel na Áustria passaram por momentos de pânico na semana passada após serem impedidos de entrar em seus quartos. A confusão foi causada por hackers que invadiram o sistema de chaves eletrônicas do Romantik Seehotel Jaegerwirt, um hotel com diárias de até 530 dólares, e pediram resgate em bitcoin para liberar as fechaduras do local.</p>\r\n<p>O pedido chegou via e-mail, segundo o The New York Times. O gerente de hotel Christoph Brandstätter contou à publicação que a mensagem dos hackers exigia um pagamento de dois bitcoins, ou cerca de R$5.600. Caso o resgate não fosse pago até o final do dia (22 de janeiro), o valor dobraria.</p>\r\n<p>“Estávamos em nossa capacidade máxima, com 180 hóspedes, e decidimos que era melhor ceder”, explicou Brandstaetter. “Os hackers foram muito insistentes.”</p>\r\n<p> </p>\r\n<p><img title="Hackers trancam quartos de hotel e exigem resgate em bitcoin" src="http://192.168.10.240:82/jornal-ti/uploads/images/2017/02/52-1486379863.jpg" alt="Hackers trancam quartos de hotel e exigem resgate em bitcoin" /></p>\r\n<p> </p>\r\n<p>O malware utilizado pelos hackers para atacar as fechaduras eletrônicas da propriedade é um ransomware. Esse tipo de software maligno sequestra o computador da vítima e cobra um valor em dinheiro pelo resgate. Geralmente, o pagamento é pela moeda virtual bitcoin, pois é muito difícil rastrear o criminoso que irá receber o valor.</p>\r\n<p>O ransomware codifica os dados do sistema operacional para que o usuário não tenha mais acesso. Depois, ele emite uma notificação para avisar que o computador está bloqueado e que será possível usá-lo novamente mediante um resgate.</p>\r\n<p>Em janeiro de 2016, o Kaspersky Lab descobriu um ransomware brasileiro que emitia uma janela similar ao pedido de atualização do Adobe Flash Player. Quando o usuário clicava no link, o vírus infectava o PC e sequestrava os seus dados.</p>\r\n<p>O grande problema com este tipo de malware é que, uma vez que a máquina é bloqueada, é quase impossível remover o vírus – afinal, a pessoa não tem acesso ao sistema. Assim, a solução é se prevenir para não sofrer ataques. A melhor maneira de se proteger é atualizar o antivírus com frequência e programa-lo para “caçar” esse tipo de ameaça.</p>\r\n<p>A gerência do hotel na Áustria, no entanto, não quer mais saber das fechaduras eletrônicas. Após a recuperação do sistema, o gerente do hotel afirmou que a propriedade voltará a utilizar fechaduras tradicionais. “O jeito mais seguro para não ser hackeado é ficar offline”, comentou Brandstaetter.</p>\r\n<p>De acordo com o governo dos EUA, o número de ataques de ransomware quadruplicou em 2016, para uma média de quatro mil por dia.</p>', 'images/2017/02/hackers-trancam-quartos-de-hotel-e-exigem-resgate-em-bitcoin-1486379788.jpg', NULL, '2017-02-06 11:15:00', 1, 1, NULL, '14', '2018-10-10 12:24:46', 1, 'post', NULL, NULL, NULL),
(53, 'software-identifica-cancer-de-pele-tao-bem-quanto-medicos', 'Software identifica câncer de pele tão bem quanto médicos', 'Um programa de computador surpreendeu os cientistas por sua eficácia em detectar o tipo de câncer com maior incidência no Brasil', '<p>Concebido por pesquisadores da Universidade de Stanford, nos Estados Unidos, esse programa usa inteligência artificial para identificar quais lesões cutâneas merecem mais atenção dos médicos. O funcionamento é simples: com uma foto, o software consegue detectar se uma mancha ou pinta deve ou não ser investigada.</p>\r\n<p>Por trás da aparente simplicidade está um time de cientistas que teve de criar um banco de imagens com mais ou menos 130 mil imagens de doenças de pele. Depois disso, mais um desafio: ensinar um sistema criado para diferenciar cachorros e gatos a detectar câncer de pele.</p>\r\n<p>Sim, o software foi originalmente criado pelo Google para distinguir os rostos de cachorros e gatos — mas essa nova função parece ser bem mais útil. “Em vez de escrever em códigos de computador exatamente o que procurar, nós deixamos que o algoritmo ache sozinho”, explica Andre Esteva, um dos autores da pesquisa, em comunicado.</p>\r\n<p>Na fase de testes, 21 dermatologistas analisaram 370 fotografias de lesões cancerosas ou não. Eles teriam que dizer quais alterações deveriam seguir para biópsia. Para surpresa dos cientistas, as performances dos médicos e da máquina foram bastante parecidas.</p>\r\n<p>“O objetivo não é substituir os médicos e nem o diagnóstico. O que estamos replicando é uma espécie das duas primeiras projeções iniciais que um dermatologista pode realizar”, disse Esteva ao jornal The Guardian.</p>\r\n<p>A máquina, claro, ainda precisa ser aperfeiçoada e testada em outras investigações. No futuro, a meta da equipe é criar um aplicativo para celular com essa inteligência artificial. “Todos vão ter um super computador no bolso, com vários sensores, incluindo câmeras. E se nós pudermos usar isso para detectar o câncer de pele?”, comentou Esteva.</p>', 'images/2017/02/software-identifica-cancer-de-pele-tao-bem-quanto-medicos-1486380240.jpg', NULL, '2017-02-06 11:23:00', 1, 1, NULL, '19', '2020-01-16 16:28:01', 1, 'post', NULL, NULL, NULL),
(54, 'dss-aplicado-na-semana-de-19-a-25-de-dezembro-16', 'DSS aplicado na semana de 19 a 25 de Dezembro/16', 'DSS aplicado na semana de 19 a 25 de Dezembro/16', '<p><em>Tema: Como manter a segurança na manutenção.</em></p>\r\n<p> </p>\r\n<p><img style="float: left;" title="DSS aplicado na semana de 19 a 25 de Dezembro/16" src="http://192.168.10.240:82/jornal-ti/uploads/images/2017/02/54-1486381616.jpg" alt="DSS aplicado na semana de 19 a 25 de Dezembro/16" /></p>', 'images/2017/02/dss-aplicado-na-semana-de-19-a-25-de-dezembro-16-1486381582.png', NULL, '2016-12-19 11:45:00', 1, 5, NULL, '2', '2017-02-07 14:41:36', 1, 'post', NULL, NULL, NULL),
(55, 'dss-aplicado-na-semana-de-26-a-31-de-dezembro-16', 'DSS aplicado na semana de 26 a 31 de Dezembro/16', 'DSS aplicado na semana de 26 a 31 de Dezembro/16', '<p><em>Tema: A experiência e o excesso de confiança.</em></p>\r\n<p> </p>\r\n<p><img title="DSS aplicado na semana de 26 a 31 de Dezembro/16" src="http://192.168.10.240:82/jornal-ti/uploads/images/2017/02/55-1486381697.jpg" alt="DSS aplicado na semana de 26 a 31 de Dezembro/16" /></p>\r\n<p> </p>\r\n<p> </p>', 'images/2017/02/dss-aplicado-na-semana-de-26-a-31-de-dezembro-16-1486381662.png', NULL, '2016-12-26 11:47:00', 1, 5, NULL, '3', '2017-02-06 18:15:46', 1, 'post', NULL, NULL, NULL),
(57, 'dss-aplicado-na-semana-de-02-a-08-de-janeiro-17', 'DSS aplicado na semana de 02 a 08 de Janeiro/17', 'DSS aplicado na semana de 02 a 08 de Janeiro/17', '<p><em>Tema: Rumo a 365 dias sem acidentes do Trabalho!!!</em></p>\r\n<p> </p>\r\n<p><img title="DSS aplicado na semana de 02 a 08 de Janeiro/17" src="http://192.168.10.240:82/jornal-ti/uploads/images/2017/02/57-1486404794.jpg" alt="DSS aplicado na semana de 02 a 08 de Janeiro/17" /></p>', 'images/2017/02/dss-aplicado-na-semana-de-02-a-08-de-janeiro-17-1486404751.png', NULL, '2017-01-02 18:11:00', 1, 5, NULL, '0', NULL, 1, 'post', NULL, NULL, NULL),
(58, 'dss-aplicado-na-semana-de-09-a-15-de-janeiro-17', 'DSS aplicado na semana de 09 a 15 de Janeiro/17', 'DSS aplicado na semana de 09 a 15 de Janeiro/17', '<p><em>Tema: Importância do uso do EPI.</em></p>\r\n<p> </p>\r\n<p><img title="DSS aplicado na semana de 09 a 15 de Janeiro/17" src="http://192.168.10.240:82/jornal-ti/uploads/images/2017/02/58-1486404882.jpg" alt="DSS aplicado na semana de 09 a 15 de Janeiro/17" /></p>', 'images/2017/02/dss-aplicado-na-semana-de-09-a-15-de-janeiro-17-1486404835.png', NULL, '2017-01-09 18:13:00', 1, 5, NULL, '4', '2017-12-07 12:03:10', 1, 'post', NULL, NULL, NULL),
(59, 'dss-aplicado-na-semana-de-16-a-22-de-janeiro-17', 'DSS aplicado na semana de 16 a 22 de Janeiro/17', 'DSS aplicado na semana de 16 a 22 de Janeiro/17', '<p><em>Tema: Acidentar-se trabalhando? Sai dessa. </em></p>\r\n<p> </p>\r\n<p><em><img title="DSS aplicado na semana de 16 a 22 de Janeiro/17" src="http://192.168.10.240:82/jornal-ti/uploads/images/2017/02/59-1486476287.jpg" alt="DSS aplicado na semana de 16 a 22 de Janeiro/17" /></em></p>\r\n<p> </p>\r\n<p> </p>', 'images/2017/02/dss-aplicado-na-semana-de-16-a-22-de-janeiro-17-1486476228.png', NULL, '2017-01-16 14:03:00', 1, 5, NULL, '6', '2018-10-08 18:08:19', 1, 'post', NULL, NULL, NULL),
(60, 'dss-aplicado-na-semana-de-23-a-29-de-janeiro-17', 'DSS aplicado na semana de 23 a 29 de Janeiro/17', 'DSS aplicado na semana de 23 a 29 de Janeiro/17', '<p><em>Tema: Um diálogo permanente sobre segurança no trabalho.</em></p>\r\n<p> </p>\r\n<p><em><img title="DSS aplicado na semana de 23 a 29 de Janeiro/17" src="http://192.168.10.240:82/jornal-ti/uploads/images/2017/02/60-1486478409.jpg" alt="DSS aplicado na semana de 23 a 29 de Janeiro/17" /> </em></p>', 'images/2017/02/dss-aplicado-na-semana-de-23-a-29-de-janeiro-17-1486478366.png', NULL, '2017-01-23 14:38:00', 1, 5, NULL, '6', '2018-10-11 17:42:05', 1, 'post', NULL, NULL, NULL),
(61, 'dss-aplicado-na-semana-de-30-de-janeiro-a-05-de-fevereiro-17', 'DSS aplicado na semana de 30 de Janeiro a 05 de Fevereiro/17', 'DSS aplicado na semana de 30 de Janeiro a 05 de Fevereiro/17', '<p><em>Tema: Ordem, limpeza e arrumação! Aliados da prevenção.</em></p>\r\n<p> </p>\r\n<p><em><img title="DSS aplicado na semana de 30 de Janeiro a 05 de Fevereiro/17" src="http://192.168.10.240:82/jornal-ti/uploads/images/2017/02/61-1486478536.jpg" alt="DSS aplicado na semana de 30 de Janeiro a 05 de Fevereiro/17" /></em></p>', 'images/2017/02/dss-aplicado-na-semana-de-30-de-janeiro-a-05-de-fevereiro-17-1486478492.png', NULL, '2017-01-30 14:40:00', 1, 5, NULL, '2', '2018-10-11 17:44:15', 1, 'post', NULL, NULL, NULL),
(62, 'dss-aplicado-na-semana-de-06-a-12-de-fevereiro-17', 'DSS aplicado na semana de 06 a 12 de Fevereiro/17', 'DSS aplicado na semana de 06 a 12 de Fevereiro/17', '<p><em>Tema: Adornos Pessoais - Bonitos mais perigosos.</em></p>\r\n<p> </p>\r\n<p><em><img title="DSS aplicado na semana de 06 a 12 de Fevereiro/17" src="http://192.168.10.240:82/jornal-ti/uploads/images/2017/02/62-1486478634.jpg" alt="DSS aplicado na semana de 06 a 12 de Fevereiro/17" /></em></p>', 'images/2017/02/dss-aplicado-na-semana-de-06-a-12-de-fevereiro-17-1486478584.png', NULL, '2017-02-06 14:42:00', 1, 5, NULL, '26', '2019-09-30 20:09:23', 1, 'post', NULL, NULL, NULL),
(63, 'wannacry-o-ransomware-que-fez-o-mundo-chorar-na-sexta-feira-12-05-17', 'WannaCry, o ransomware que fez o mundo chorar na sexta-feira (12/05/17)', 'WannaCry, o ransomware que fez o mundo chorar na sexta-feira (12/05/17)', '<p>WannaCry é o ransomware que colocou boa parte do mundo (incluindo o Brasil) em um caos enorme, paralisando grandes órgãos, como o Ministério Público do Estado de São Paulo (MPSP), o TJSP, o INSS e muitos outros, afetando principalmente a Europa no começo do dia. Mas afinal, o que é o WannaCry?</p>\r\n<p>De uma forma resumida, trata-se de um ransomware (um malware que “sequestra” arquivos das máquinas ao criptografá-los, e, posteriormente, pedem dinheiro para devolver os arquivos) com a extensão .WCRY que está utilizando exploits do Windows Server 2003, se infiltrando pelo código remoto em execução SMBv2 do sistema operacional. Contudo, essa infiltração maliciosa já é um pouco antiga e surgiu em meados de abril, e a Microsoft lançou patches para prevenir ataques como esse.</p>\r\n<p> </p>\r\n<p><img title="WannaCry, o ransomware que fez o mundo chorar na sexta-feira (12/05/17)" src="http://192.168.10.240:82/jornal-ti/uploads/images/2017/05/63-1494846893.jpg" alt="WannaCry, o ransomware que fez o mundo chorar na sexta-feira (12/05/17)" /></p>\r\n<p> </p>\r\n<p>Entretanto, por se tratar de instituições públicas e de infraestrutura antiga, há um tempo de delay muito grande entre uma atualização e outra por parte da equipe, algo que afeta muitos servidores mundiais até agora (maio). Por conta dessa brecha, hospitais, organizações federais e estatais, e muitos outros.</p>\r\n<ul>\r\n<li>Existe a possibilidade que cibercriminosos tenham utilizado a ferramenta de vigilância da NSA, vazada alguns meses atrás, para desenvolver um trabalho no WannaCry, de acordo com rumores na internet</li>\r\n</ul>\r\n<p>A ideia é que os preços cobrados pelos “resgates” sejam relativamente baixos para que a as empresas não tenham dores de cabeça. Por conta disso, o ransomware segue automaticamente procurando computadores vulneráveis que tenham o Windows Server 2003 sem o último patch. Na quantidade, os responsáveis (que ainda não se sabe quem são, mas se suspeita que venha da China). Caso você tenha qualquer dúvida de como isso pode afetar você, acesse esse link para ter mais informações.</p>\r\n<p> </p>\r\n<p><img title="WannaCry, o ransomware que fez o mundo chorar na sexta-feira (12/05/17)" src="http://192.168.10.240:82/jornal-ti/uploads/images/2017/05/63-1494846966.jpg" alt="WannaCry, o ransomware que fez o mundo chorar na sexta-feira (12/05/17)" /></p>\r\n<p> </p>\r\n<p>Acompanhe abaixo a nota que a Microsoft nos enviou sobre o caso:</p>\r\n<p>"Hoje, os nossos engenheiros adicionaram funções de detecção e proteção contra um novo software malicioso, conhecido como Ransom:Win32.WannaCrypt. Em março, nós fornecemos proteção adicional contra malwares dessa natureza, com uma atualização de segurança que impede a sua propagação através de redes. Aqueles que estiverem utilizando o nosso antivírus gratuito e tenham habilitado o Windows Update estão protegidos. Estamos trabalhando junto aos nossos clientes para fornecer assistência adicional."</p>', 'images/2017/05/wannacry-o-ransomware-que-fez-o-mundo-chorar-na-sexta-feira-12-05-17-1494846812.jpg', NULL, '2017-05-15 11:13:00', 1, 1, NULL, '32', '2018-10-11 17:43:49', 1, 'post', NULL, NULL, NULL);

-- --------------------------------------------------------

--
-- Estrutura da tabela `ws_posts_images`
--

CREATE TABLE `ws_posts_images` (
  `post_id` int(11) UNSIGNED DEFAULT NULL,
  `id` int(11) UNSIGNED NOT NULL,
  `image` varchar(255) DEFAULT NULL
) ENGINE=InnoDB DEFAULT CHARSET=utf8;

--
-- Extraindo dados da tabela `ws_posts_images`
--

INSERT INTO `ws_posts_images` (`post_id`, `id`, `image`) VALUES
(2, 1, 'images/2016/08/2-1470762586.jpg'),
(2, 2, 'images/2016/08/2-1470768086.jpg'),
(20, 3, 'images/2016/08/20-1471263001.jpg'),
(27, 4, 'images/2016/08/27-1471863609.jpg'),
(28, 5, 'images/2016/08/28-1472567018.jpg'),
(29, 6, 'images/2016/08/29-1472567379.jpg'),
(30, 7, 'images/2016/08/30-1472585489.jpg'),
(31, 8, 'images/2016/08/31-1472585560.jpg'),
(32, 9, 'images/2016/09/32-1473074229.jpg'),
(33, 10, 'images/2016/09/33-1473074349.jpg'),
(34, 11, 'images/2016/09/34-1473678246.jpg'),
(36, 12, 'images/2016/09/36-1474887390.jpg'),
(37, 13, 'images/2016/09/37-1474887566.jpg'),
(38, 14, 'images/2016/10/38-1475493709.jpg'),
(39, 15, 'images/2016/10/39-1476196466.jpg'),
(40, 16, 'images/2016/10/40-1476700189.jpg'),
(41, 17, 'images/2016/10/41-1476871756.jpg'),
(41, 18, 'images/2016/10/41-1476871855.jpg'),
(42, 19, 'images/2016/10/42-1477672559.jpg'),
(43, 20, 'images/2016/12/43-1480932128.jpg'),
(44, 21, 'images/2016/12/44-1480932319.jpg'),
(45, 22, 'images/2016/12/45-1480945644.jpg'),
(46, 23, 'images/2016/12/46-1480945713.jpg'),
(47, 24, 'images/2016/12/47-1481735656.jpg'),
(49, 25, 'images/2016/12/49-1481739918.jpg'),
(50, 26, 'images/2016/12/50-1481740009.jpg'),
(52, 27, 'images/2017/02/52-1486379863.jpg'),
(54, 28, 'images/2017/02/54-1486381616.jpg'),
(55, 29, 'images/2017/02/55-1486381697.jpg'),
(57, 30, 'images/2017/02/57-1486404794.jpg'),
(58, 31, 'images/2017/02/58-1486404882.jpg'),
(59, 32, 'images/2017/02/59-1486476287.jpg'),
(60, 33, 'images/2017/02/60-1486478409.jpg'),
(61, 34, 'images/2017/02/61-1486478536.jpg'),
(62, 35, 'images/2017/02/62-1486478634.jpg'),
(63, 36, 'images/2017/05/63-1494846893.jpg'),
(63, 37, 'images/2017/05/63-1494846966.jpg');

-- --------------------------------------------------------

--
-- Estrutura da tabela `ws_products`
--

CREATE TABLE `ws_products` (
  `pdt_id` int(11) UNSIGNED NOT NULL,
  `pdt_code` varchar(255) NOT NULL DEFAULT '',
  `pdt_parent` int(11) UNSIGNED DEFAULT NULL,
  `pdt_title` varchar(255) DEFAULT NULL,
  `pdt_name` varchar(255) DEFAULT NULL,
  `pdt_ip` varchar(255) DEFAULT NULL,
  `pdt_user` varchar(255) DEFAULT NULL,
  `pdt_licencewin` varchar(255) DEFAULT '',
  `pdt_brand` int(11) UNSIGNED DEFAULT NULL,
  `pdt_category` int(11) UNSIGNED DEFAULT NULL,
  `pdt_subcategory` int(11) UNSIGNED DEFAULT NULL,
  `pdt_created` timestamp NULL DEFAULT NULL,
  `pdt_views` decimal(10,0) DEFAULT '0',
  `pdt_lastview` timestamp NULL DEFAULT NULL,
  `pdt_status` int(11) NOT NULL DEFAULT '1',
  `pdt_licenceoffice` varchar(255) DEFAULT NULL,
  `pdt_versionoffice` varchar(255) DEFAULT NULL,
  `pdt_servicetag` varchar(255) DEFAULT NULL,
  `pdt_desc` varchar(255) DEFAULT NULL
) ENGINE=InnoDB DEFAULT CHARSET=utf8;

--
-- Extraindo dados da tabela `ws_products`
--

INSERT INTO `ws_products` (`pdt_id`, `pdt_code`, `pdt_parent`, `pdt_title`, `pdt_name`, `pdt_ip`, `pdt_user`, `pdt_licencewin`, `pdt_brand`, `pdt_category`, `pdt_subcategory`, `pdt_created`, `pdt_views`, `pdt_lastview`, `pdt_status`, `pdt_licenceoffice`, `pdt_versionoffice`, `pdt_servicetag`, `pdt_desc`) VALUES
(3, '', NULL, 'L264', 'l264', '192.168.10.186', 'Eduardo Zani', 'Ativado Windows 10', 2, 2, 3, '2017-02-04 19:20:55', '0', NULL, 0, 'TPJN4-9X43F-MYJ49-WCRKD-PYQTQ', '2013', '2R2J542', 'Dell OptiPlex 3020'),
(4, '', NULL, 'L152', 'l152', '192.168.10.28', 'Leticia (Mirim)', NULL, 3, 2, 3, NULL, '0', NULL, 0, NULL, NULL, '9TZZ9R1', 'Dell OptiPlex 790'),
(5, '', NULL, 'L252', 'l252', '192.168.14.84', 'Alécio', NULL, 19, 2, 3, NULL, '0', NULL, 0, 'Libre Office', 'N/A', '26JNKZ1', 'Dell OptiPlex 3010'),
(6, '', NULL, 'L167', 'l167', '192.168.14.64', 'Mirin ', 'TQ4J6-8DP6M-KCY2X-XY3BB-78D8W', 25, 2, 3, NULL, '0', NULL, 0, 'DYCC8-YVBCT-8G3CJ-QMXHJ-QTX2Y', '2010', 'DXZZ9R1', 'Dell OptiPlex 790'),
(7, '', NULL, 'L227', 'l227', '192.168.14.30', 'Paulo Lacerda', NULL, 40, 2, 3, NULL, '0', NULL, 0, 'TNHF9-XYF6M-MRBKH-939QQ-628C3', '2013', '2YHNKZ1', 'Dell OptiPlex 3010'),
(8, '', NULL, 'L094', 'l094', '192.168.15.135', 'Alexandre Jorge', '849WV-Q8YXJ-68M33-6QGMC-3CGGX ///// ', 30, 2, 3, NULL, '0', NULL, 0, 'QNCR4-WC984-YG6P7-CWQ66-BPW9D', '2013', 'HSNBJN1', 'Dell OptiPlex 780'),
(9, '', NULL, 'L045', 'l045', '192.168.10.111', 'Alexandre Santa Barbara', NULL, 25, 2, 5, NULL, '0', NULL, 0, 'NJ7WQ-3MY7W-THHXB-FC78T-QYFP3', '2013', NULL, 'Notebook Dell'),
(10, '', NULL, 'L210', 'l210', '192.168.10.166', 'Debora Fernandes', NULL, 32, 2, 5, NULL, '0', NULL, 0, '4KMJJ-VNTX9-2C679-FW4WW-QC8C3', '2013', '4GSZZX1', 'Dell Inspiron 5423'),
(11, '', NULL, 'L046', 'l046', '192.168.14.97', 'Balanca 4', 'N/A', 17, 2, 3, NULL, '0', NULL, 0, 'Libre Office', 'N/A', 'N/A', 'Linha 7 e 8 - Via Rosa'),
(12, '', NULL, 'L157', 'l157', '192.168.10.16', 'Giovanna Santos', NULL, 2, 2, 3, NULL, '0', NULL, 0, '4K4KK-NYPYH-F9T8M-V6DFD-BG7GQ', '2013', 'DTZZ9R1', 'Dell OptiPlex 790'),
(14, '', NULL, 'L009', 'l009', '192.168.10.119', 'Amostra (carregamento)', NULL, 41, 2, 3, NULL, '0', NULL, 0, 'GJV7N-W63TH-73997-TV239-DYFP3', '2013', NULL, NULL),
(15, '', NULL, 'L159', 'l159', '192.168.14.210', 'Mirim (Paulo)', 'D7FDY-K877J-8Y4Q9-3TR8X-9RHC6', 16, 2, 3, NULL, '0', NULL, 0, 'C4PJP-F2JVR-9JD48-V22BV-72W86', '2010', 'BXZZ9R1', 'Dell OptiPlex 790'),
(16, '', NULL, 'L173', 'l173', '192.168.10.174', 'Andre Kantovitz', NULL, 8, 2, 5, NULL, '0', NULL, 0, NULL, NULL, NULL, NULL),
(17, '', NULL, 'L179', 'l179', '192.168.10.26', 'CPD - Manutenção', NULL, 2, 2, 3, NULL, '0', NULL, 0, 'MJ2N3-DYQ8B-QDDWQ-6CTM8-33TKD', '2013', 'N/A', NULL),
(18, '', NULL, 'L077', 'l077', '192.168.10.76', 'Estoque 2', NULL, 42, 2, 3, NULL, '0', NULL, 0, 'Libre Office', 'N/A', 'FZXF5P1', 'Dell OptiPlex 780'),
(19, '', NULL, 'L243', 'l243', '192.168.15.130', 'Auditorio ', NULL, 25, 2, 5, NULL, '0', NULL, 0, '2M9TT-N9BM3-962K4-JRJGJ-2GWC3', '2013', '9RYLF22', 'Dell Inspiron 3442'),
(20, '', NULL, 'L109', 'l109', '192.168.13.172', 'MIRIM ', '849WV-Q8YXJ-68M33-6QGMC-3CGGX', 22, 2, 3, NULL, '0', NULL, 0, 'FBP8K-3NQRX-94P83-73BPX-DYFP3 ', '2013', NULL, 'Dell OptiPlex 780'),
(21, '', NULL, 'L124', 'l124', NULL, 'Balanca 3', NULL, 17, 2, 3, NULL, '0', NULL, 0, 'N/A', 'N/A', NULL, 'Dell OptiPlex 780 - LINHA 3 e 4'),
(22, '', NULL, 'L044', 'l044-22', '192.168.14.50', 'Balanca 2', NULL, 17, 2, 3, NULL, '0', NULL, 0, 'Libre Office', 'N/A', 'N/A', 'LINHA 3 e 4 - da Via Rosa'),
(23, '', NULL, 'L153', 'l153', '192.168.14.13', 'Balanca 1', 'Q9PTF-G7HHY-KF9YK-T6GKF-HDPBC', 17, 2, 3, NULL, '0', NULL, 0, 'Libre Office', 'N/A', 'N/A', 'LINHA 1 e 2'),
(24, '', NULL, 'L069', 'l069', '192.168.14.109', 'Balanca 4', 'H2M9B-3KP8Y-DF4KB-DMF87-WCY7D', 17, 2, 3, NULL, '0', NULL, 0, 'Libre Office', 'N/A', '	44GY0Q1', 'Dell OptiPlex 780 - LINHA 7 e 8'),
(25, '', NULL, 'L127', 'l127', NULL, 'Balança linha 5 e 6', 'TFCBY-7CK7Y-CKJBK-F4HXT-3HYG8', 17, 2, 3, NULL, '0', NULL, 0, 'N/A', 'N/A', NULL, 'Dell OptiPlex 330'),
(26, '', NULL, 'L047', 'l047', '192.168.14.190', NULL, '6TBQY-2VT3T-D7CY9-DMD3R-XY9B6', 14, 2, 3, NULL, '0', NULL, 0, NULL, '2013', '8YWJ6K1', 'Dell OptiPlex 760'),
(27, '', NULL, 'L043', 'l043', '192.168.10.9', 'Aline', NULL, 24, 2, 3, NULL, '0', NULL, 0, 'DF84J-YRNH8-R88DV-MDY4R-HQTKD', '2013', NULL, NULL),
(28, '', NULL, 'L096', 'l096', '192.168.14.34', 'Balcão', 'Q9PTF-G7HHY-KF9YK-T6GKF-HDPBC', 15, 2, 3, NULL, '0', NULL, 0, 'Libre', 'N/A', 'HXWJ6K1', 'Dell OptiPlex 760'),
(31, '', NULL, 'L268', 'l268', '192.168.14.254', 'Claudinei Borges', NULL, 15, 2, 5, NULL, '0', NULL, 0, '33BW8-NW64Q-RDPH8-28RJY-X4PXC', '2013', '3NKP862', 'Dell Latitude 3450'),
(32, '', NULL, 'L296', 'l296', '192.168.14.219 (Wi-fi)', 'Claudio Okoti', 'Q9PTF-G7HHY-KF9YK-T6GKF-HDPBC', 9, 2, 5, NULL, '0', NULL, 0, 'N49K3-86RJM-4HG6F-M2KFC-W2K6Q', '2013', 'HXWWFP2', 'Dell Inspiron P74G'),
(33, '', NULL, 'L242', 'l242', '192.168.14.62', NULL, NULL, 19, 2, 3, NULL, '0', NULL, 0, 'Libre Office', 'N/A', 'N/A', 'Painel do Forno LEF'),
(34, '', NULL, 'L078', 'l078', '192.168.10.78', 'Compostagem (Estoque LEF)', NULL, NULL, NULL, 3, NULL, '0', NULL, 1, NULL, NULL, NULL, NULL),
(35, '', NULL, 'L161', 'l161', NULL, 'Victor Moura', NULL, 27, 2, 3, NULL, '0', NULL, 0, 'Libre', NULL, NULL, 'Dell OptiPlex 3010'),
(36, '', NULL, 'L244', 'l244', '192.168.14.0', 'Luiz ', NULL, 28, 2, 3, NULL, '0', NULL, 0, 'Libre Office', 'N/A', '42JNKZ1', 'Dell OptiPlex 3010'),
(37, '', NULL, 'L200', 'l200', '192.168.14.21', 'Camera da Portaria', 'W9X4D-MY2RX-YC6V7-D94JV-WKKQG', 11, 2, 3, NULL, '0', NULL, 0, 'Libre Office', 'N/A', 'N/A', 'Microsoft Corporation'),
(38, '', NULL, 'L233', 'l233', '192.168.14.52', 'Daniela Correa', NULL, 26, 2, 3, NULL, '0', NULL, 0, 'WBN6G-M4XPD-8XDCX-G2J6X-T8X6Q', '2013', '3BJNKZ1', 'Dell OptiPlex 3010'),
(39, '', NULL, 'L226', 'l226', '192.168.14.25', 'Danilo Providello', NULL, 29, 2, 3, NULL, '0', NULL, 0, 'Q47BN-4CPW9-CQYWB-PJMVK-2YQTQ', '2013', '97JNKZ1', 'Dell OptiPlex 3010'),
(40, '', NULL, 'L245', 'l245', '192.168.14.14', 'Danilo Providello', NULL, 28, 2, 3, NULL, '0', NULL, 0, '9N7CD-FDDDY-PYRRM-VH8C7-YY4PD', '2016 informatica@lef...', '68JNKZ1', 'Dell OptiPlex 3010'),
(41, '', NULL, 'L150', 'l150', '192.168.14.101', 'Debora Fernandes', 'H9D4Q-KFKHK-6T4QF-MBRTW-XBMWV', 32, 2, 5, NULL, '0', NULL, 0, '6Q732-GV9HX-3QC9W-3VY28-QHYKR', '2010', 'N/A', 'Acer Aspire 5740'),
(42, '', NULL, 'L080', 'l080', '192.168.14.22', 'Mirim - Cobrança', 'C6G4J-FMHBW-7PQDK-G4DPQ-PWX4X', 7, 2, 3, NULL, '0', NULL, 0, NULL, NULL, 'BKGY0Q1', 'Dell OptiPlex 780'),
(43, '', NULL, 'L236', 'l236', '192.168.14.49', 'Deivid', NULL, 35, 2, 3, NULL, '0', NULL, 0, 'Libre Office', 'N/A', 'G0JNKZ1', 'Dell OptiPlex 3010'),
(44, '', NULL, 'L139', 'l139', '192.168.10.104', 'Deivid (Notebook)', NULL, NULL, NULL, 5, NULL, '0', NULL, 1, NULL, NULL, NULL, NULL),
(45, '', NULL, 'L119', 'l119', '192.168.14.20', 'Departamento Tecnico Via rosa', NULL, 40, 2, 3, NULL, '0', NULL, 0, '629JH-NVBXW-RFCR4-KVYGR-Q9JC3', '2013', NULL, NULL),
(46, '', NULL, 'L230', 'l230', '192.168.14.40', 'Fabio (Recebimento)', NULL, 15, 2, 3, NULL, '0', NULL, 0, 'Libre Office', 'N/A', '3CJNKZ1', 'Dell OptiPlex 3010'),
(47, '', NULL, 'L018', 'l018', '192.168.14.31', 'Alécio Favero', NULL, 30, 2, 3, NULL, '0', NULL, 0, 'Libre Office', 'N/A', NULL, NULL),
(48, '', NULL, 'L214', 'l214', '192.168.15.11', 'Dr. Paulo Victorino', 'HY7DJ-YCYX9-D8G32-WP9YY-7XR9Q', 14, 2, 5, NULL, '0', NULL, 0, 'WWFMR-TNWPP-KD9YH-VH8YH-FJM23', '2013', 'GYGNKZ1', 'Dell Inspiron 5437'),
(49, '', NULL, 'L229', 'l229', '192.168.14.41', 'Drielle Marques', NULL, 5, 2, 3, NULL, '0', NULL, 0, '6834N-BW2WX-KM9FT-RDJMP-27GKD', '2013', 'H9JNKZ1', 'Dell OptiPlex 3010'),
(50, '', NULL, 'L232', 'l232', '192.168.14.43', 'Eder Piologo', NULL, 4, 2, 3, NULL, '0', NULL, 0, 'HWNYY-RTTGG-YDKFQ-MKXHW-Q67GQ', '2013', '73JNKZ1', 'Dell OptiPlex 3010'),
(51, '', NULL, 'L238', 'l238', '192.168.14.123', 'Ademílson', NULL, 3, 2, 3, NULL, '0', NULL, 0, 'NCX6P-8B9FV-JV74M-MVBCQ-TCK6Q', '2013', 'JPGDY02', 'Dell XPS 8700'),
(53, '', NULL, 'L220', 'l220', NULL, 'Marcio Coelho', NULL, 32, 2, 5, NULL, '0', NULL, 0, 'XFRGG-2HNRK-3Q26T-JDPKT-VCB23', '2013', '2YGNKZ1', 'Dell Inspiron 5437'),
(54, '', NULL, 'L235', 'l235', '192.168.14.45', 'Lider Escolha', NULL, 37, 2, 3, NULL, '0', NULL, 0, 'CBNKG-66G3B-4FKV3-WH689-XKVGQ', '2013', '7CJNKZ1', 'Dell OptiPlex 3010'),
(55, '', NULL, 'L247', 'l247', '192.168.14.74', 'Emerson Riva', NULL, 29, 2, 3, NULL, '0', NULL, 0, 'Libre Office', 'N/A', 'D2JNKZ1', 'Dell OptiPlex 3010'),
(56, '', NULL, 'L098', 'l098', '192.168.14.52', 'Talita', NULL, 25, 2, 3, NULL, '0', NULL, 0, '2TWYK-QY7QD-HH3CT-WBKQG-XVRPB', '2010', 'FJ1GFN1', 'Dell OptiPlex 780'),
(57, '', NULL, 'L055', 'l055', '192.168.10.177', 'Espirometria', 'J9FPH-RDKV8-WWYX2-R4XPB-WT3VQ', 26, 2, 3, NULL, '0', NULL, 0, NULL, NULL, 'JF31HM1', 'Dell OptiPlex 780'),
(58, '', NULL, 'L016', 'l016', '192.168.14.58', 'Geraldo Rocha', NULL, 22, 2, 3, NULL, '0', NULL, 0, NULL, NULL, NULL, NULL),
(59, '', NULL, 'L186', 'l186', '192.168.14.37', 'Estoque 10 ', NULL, 38, 2, 3, NULL, '0', NULL, 0, '8CKN6-H8MYF-PMPFM-3YDQ8-K2B23', '2013', 'N/A', NULL),
(60, '', NULL, 'L041', 'l041', '192.168.14.87', 'Estoque 4', NULL, 30, 2, 3, NULL, '0', NULL, 0, NULL, NULL, NULL, NULL),
(62, '', NULL, 'L188', 'l188', '192.168.14.99', 'Estoque 2', NULL, 37, 2, 3, NULL, '0', NULL, 0, 'Libre Office', 'N/A', 'N/A', NULL),
(63, '', NULL, 'L208', 'l208', '192.168.14.120', 'Estoque 2', NULL, 37, 2, 3, NULL, '0', NULL, 0, 'Libre Office', 'N/A', 'N/A', 'Linha 2'),
(64, '', NULL, 'L093', 'l093', '192.168.14.125', 'Estoque3 (Linha3)', NULL, NULL, NULL, 3, NULL, '0', NULL, 1, NULL, NULL, NULL, NULL),
(66, '', NULL, 'L038', 'l038', '192.168.13.97', 'Fabiano', NULL, 19, 2, 3, NULL, '0', NULL, 0, NULL, NULL, NULL, NULL),
(67, '', NULL, 'L178', 'l178', '192.168.10.146', 'Maquina HP - Esta no TI', NULL, NULL, NULL, 3, NULL, '0', NULL, 1, NULL, NULL, NULL, NULL),
(68, '', NULL, 'L195', 'l195', '192.168.14.35', 'Alexandre Freitas', NULL, 24, 2, 3, NULL, '0', NULL, 0, 'RV74N-8B8M4-R99M2-7XYK7-HXJC3', '2013', 'N/A', NULL),
(70, '', NULL, 'L017', 'l017', '192.168.15.36', NULL, NULL, 4, 2, 3, NULL, '0', NULL, 0, NULL, NULL, NULL, NULL),
(71, '', NULL, 'L259', 'l259', '192.168.14.171', 'Thainan', NULL, 23, 2, 3, NULL, '0', NULL, 0, 'QFYHB-PGNYX-BFG3Y-PQ7MW-RX6KD', '2013', '99JNKZ1', 'Dell OptiPlex 3010'),
(72, '', NULL, 'L237', 'l237', '192.168.14.48', 'Luiz Oliveira', NULL, 41, 2, 3, NULL, '0', NULL, 0, 'BD3QN-VT9Y8-C2K4T-JMDHH-M4DTQ', '2013', '39JNKZ1', 'Dell OptiPlex 3010'),
(73, '', NULL, 'L185', 'l185', '192.168.10.190', 'Estoque 8', NULL, 36, 2, 3, NULL, '0', NULL, 0, 'Libre Office', 'N/A', 'N/A', NULL),
(74, '', NULL, 'L050', 'l050', '192.168.14.89', 'Gabriela Carregamento', NULL, NULL, NULL, 3, NULL, '0', NULL, 1, NULL, NULL, NULL, NULL),
(75, '', NULL, 'L182', 'l182', '192.168.14.229', 'CPD - Manuteção', NULL, 2, 2, 3, NULL, '0', NULL, 0, NULL, NULL, 'N/A', NULL),
(76, '', NULL, 'L156', 'l156', '192.168.14.103', 'Erick', NULL, 25, 2, 3, NULL, '0', NULL, 0, 'DYCC8-YVBCT-8G3CJ-QMXHJ-QTX2Y', '2010', 'JTZZ9R1', 'Dell OptiPlex 790'),
(77, '', NULL, 'L004', 'l004', '192.168.14.249', 'CPD Manutenção', 'P2XC2-FYP2J-TYDFH-QYR8W-84W7Y', 2, 2, 3, NULL, '0', NULL, 0, 'V63DF-9N2DK-4DXYQ-FTW67-2RY23', '2013', NULL, NULL),
(78, '', NULL, 'L084', 'l084', '192.168.14.80', 'Hudson', NULL, NULL, NULL, 3, NULL, '0', NULL, 1, NULL, NULL, NULL, NULL),
(79, '', NULL, 'L125', 'l125', '192.168.14.57', 'Jacob', NULL, 30, 2, 3, NULL, '0', NULL, 0, 'Libre Office', 'N/A', 'F13GFN1', 'Dell OptiPlex 780'),
(80, '', NULL, 'L104', 'l104', '192.168.14.96', 'Felipe Cruz', NULL, 24, 2, 3, NULL, '0', NULL, 0, '9PF98-NVFGV-C7P42-24WQX-WTWC3', '2013', 'CJ1GFN1', 'Dell OptiPlex 780'),
(83, '', NULL, 'L136', 'l136', '192.168.14.58', 'CPD-Manutenção', '77JCM-6X7KF-QQDXC-64H43-CQHPP', 2, 2, 3, NULL, '0', NULL, 0, NULL, 'N/A', '99JMQH1', 'Dell OptiPlex 330'),
(84, '', NULL, 'L026', 'l026', '192.168.14.77', 'Luiz Henrique', NULL, 21, 2, 3, NULL, '0', NULL, 0, 'NM8TT-CTF8T-22M8Q-G49TR-CRY23', '2013', NULL, NULL),
(85, '', NULL, 'L154', 'l154', '192.168.10.110', 'Joice Galdino', 'MQQVX-XQ77X-HXMDV-QRX8W-9R4KJ', 25, 2, 3, NULL, '0', NULL, 0, 'C4PJP-F2JVR-9JD48-V22BV-72W86', '2010', NULL, 'Dell OptiPlex 790'),
(86, '', NULL, 'L224', 'l224', '192.168.14.21', 'Jorge ', NULL, 28, 2, 3, NULL, '0', NULL, 0, 'Libre Office', 'N/A', '7BJNKZ1', 'Dell OptiPlex 3010'),
(87, '', NULL, 'L056', 'l056', '192.168.13.95', 'Balcão', '7WTKR-9BMQD-6PCG6-47V48-HCR9M', 15, 2, 3, NULL, '0', NULL, 0, 'Libre', 'N/A', NULL, 'Dell OptiPlex 780'),
(88, '', NULL, 'L072', 'l072', '192.168.10.55', 'Karina Ganassim', 'BW9FJ-TD263-XJHQ8-XJGJ6-CCGRK', 25, 2, 3, NULL, '0', NULL, 0, 'FF7DK-TNYQM-PFD9T-JT3VY-YWM23', '2013', 'GZXF5P1', 'Dell OptiPlex 780'),
(89, '', NULL, 'L263', 'l263', '192.168.14.213', 'Gabriela Souza', NULL, 15, 2, 3, NULL, '0', NULL, 0, '3DN4H-Y44DP-JCTHT-FF464-MWM23', '2013', '2QZB542', 'Dell OptiPlex 3020'),
(90, '', NULL, 'L262', 'l262', '192.168.14.212', 'Greice Santos', NULL, 16, 2, 3, NULL, '0', NULL, 0, NULL, NULL, '2R0B542', 'Dell OptiPlex 3020'),
(91, '', NULL, 'L241', 'l241', '192.168.14.61', 'Kleo', NULL, 4, 2, 3, NULL, '0', NULL, 0, NULL, NULL, '62JNKZ1', 'Dell OptiPlex 3010'),
(92, '', NULL, 'L257', 'l257', '192.168.14.68', 'André Luiz', 'H7DTR-G2P6H-TGQXT-PKH2G-VF4YY', 40, 2, 3, NULL, '0', NULL, 0, 'VDNB8-8RRV9-CHGYF-TKWR6-GMQTQ', '2013', '91JNKZ1', 'Dell OptiPlex 3010'),
(93, '', NULL, 'L090', 'l090', '192.168.14.78', 'Laboratorio LEF (HP)', NULL, NULL, NULL, 3, NULL, '0', NULL, 1, NULL, NULL, NULL, NULL),
(94, '', NULL, 'L265', 'l265', '192.168.13.160', 'Lucas Breve', NULL, 32, 2, 3, NULL, '0', NULL, 0, 'Libre', 'N/A', '2R1Z542', 'Dell OptiPlex 3020'),
(95, '', NULL, 'L158', 'l158', '192.168.14.71', 'Leonardo Covolam', NULL, 28, 2, 3, NULL, '0', NULL, 0, 'Libre Office', 'N/A', 'BVZZ9R1', 'Dell OptiPlex 790'),
(96, '', NULL, 'L255', 'l255', '192.168.15.72', 'Leonico Dutra', NULL, 32, 2, 3, NULL, '0', NULL, 0, NULL, NULL, '6ZHNKZ1', 'Dell OptiPlex 3010'),
(97, '', NULL, 'L039', 'l039', '192.168.14.134', 'Mirin', NULL, 12, 2, 3, NULL, '0', NULL, 0, NULL, NULL, '764LNQ1', 'Dell OptiPlex 780'),
(98, '', NULL, 'L163', 'l163', '192.168.14.169', 'Dr. Pedro - RH', NULL, 14, 2, 5, NULL, '0', NULL, 0, ' ', '2013', '7YY58S1', 'Dell Vostro 3450'),
(99, '', NULL, 'L267', 'l267', '192.168.14.100', 'Cassia Oliveira', NULL, 13, 2, 5, NULL, '0', NULL, 0, 'Y3QR6-BN4D8-GYC2H-JPTWM-R6WC2', '2013', NULL, NULL),
(100, '', NULL, 'L095', 'l095', '192.168.14.102', 'Maristela', NULL, 4, 2, 3, NULL, '0', NULL, 0, 'Libre', 'N/A', NULL, NULL),
(103, '', NULL, 'L272', 'l272', '192.168.10.95', 'Luiz Fernando Ortigossa', 'Q9PTF-G7HHY-KF9YK-T6GKF-HDPBC', 9, 2, 5, NULL, '0', NULL, 0, 'GHNHY-8CYBV-M4QW2-GRKK8-VH3TQ', '2013', 'Etiqueta de serviço: J72RVC2 Código de serviço expresso: 41786787170', 'Dell Inspiron 5558'),
(104, '', NULL, 'L168', 'l168', '192.168.14.2', 'Design', 'H3TDH-67X64-JGTTX-F4HJ9-X346Q', 34, 2, 3, NULL, '0', NULL, 0, 'N4M78-B8CT2-RPB9D-326T3-GFY23', '2013', 'BTZZ9R1', 'Dell OptiPlex 790'),
(105, '', NULL, 'L087', 'l087', '192.168.10.19', 'Maquina da Televisão (toninho)', NULL, NULL, NULL, 3, NULL, '0', NULL, 1, NULL, NULL, NULL, NULL),
(107, '', NULL, 'L070', 'l070', '192.168.10.217', 'Marco Machado', NULL, NULL, NULL, 3, NULL, '0', NULL, 1, NULL, NULL, NULL, NULL),
(108, '', NULL, 'L101', 'l101', '192.168.14.29', 'Marcos Momesso', 'Windows XP', 30, 2, 3, NULL, '0', NULL, 0, NULL, NULL, 'JSNBJN1', 'Dell OptiPlex 780'),
(109, '', NULL, 'L251', 'l251', '192.168.14.83', 'Marcos Paulo', NULL, 30, 2, 3, NULL, '0', NULL, 0, 'Libre Office', 'N/A', '82JNKZ1', 'Dell OptiPlex 3010'),
(110, '', NULL, 'L134', 'l134', NULL, 'Sesmt', 'C6TRH-Y4C4R-QJMXK-RHRF7-BFCDT', 26, 2, 3, NULL, '0', NULL, 0, NULL, '2013', 'N/A', 'Dell OptiPlex 760'),
(111, '', NULL, 'L034', 'l034', '192.168.14.56', 'Marta', NULL, 5, 2, 3, NULL, '0', NULL, 0, NULL, NULL, '62JNKZ1', 'Dell OptiPlex 3010'),
(112, '', NULL, 'L079', 'l079', '192.168.14.46', 'Geraldo Rocha', NULL, 22, 2, 3, NULL, '0', NULL, 0, 'informatica@lef.com.br ', '2016', 'HF31HM1', 'Dell OptiPlex 780'),
(113, '', NULL, 'L258', 'l258', '192.168.15.90', 'Marcio Ramos', NULL, 8, 2, 3, NULL, '0', NULL, 0, 'C4PJP-F2JVR-9JD48-V22BV-72W86', '2010', 'F1JNKZ1', 'Dell OptiPlex 3010'),
(114, '', NULL, 'L174', 'l174', '192.168.14.112', 'Estoque 8', NULL, 35, 2, 3, NULL, '0', NULL, 0, 'Libre Office', 'N/A', 'N/A', 'Intel Core i3'),
(115, '', NULL, 'L207', 'l207', '192.168.10.59', 'Maycon Detoni', 'KHVRR-THB9H-42KJT-HTTFB-9YQQK', 25, 2, 3, NULL, '0', NULL, 0, '93W66-NV78X-GBQXK-FBVF8-4VRP3', '2013', 'C3ZT5W1', 'Dell OptiPlex 3010'),
(117, '', NULL, 'L213', 'l213', '192.168.14.11', NULL, NULL, 12, 2, 3, NULL, '0', NULL, 0, 'Libre Office', 'N/A', 'J3ZT5W1', 'Dell OptiPlex 3010'),
(118, '', NULL, 'L141', 'l141', '192.168.14.179', 'Mirim', 'WX6M8-K7DCF-R6RY8-887BF-6HJBQ', 23, 2, 3, NULL, '0', NULL, 0, 'Libre', NULL, '58ZT3M1', 'Dell OptiPlex 780'),
(119, '', NULL, 'L216', 'l216', '192.168.14.186', 'Estoque 10', NULL, 29, 2, 3, NULL, '0', NULL, 0, 'Libre Office', 'N/A', 'N/A', 'Prensa - VS'),
(123, '', NULL, 'L013', 'l013', '192.168.10.30', 'Mirins (Sac)', NULL, 24, 2, 3, NULL, '0', NULL, 0, 'N4M82-T72GF-WJ2QD-M2KRK-FRDTQ', '2013', NULL, NULL),
(124, '', NULL, 'L117', 'l117', '192.168.13.196', 'Mirim', NULL, 32, 2, 3, NULL, '0', NULL, 0, 'KV2T3-KNTWG-8QGPR-CVPH6-PDHGQ', '2013', '34GY0Q1', 'Dell OptiPlex 780'),
(125, '', NULL, 'L266', 'l266', '192.168.15.146', 'Patricia Oliveira', NULL, 10, 2, 3, NULL, '0', NULL, 0, NULL, NULL, '2QZ1642', 'Dell OptiPlex 3020'),
(126, '', NULL, 'L022', 'l022', '192.168.10.196', 'estoque 2', NULL, 19, 2, 3, NULL, '0', NULL, 0, 'Libre Office', 'N/A', '7KGY0Q1', NULL),
(127, '', NULL, 'L183', 'l183', '192.168.14.172', 'Joice / Valcir', NULL, 25, 2, 5, NULL, '0', NULL, 0, NULL, NULL, NULL, 'Netbook Acer - Sala de Entrevistas'),
(128, '', NULL, 'L054', 'l054', '192.168.14.73', 'Estoque 10', NULL, 18, 2, 3, NULL, '0', NULL, 0, 'N/A', 'N/A', '3YWJ6K1', 'Dell OptiPlex 760'),
(129, '', NULL, 'L031', 'l031', '192.168.14.232', 'Manutenção', NULL, 31, 2, 5, NULL, '0', NULL, 0, NULL, NULL, NULL, NULL),
(130, '', NULL, 'L270', 'l270', '192.168.10.166', 'Rafael Cesar', '89VMM-BKDXK-QWVWT-786P4-983TH', 16, 2, 5, NULL, '0', NULL, 0, 'WMK7T-NVWV3-XB4VF-Q8TTQ-BG7GQ', '2013', 'C4QM172', 'Dell Inspiron 5000'),
(131, '', NULL, 'L008', 'l008', '192.168.14.2', 'Anderson Fustaino', NULL, 30, 2, 3, NULL, '0', NULL, 0, 'Libre', 'N/A', NULL, 'Dell OptiPlex 780'),
(132, '', NULL, 'L086', 'l086', '192.168.14.94', 'Laboratório ', NULL, NULL, NULL, 3, NULL, '0', NULL, 1, 'NX2GF-TT82B-H3RJM-FGG4W-D9JC3', '2013', NULL, NULL),
(133, '', NULL, 'L148', 'l148', '192.168.10.13', 'Paulinho laboratorio', NULL, NULL, NULL, 3, NULL, '0', NULL, 1, NULL, NULL, NULL, NULL),
(134, '', NULL, 'L209', 'l209', '192.168.14.5', 'DEPURADOR - VIA ROSA', NULL, 30, 2, 3, NULL, '0', NULL, 0, NULL, 'N/A', NULL, NULL),
(135, '', NULL, 'L099', 'l099', '192.168.14.10', 'Portaria', 'HY7DJ-YCYX9-D8G32-WP9YY-7XR9Q', 11, 2, 3, NULL, '0', NULL, 0, 'Libre Office', 'N/A', 'N/A', NULL),
(136, '', NULL, 'L118', 'l118', '192.168.14.91', 'Paul / Virgilio', NULL, 11, 2, 3, NULL, '0', NULL, 0, NULL, NULL, NULL, NULL),
(138, '', NULL, 'L133', 'l133', '192.168.10.179', 'Gabriel Henrique', NULL, 33, 2, 3, NULL, '0', NULL, 0, 'Libre Office', 'N/A', '89JMQH1', 'Dell OptiPlex 330'),
(139, '', NULL, 'L248', 'l248', '192.168.14.26', 'Damiao ', NULL, 11, 2, 3, NULL, '0', NULL, 0, 'Libre Office', 'N/A', 'HBJNKZ1', 'Dell OptiPlex 3010'),
(140, '', NULL, 'L275', 'l275-140', '192.168.15.165', 'Daiane', 'Windows 10', 5, 2, 3, NULL, '0', NULL, 0, 'MGJ89-D72QT-XGHKQ-7XHHH-H78WX', '2010', 'FK2PHJ2', 'Dell OptiPlex 3040'),
(141, '', NULL, 'L151', 'l151', NULL, 'Rafael Catalini', NULL, NULL, NULL, 3, NULL, '0', NULL, 1, NULL, NULL, NULL, NULL),
(142, '', NULL, 'L240', 'l240', '192.168.14.60', 'Rafael Cesar', 'Wind. 10', 41, 2, 3, NULL, '0', NULL, 0, '7WGNR-9Q627-CJRWB-9DHVF-PPK6Q', '2013', '2ZHNKZ1', 'Dell OptiPlex 3010'),
(143, '', NULL, 'L181', 'l181', '192.168.14.19', 'Maurino', NULL, 35, 2, 3, NULL, '0', NULL, 0, 'Libre', NULL, 'N/A', 'Microsoft Corporation'),
(144, '', NULL, 'L256', 'l256', '192.168.14.92', 'Paulo Lacerda', NULL, 40, 2, 3, NULL, '0', NULL, 0, 'VXVXC-NRTPV-CHQVC-H7B86-RRDTQ', '2013', '28JNKZ1', 'Dell OptiPlex 3010'),
(145, '', NULL, 'L019', 'l019', '192.168.14.82', 'Edipo', NULL, 15, 2, 3, NULL, '0', NULL, 0, NULL, '2013', NULL, NULL),
(146, '', NULL, 'L274', 'l274', '192.168.14.81', 'Marcus Amato', 'Windows 10', 32, 2, 5, NULL, '0', NULL, 0, 'Informatica@lef.com.br', '2016', NULL, 'Dell Inspiron 5000'),
(147, '', NULL, 'L231', 'l231', '192.168.14.39', 'Jeferson (Recebimento)', NULL, 15, 2, 3, NULL, '0', NULL, 0, NULL, '2007', '75JNKZ1', 'Dell OptiPlex 3010'),
(148, '', NULL, 'L121', 'l121', '192.168.14.103', 'Lucas Priego', '6R7K4-WDDTY-D4H23-4B6PX-WKYP6', 33, 2, 3, NULL, '0', NULL, 0, 'Libre', 'N/A', '2YWJ6K1', 'Dell OptiPlex 760'),
(149, '', NULL, 'L212', 'l212', '192.168.10.14', 'Fernando Rossetto', 'H7B3G-DGF3V-G7BFF-CRCFW-BBBPX', 5, 2, 3, NULL, '0', NULL, 0, 'Office 365', '2016', '65ZY5W1', 'Dell OptiPlex 3010'),
(150, '', NULL, 'L138', 'l138', '192.168.10.5', 'Sala de Treinamento Administrativo', NULL, NULL, NULL, 3, NULL, '0', NULL, 1, NULL, NULL, NULL, NULL),
(151, '', NULL, 'L105', 'l105', '192.168.14.106', 'João Paulo', 'TFCBY-7CK7Y-CKJBK-F4HXT-3HYG8', 24, 2, 3, NULL, '0', NULL, 0, NULL, '2013', 'N/A', NULL),
(152, '', NULL, 'L261', 'l261', '192.168.14.107', 'Wellington Lima', 'TFCBY-7CK7Y-CKJBK-F4HXT-3HYG9', 23, 2, 3, NULL, '0', NULL, 0, 'Libre Office', 'N/A', 'N/A', NULL),
(153, '', NULL, 'L175', 'l175', '192.168.14.108', NULL, 'TFCBY-7CK7Y-CKJBK-F4HXT-3HYG9', 4, 2, 3, NULL, '0', NULL, 0, NULL, '2007', 'N/A', 'Intel Core I3'),
(154, '', NULL, 'L223', 'l223', '192.168.14.110', 'Sala de Treinamento Administrativo', 'TFCBY-7CK7Y-CKJBK-F4HXT-3HYG9', NULL, NULL, 3, NULL, '0', NULL, 1, NULL, NULL, NULL, NULL),
(155, '', NULL, 'L197', 'l197', '192.168.14.113', NULL, 'TFCBY-7CK7Y-CKJBK-F4HXT-3HYG9', 21, 2, 3, NULL, '0', NULL, 0, 'Libre Office', 'N/A', 'N/A', NULL),
(156, '', NULL, 'L170', 'l170', '192.168.10.12', 'SCAPIM', NULL, 6, 2, 3, NULL, '0', NULL, 0, '6Q732-GV9HX-3QC9W-3VY28-QHYKR', '2010', '8VZZ9R1', 'Dell OptiPlex 790'),
(157, '', NULL, 'L126', 'l126', '192.168.14.28', 'Estoque10 - Peças Especiais', 'S/N', 30, 2, 3, NULL, '0', NULL, 0, 'Libre Office', NULL, 'JXWJ6K1', 'Dell OptiPlex 760'),
(158, '', NULL, 'L202', 'l202', '192.168.10.118', 'Leticia (Mirim)', NULL, 26, 2, 3, NULL, '0', NULL, 0, 'W6846-ND9VK-CTDQH-8K8TH-X73TQ', '2013', '85ZX5W1', 'Dell OptiPlex 3010'),
(159, '', NULL, 'L205', 'l205', '192.168.10.209', 'Diego Leal', NULL, 26, 2, 3, NULL, '0', NULL, 0, 'Q4PBN-KTC8X-62WMK-WFV62-D67GQ', '2013', '65ZZ5W1', 'Dell OptiPlex 3010'),
(160, '', NULL, 'L062', 'l062', '192.168.10.100', 'André Magnani', NULL, 26, 2, 3, NULL, '0', NULL, 0, 'MW4CC-VDNVB-HXGFB-CH7X6-QYFP3', '2013', '6KGY0Q1', 'Dell OptiPlex 780'),
(161, '', NULL, 'L063', 'l063', '192.168.14.135', 'Julio Mathias', NULL, 26, 2, 3, NULL, '0', NULL, 0, '4GQM6-N889V-KHWPK-BBMQM-MY2XD', '2013', '1VYQVK1', 'Dell OptiPlex 760'),
(162, '', NULL, 'L067', 'l067', NULL, 'Via Rosa', NULL, 26, 2, 3, NULL, '0', NULL, 0, NULL, NULL, '78ZT3M1', 'Dell OptiPlex 780'),
(163, '', NULL, 'L254', 'l254', '192.168.15.168', 'Aline Marques', NULL, 22, 2, 3, NULL, '0', NULL, 0, 'BF64J-RNTGW-DGKFW-KXF82-GQ4P3', '2013', 'J1JNKZ1', 'Dell OptiPlex 3010'),
(164, '', NULL, 'L239', 'l239', '192.168.14.59', 'Andrea Vieira (Finanças)', NULL, 8, 2, 3, NULL, '0', NULL, 0, NULL, NULL, '17JNKZ1', 'Dell OptiPlex 3010'),
(165, '', NULL, 'L249', 'l249', '192.168.14.81', 'Supervisores', NULL, 30, 2, 3, NULL, '0', NULL, 0, 'Libre Office', 'N/A', '61JNKZ1', 'Dell OptiPlex 3010'),
(166, '', NULL, 'L036', 'l036', '192.168.14.24', 'Emerson Ferreira', NULL, 19, 2, 3, NULL, '0', NULL, 0, NULL, NULL, '5VYQVK1', 'Dell OptiPlex 760'),
(167, '', NULL, 'L160', 'l160', '192.168.13.185', 'Tais Lutjens', NULL, 39, 2, 3, NULL, '0', NULL, 0, '69NJ6-C9KMC-FMV98-BWHC4-Q9JC3', '2013', '6VZZ9R1', 'Dell OptiPlex 790'),
(169, '', NULL, 'L162', 'l162', '192.168.14.31', 'Vagner', 'CR3Y2-XYKJC-FG7J6-GR9H3-DR2J9', 6, 2, 3, NULL, '0', NULL, 0, '6Q732-GV9HX-3QC9W-3VY28-QHYKR', '2010', 'FVZZ9R1', 'Dell OptiPlex 790'),
(170, '', NULL, 'L217', 'l217', '192.168.14.36', 'Valdemir', 'XDJX7-QXVTG-KC862-DXBP6-VFW8J', 13, 2, 5, NULL, '0', NULL, 0, 'V7N89-BQ3MW-RMYTP-2H8D4-84Y23', '2013', '5YGNKZ1', 'Dell Inspiron 5437'),
(171, '', NULL, 'L215', 'l215', 'DHCP', NULL, NULL, 32, 2, 5, NULL, '0', NULL, 0, '4DN42-4WYG7-KRFBM-22Y82-V8M23', '2013', '5ZGNKZ1', 'Dell Inspiron 5437'),
(173, '', NULL, 'L225', 'l225', '192.168.14.32', 'Kesia', NULL, 25, 2, 3, NULL, '0', NULL, 0, 'Libre Office', 'N/A', '80JNKZ1', 'Dell OptiPlex 3010'),
(174, '', NULL, 'L024', 'l024', '192.168.10.173', 'Vanderlei', '7YY86-RYXXK-DH766-TPMD8-H8MRF', 24, 2, 3, NULL, '0', NULL, 0, '63VQD-NX3QW-QGH74-BVCG6-4M2XD', '2013', NULL, NULL),
(176, '', NULL, 'L246', 'l246', '192.168.14.198', 'Welinton Araujo', NULL, 28, 2, 3, NULL, '0', NULL, 0, NULL, NULL, 'D2JNKZ1', 'Dell OptiPlex 3010'),
(177, '', NULL, 'L149', 'l149', '192.168.14.51', 'Julio Aguiar', '2PPQY-MJH9V-CWVYT-MHKR7-WBGRV', 22, 2, 3, NULL, '0', NULL, 0, 'NMVGK-3MVMJ-9MYDD-R82M8-XWX6Q', '2013', '4VYQVK1', 'Dell OptiPlex 760'),
(178, '', NULL, 'L228', 'l228', '192.168.14.38', 'Gabriel Melo', NULL, 8, 2, 3, NULL, '0', NULL, 0, '6NVFQ-JPY8D-2CVXY-X6H4T-VCB23', '2013', '74JNKZ1', 'Dell OptiPlex 3010'),
(179, '', NULL, 'L112', 'l112', '192.168.14.32', 'Issac', 'TFCBY-7CK7Y-CKJBK-F4HXT-3HYG8', 8, 2, 3, NULL, '0', NULL, 0, 'MN344-MW496-CTXR9-29F24-Q9JC3', '2013', '3VYQVK1', 'Dell OptiPlex 760'),
(180, '', NULL, 'L269', 'l269', '192.168.14.175', 'Estoque 10', NULL, 38, 2, 3, NULL, '0', NULL, 0, 'Libre Office', 'N/A', 'N/A', NULL),
(181, '', NULL, 'L035', 'l035', '192.168.14.202', 'Dr. Willy', 'HR2QB-X79VK-8PF6B-MX8VK-QXMKJ', 26, 2, 3, NULL, '0', NULL, 0, 'DTNG3-W76RP-QDVCB-WP7TP-DC8C3', '2013', '1G31HM1', 'Dell OptiPlex 780'),
(182, '', NULL, 'L250', 'l250', 'DHCP', 'Solange', NULL, 8, 2, 3, NULL, '0', NULL, 0, 'KMTN7-4BJ28-C7GCD-8QVGG-MKJC3', '2013', 'J0QJ6W1', 'DELL Inspiron 3421'),
(183, '', NULL, 'L198', 'l198', 'DHCP', NULL, NULL, 32, 2, 5, NULL, '0', NULL, 0, 'NF64T-VYM7F-3BHVB-4PQ39-TFY23', '2013', 'B0QJ6W1', 'Dell Inspiron 3442'),
(184, '', NULL, 'L211', 'l211', '192.168.10.93', 'FERNANDINHO', NULL, 9, 2, 3, NULL, '0', NULL, 0, 'QDQX3-NK2P2-W26GQ-6YV2K-HCB23', '2013', NULL, NULL),
(185, '', NULL, 'L194', 'l194', '192.168.13.224', 'Adilson Destro', 'GBV2M-YDPKH-CGHT3-9YXY7-MDD3M', 9, 2, 5, NULL, '0', NULL, 0, 'TV2YD-QDNXW-TFBY8-9RRR8-F3HGQ', '2013', '1DZY5W1', 'Dell Inspiron 5423'),
(186, '', NULL, 'L021', 'l021', '192.168.14.66', 'Ambulatorio', NULL, 26, 2, 5, NULL, '0', NULL, 0, 'R7C2F-JJN34-GFCM2-QV6C7-QPB23', '2013', NULL, 'Acer'),
(187, '', NULL, 'L273', 'l273-187', '192.168.13.179', 'Wilker Tinelli', 'Integrada', 32, 2, 5, '2017-04-24 19:47:33', '0', NULL, 0, 'Informatica@lef.com.br', '2016', '5SHSHJ2', 'Dell OptiPlex 5000'),
(189, '', NULL, 'L193', 'l193', '192.168.14.69', 'Carlos Arthur', '4F3JX-XK7PH-38GM9-VW9WX-QQBYG', 9, 2, 5, '2017-05-17 15:04:54', '0', NULL, 0, 'WK8WT-VN4WX-P6GWK-9FRJR-PPK6Q', '2013', '4DZY5W1', 'Dell Inspiron 5437'),
(190, '', NULL, 'L276', 'l276', '192.168.13.15', 'Roberta', 'Windows 10', 21, 2, 3, '2017-05-24 12:56:53', '0', NULL, 0, '7CC7C-CNDP7-6P7XY-M9QKJ-W4Y23', '2013', NULL, 'Dell OptiPlex 3040'),
(191, '', NULL, 'L278', 'l278', NULL, 'Eder Piologo', 'Windows 10', 4, 2, 3, '2017-06-21 18:32:10', '0', NULL, 0, 'C4PJP-F2JVR-9JD48-V22BV-72W86', '2010', 'FK1SHJ2', 'Dell OptiPlex 3040'),
(192, '', NULL, 'L277', 'l277', NULL, 'Fernando Fonseca', 'Windows 10', 4, 2, 3, '2017-06-21 18:40:24', '0', NULL, 0, 'Libre Office', NULL, 'FK2NHJ2', 'Dell OptiPlex 3040'),
(194, '', NULL, 'L234', 'l234', NULL, 'Fernando', 'GFP23-748DT-JY237-H4KJB-9KXRP', 16, 2, 3, '2017-06-21 18:42:48', '0', NULL, 0, 'Libre', NULL, NULL, 'Dell OptiPlex 3010'),
(195, '', NULL, 'L218', 'l218', NULL, 'Jéssica Raquel', 'HY7DJ-YCYX9-D8G32-WP9YY-7XR9Q', 27, 2, 5, '2017-06-27 16:29:37', '0', NULL, 0, 'MCNJW-H8TX2-H6KM7-K6QY9-9HGKD', '2013', '2XGNKZ1', 'Dell Inspiron 5437'),
(196, '', NULL, 'L279', 'l279', '192.168.13.201', 'Amanda Reis', 'Windows 10', 4, 2, 3, '2017-06-29 13:31:10', '0', NULL, 0, '2TWYK-QY7QD-HH3CT-WBKQG-XVRPB', '2010', 'FK0THJ2', 'Dell OptiPlex 3040'),
(197, '', NULL, 'L281', 'l281', NULL, 'Donizete', 'Windows 10', 7, 2, 3, '2017-06-29 17:31:38', '0', NULL, 0, '3JNHC-2CYGH-RB67P-64KM4-DJX6Q', '2013', NULL, 'Dell OptiPlex 3040'),
(198, '', NULL, 'L282', 'l282', NULL, 'Ricardo Scudeletti', 'Windows 10', 7, 2, 3, '2017-06-30 15:44:07', '0', NULL, 0, 'TT7GD-RTNDG-T9D9C-VMCWW-VH3TQ', '2013', 'FJYSHJ2', 'Dell OptiPlex 3040'),
(199, '', NULL, 'L283', 'l283', NULL, 'Carlos Gomes', 'Windows 10', 7, 2, 3, '2017-07-05 14:49:40', '0', NULL, 0, '2TWYK-QY7QD-HH3CT-WBKQG-XVRPB', '2010', 'FJYKHJ2', 'Dell OptiPlex 3040'),
(200, '', NULL, 'L285', 'l285', '192.168.13.180', 'Natan Silva', 'Windows 10', 4, 2, 3, '2017-07-31 19:47:18', '0', NULL, 0, NULL, NULL, 'FK1NHJ2', 'Dell OptiPlex 3020'),
(201, '', NULL, 'L286', 'l286', '192.168.13.178', 'Debora Russi', 'Windows 10', 12, 2, 3, '2017-08-02 14:13:22', '0', NULL, 0, '4DN42-4WYG7-KRFBM-22Y82-V8M23', '2013', 'FJXMHJ2', 'Dell OptiPlex 3020'),
(202, '', NULL, 'L284', 'l284', NULL, 'Wendell Romano', 'Windows 10', 27, 2, 3, '2017-08-10 11:44:54', '0', NULL, 0, 'VQW8V-KNDPR-WGCFP-TCPR6-Y96KD', '2013', 'FJYNHJ2', 'Dell OptiPlex 3020'),
(203, '', NULL, 'L287', 'l287', '192.168.13.174', 'Natália Floriano', 'Windows 10', 32, 2, 3, '2017-08-14 14:16:47', '0', NULL, 0, 'Libre', 'N/A', 'FJXQHJ2', 'Dell OptiPlex 3020'),
(204, '', NULL, 'L288', 'l288', 'DHCP', 'Andreia Herget', 'Windows 10', 32, 2, 3, '2017-08-30 11:21:26', '0', NULL, 0, 'MGJ89-D72QT-XGHKQ-7XHHH-H78WX', '2010', 'FJZKHJ2', 'Dell OptiPlex 3040'),
(205, '', NULL, 'L289', 'l289', '192.168.13.121', 'Andreia Regina', 'Windows 10', 4, 2, 3, '2017-09-22 18:28:09', '0', NULL, 0, 'Libre', 'N/A', 'FJWMHJ2', 'Dell OptiPlex 3040'),
(206, '', NULL, 'L290', 'l290', '192.168.13.144', 'Luciana', 'Windows 10', 12, 2, 3, '2017-10-09 17:34:14', '0', NULL, 0, 'Libre', 'N/A', 'FK2MHJ2', 'Dell OptiPlex 3040'),
(207, '', NULL, 'L291', 'l291', '192.168.15.131', 'Jéssica Soares', 'Windows 10', 6, 2, 3, '2017-10-19 12:13:25', '0', NULL, 0, 'DYCC8-YVBCT-8G3CJ-QMXHJ-QTX2Y', '2010', 'FK1QHJ2', 'Dell OptiPlex 3040'),
(208, '', NULL, 'L292', 'l292', '192.168.15.83', 'Matheus (Recebimento)', 'Windows 10', 15, 2, 3, '2017-11-21 17:37:16', '0', NULL, 0, 'R7C2F-JJN34-GFCM2-QV6C7-QPB23', '2013', 'FJZPHJ2', 'Dell Optiplex 3020'),
(210, '', NULL, 'L293', 'l293', '192.168.13.152', 'Janaina Rodrigues', 'Windows 10', 39, 2, 3, '2017-12-04 13:18:14', '0', NULL, 0, 'YNMWW-P4JWB-G7WQ2-YY33M-XBTJQ', '2016', 'FK2KHJ2', 'Dell Optiplex 3020'),
(211, '', NULL, 'L199', 'l199', '192.168.14.118', 'DEPURADOR - VIA SECA', NULL, 19, 2, 3, '2018-03-19 11:37:24', '0', NULL, 0, NULL, NULL, NULL, NULL),
(212, '', NULL, 'L092', 'l092', '192.168.15.249', 'Estoque 10 - Almox ', NULL, 15, 2, 3, '2018-03-20 12:10:22', '0', NULL, 0, NULL, NULL, NULL, NULL),
(213, '', NULL, 'Klimtec_Canon_C355If', 'klimtec-canon-c355if', '192.168.8.4', 'Klimtec', 'N/A', 3, 2, 4, '2018-03-28 11:13:04', '0', NULL, 0, 'N/A', 'N/A', 'WKE01002', 'Canon imageRUNNER ADVANCE C355'),
(214, '', NULL, 'Epson L655 Series', 'epson-l655-series', '192.168.11.11', 'Klimtec', 'N/A', 14, 2, 4, '2018-03-28 11:24:42', '0', NULL, 0, 'N/A', 'N/A', 'W8DY002319', 'Epson L655 Series'),
(215, '', NULL, 'Klimtec_ALMOX_SL-M4070', 'klimtec-almox-sl-m4070', '192.168.8.6', 'Klimtec', 'N/A', 15, 2, 4, '2018-03-28 11:47:02', '0', NULL, 0, 'N/A', 'N/A', 'ZDDPB07K1111DKY', 'Samsung ProXpress série SL-M4070'),
(216, '', NULL, 'Klimtec_BAL_SL-M4070', 'klimtec-bal-sl-m4070', '192.168.8.5', 'Klimtec', 'N/A', 16, 2, 4, '2018-03-28 11:58:38', '0', NULL, 0, 'N/A', 'N/A', 'ZDDPB07JB10MMTR', 'Samsung ProXpress série SL-M4070'),
(217, '', NULL, 'Klimtec_COB_4020', 'klimtec-cob-4020', '192.168.8.7', 'Klimtec', 'N/A', 7, 2, 4, '2018-03-28 12:01:10', '0', NULL, 0, 'N/A', 'N/A', 'ZDEJB07JC10RKYE', 'Samsung ProXpress série SL-M4020'),
(218, '', NULL, 'Klimtec_COM_SL-M4070', 'klimtec-com-sl-m4070', '192.168.8.8', 'Klimtec', 'N/A', 32, 2, 4, '2018-03-28 12:02:11', '0', NULL, 0, 'N/A', 'N/A', 'ZDDPB07JB10MNPB', 'Samsung ProXpress série SL-M4070'),
(219, '', NULL, 'Klimtec_FIN_4070', 'klimtec-fin-4070', '192.168.8.9', 'Klimtec', 'N/A', 5, 2, 4, '2018-03-28 12:03:19', '0', NULL, 0, 'N/A', 'N/A', 'ZDDPB07M716JP0J', 'Samsung ProXpress série SL-M4020'),
(220, '', NULL, 'Klimtec_NF_4020', 'klimtec-nf-4020', '192.168.10.150', 'Klimtec', 'N/A', 4, 2, 4, '2018-03-28 12:04:34', '0', NULL, 0, 'N/A', 'N/A', 'ZDEJB07JC10RKNE', 'Samsung ProXpress série SL-M4020'),
(221, '', NULL, 'Klimtec_RH_SL-M4070', 'klimtec-rh-sl-m4070', '192.168.10.41', 'Klimtec', 'N/A', 25, 2, 4, '2018-03-28 12:06:10', '0', NULL, 0, 'N/A', 'N/A', 'ZDDPB07JB10MNCB', 'Samsung ProXpress série SL-M4070'),
(222, '', NULL, 'Klimtec_ROMAN_4020', 'klimtec-roman-4020', '192.168.10.74', 'Klimtec', 'N/A', 35, 2, 4, '2018-03-28 12:08:24', '0', NULL, 0, 'N/A', 'N/A', 'ZDEJB07JB10L7GB', 'Samsung ProXpress série SL-M4020'),
(223, '', NULL, 'L294', 'l294', '192.168.10.15.75', 'Marta', 'Windows 10', 5, 2, 3, '2018-04-03 11:59:31', '0', NULL, 0, 'MNDDT-3DRRT-4T2HW-R7B84-YR96Q', '2013', 'FK1THJ2', 'Dell Optiplex 3040'),
(224, '', NULL, 'L295', 'l295', '192.168.15.194', 'Nice', 'Windows 10', 6, 2, 3, '2018-04-13 17:35:18', '0', NULL, 0, 'MGJ89-D72QT-XGHKQ-7XHHH-H78WX', '2010', 'KK0KHJ2', 'Dell Optiplex 3040'),
(225, '', NULL, 'L177', 'l177', 'DHCP', 'Treinamento', NULL, 43, 2, 5, '2018-08-14 11:56:53', '0', NULL, 0, NULL, NULL, 'HLHX2V1', 'Dell Inspiron N4050'),
(226, '', NULL, 'L299', 'l299', '192.168.14.179', 'Maurino Beltrão', NULL, 35, 2, 3, '2018-12-12 17:36:41', '0', NULL, 0, 'Libre Office', 'N/A', NULL, 'Dell OptiPlex 780'),
(227, '', NULL, 'L300', 'l300', '192.168.15.85', 'Cristiane Lupino', 'TK8PD-QM4XX-98KDR-YMM97-M793K', 3, 2, 3, '2019-01-11 16:53:16', '0', NULL, 0, NULL, NULL, NULL, 'Dell OptiPlex 3010'),
(228, '', NULL, 'L301', 'l301', '192.168.15.67', 'Fracionado', NULL, 36, 2, 3, '2019-02-21 17:11:15', '0', NULL, 0, 'Office 2007', '2007', NULL, NULL),
(229, '', NULL, 'L305', 'l305', '192.168.14.232', 'Moagem', NULL, 30, 2, 3, '2019-04-12 19:35:49', '0', NULL, 0, NULL, NULL, NULL, 'Maquina Moagem de Argila Via Rosa'),
(230, '', NULL, 'L113', 'l113', '192.168.14.176', 'OFICINA DA RETIFICA', 'XDJX7-QXVTG-KC862-DXBP6-VFW8J', 30, 2, 3, '2019-06-12 16:43:26', '0', NULL, 0, 'LIBRI OFFICE', 'N/A', NULL, NULL),
(231, '', NULL, 'L172', 'l172', NULL, 'CPD - Manutenção', 'W9XAD-NV2RX-VC6V2-D94JV-WKKQG', 2, 2, 3, '2019-06-19 19:12:47', '0', NULL, 0, NULL, NULL, NULL, NULL),
(233, '', NULL, 'L302', 'l302', '192.168.14.59', NULL, NULL, 2, 2, 3, '2019-06-26 11:56:58', '0', NULL, 0, NULL, 'N/A', NULL, 'Dell Inc. OptiPlex 780'),
(234, '', NULL, 'Klimtec_QLD_4020', 'klimtec-qld-4020', '192.168.8.14', 'Klimtec', 'N/A', 22, 2, 4, '2019-11-20 20:30:16', '0', NULL, 0, 'N/A', 'N/A', 'ZDEJB07M816V2BA', 'Samsung ProXpress série SL-M4020'),
(235, '', NULL, 'Klimtec_PCP_4020', 'klimtec-pcp-4020', '192.168.8.13', 'KLIMTEC', 'N/A', 27, 2, 4, '2019-11-20 20:36:57', '0', NULL, 0, 'N/A', 'N/A', 'ZDEJB07M816TZ8N', 'Samsung ProXpress série SL-M4020'),
(236, '', NULL, 'Klimtec_GER_4020', 'klimtec-ger-4020', '192.168.8.15', 'KLIMTEC', 'N/A', 44, 2, 4, '2019-11-20 20:39:19', '0', NULL, 0, 'N/A', 'N/A', 'ZDEJB07JC10RKTE', 'Samsung ProXpress série SL-M4020'),
(237, '', NULL, 'L306', 'l306', NULL, 'Arnaldo', 'Wind. 10', 34, 2, 3, '2020-01-28 12:16:52', '0', NULL, 0, NULL, NULL, NULL, NULL),
(238, '', NULL, 'L298', 'l298', '192.168.10.166', 'Eliane', NULL, 2, 2, 5, '2020-03-26 12:00:05', '0', NULL, 0, 'XFRGG-2HNRK-3Q26T-JDPKT-VCB23', NULL, 'H7YGDQ2', 'Dell Inspiron ');

-- --------------------------------------------------------

--
-- Estrutura da tabela `ws_products_brands`
--

CREATE TABLE `ws_products_brands` (
  `brand_id` int(11) UNSIGNED NOT NULL,
  `brand_title` varchar(255) DEFAULT NULL,
  `brand_name` varchar(255) DEFAULT NULL,
  `brand_created` timestamp NULL DEFAULT NULL
) ENGINE=InnoDB DEFAULT CHARSET=utf8;

--
-- Extraindo dados da tabela `ws_products_brands`
--

INSERT INTO `ws_products_brands` (`brand_id`, `brand_title`, `brand_name`, `brand_created`) VALUES
(2, 'TI', 'ti', '2017-02-04 19:03:38'),
(3, 'Marketing', 'marketing', '2017-02-04 19:05:55'),
(4, 'Faturamento', 'faturamento', '2017-02-04 21:02:54'),
(5, 'Financeiro', 'financeiro', '2017-02-04 21:03:03'),
(6, 'Contábil', 'contabil', '2017-02-04 21:03:10'),
(7, 'Cobrança', 'cobranca', '2017-02-04 21:03:23'),
(8, 'Compras', 'compras', '2017-02-04 21:03:28'),
(9, 'Diretoria', 'diretoria', '2017-02-04 21:03:34'),
(10, 'Recepção', 'recepcao', '2017-02-04 21:03:45'),
(11, 'Portaria 1', 'portaria-1', '2017-02-04 21:03:50'),
(12, 'Cadastro', 'cadastro', '2017-02-04 21:03:56'),
(13, 'Controladoria', 'controladoria', '2017-02-04 21:04:05'),
(14, 'Jurídico', 'juridico', '2017-02-04 21:04:14'),
(15, 'Almoxarifado', 'almoxarifado', '2017-02-04 21:04:27'),
(16, 'Balança ', 'balanca', '2017-02-04 21:04:34'),
(17, 'Balança de Esmaltes', 'balanca-de-esmaltes', '2017-02-04 21:04:51'),
(18, 'Escolha', 'escolha', '2017-02-04 21:04:58'),
(19, 'Produção - VS', 'producao-vs', '2017-02-04 21:05:09'),
(21, 'Exportação', 'exportacao', '2017-02-04 21:56:01'),
(22, 'Qualidade', 'qualidade', '2017-02-06 10:33:30'),
(23, 'Amostra', 'amostra', '2017-02-06 10:44:17'),
(24, 'SAC', 'sac', '2017-02-06 10:45:09'),
(25, 'RH', 'rh', '2017-02-06 10:45:13'),
(26, 'SESMT', 'sesmt', '2017-02-06 10:45:17'),
(27, 'PCP', 'pcp', '2017-02-06 10:46:52'),
(28, 'PCM', 'pcm', '2017-02-06 10:46:56'),
(29, 'Manutenção - VS', 'manutencao-vs', '2017-02-06 10:48:28'),
(30, 'Produção - VU', 'producao-vu', '2017-02-06 10:49:58'),
(31, 'Manutenção - VU', 'manutencao-vu', '2017-02-06 10:50:36'),
(32, 'Comercial', 'comercial', '2017-02-06 18:31:39'),
(33, 'Portaria 2', 'portaria-2', '2017-02-07 12:14:46'),
(34, 'Design', 'design', '2017-02-07 16:54:53'),
(35, 'Carregamento', 'carregamento', '2017-02-07 16:58:37'),
(36, 'Fracionado', 'fracionado', '2017-02-07 17:06:09'),
(37, 'Escolha - VS', 'escolha-vs', '2017-02-07 17:07:08'),
(38, 'Escolha - VU', 'escolha-vu', '2017-02-07 17:07:15'),
(39, 'Fiscal', 'fiscal', '2017-02-07 17:37:47'),
(40, 'Laboratório', 'laboratorio', '2017-02-07 18:06:24'),
(41, 'CEPA', 'cepa', '2017-02-07 18:09:38'),
(42, 'Compostagem', 'compostagem', '2018-01-22 16:22:13'),
(43, 'Treinamentos', 'treinamentos', '2018-08-14 11:57:55'),
(44, 'Gerencia Industrial', 'gerencia-industrial', '2019-11-20 20:40:40');

-- --------------------------------------------------------

--
-- Estrutura da tabela `ws_products_categories`
--

CREATE TABLE `ws_products_categories` (
  `cat_id` int(11) UNSIGNED NOT NULL,
  `cat_parent` int(11) UNSIGNED DEFAULT NULL,
  `cat_title` varchar(255) DEFAULT NULL,
  `cat_name` varchar(255) DEFAULT NULL,
  `cat_sizes` varchar(255) DEFAULT NULL,
  `cat_created` timestamp NULL DEFAULT NULL,
  `cat_icon` varchar(255) DEFAULT NULL
) ENGINE=InnoDB DEFAULT CHARSET=utf8;

--
-- Extraindo dados da tabela `ws_products_categories`
--

INSERT INTO `ws_products_categories` (`cat_id`, `cat_parent`, `cat_title`, `cat_name`, `cat_sizes`, `cat_created`, `cat_icon`) VALUES
(2, NULL, 'Equipamentos', 'equipamentos', NULL, '2017-02-04 18:56:42', NULL),
(3, 2, 'Computador', 'computador', NULL, '2017-02-04 18:56:49', 'icon-display'),
(4, 2, 'Impressora', 'impressora', NULL, '2017-02-04 18:57:01', 'icon-printer'),
(5, 2, 'Notebook', 'notebook', NULL, '2017-02-04 18:57:11', 'icon-laptop'),
(6, 2, 'Wi-fi', 'wi-fi', NULL, '2017-03-22 12:20:58', 'icon-connection');

-- --------------------------------------------------------

--
-- Estrutura da tabela `ws_properties`
--

CREATE TABLE `ws_properties` (
  `realty_id` int(11) UNSIGNED NOT NULL,
  `realty_cover` varchar(255) DEFAULT NULL,
  `realty_title` varchar(255) DEFAULT NULL,
  `realty_name` varchar(255) DEFAULT NULL,
  `realty_ref` varchar(255) DEFAULT NULL,
  `realty_price` decimal(11,2) DEFAULT NULL,
  `realty_desc` text,
  `realty_finality` int(11) DEFAULT NULL,
  `realty_type` int(11) DEFAULT NULL,
  `realty_builtarea` decimal(11,2) DEFAULT NULL,
  `realty_totalarea` decimal(11,2) DEFAULT NULL,
  `realty_bedrooms` decimal(11,0) DEFAULT NULL,
  `realty_apartments` decimal(10,0) DEFAULT NULL,
  `realty_bathrooms` decimal(11,0) DEFAULT NULL,
  `realty_parkings` decimal(10,0) DEFAULT NULL,
  `realty_particulars` text,
  `realty_transaction` int(11) DEFAULT NULL,
  `realty_state` varchar(10) DEFAULT NULL,
  `realty_city` varchar(255) DEFAULT NULL,
  `realty_district` varchar(255) DEFAULT NULL,
  `realty_date` timestamp NULL DEFAULT NULL,
  `realty_observation` int(11) DEFAULT NULL,
  `realty_contact` int(11) UNSIGNED DEFAULT NULL,
  `realty_status` int(11) NOT NULL DEFAULT '0',
  `realty_views` decimal(11,0) NOT NULL DEFAULT '0'
) ENGINE=InnoDB DEFAULT CHARSET=utf8;

-- --------------------------------------------------------

--
-- Estrutura da tabela `ws_properties_gallery`
--

CREATE TABLE `ws_properties_gallery` (
  `realty_id` int(11) UNSIGNED DEFAULT NULL,
  `id` int(11) UNSIGNED NOT NULL,
  `image` varchar(255) DEFAULT NULL
) ENGINE=InnoDB DEFAULT CHARSET=utf8;

-- --------------------------------------------------------

--
-- Estrutura da tabela `ws_ramal`
--

CREATE TABLE `ws_ramal` (
  `ramal_id` int(11) NOT NULL,
  `ramal_brand` varchar(255) DEFAULT NULL,
  `ramal_user` varchar(255) DEFAULT NULL,
  `ramal_number` varchar(255) DEFAULT NULL,
  `ramal_celular` varchar(255) DEFAULT NULL,
  `ramal_created` timestamp NULL DEFAULT NULL
) ENGINE=InnoDB DEFAULT CHARSET=utf8;

--
-- Extraindo dados da tabela `ws_ramal`
--

INSERT INTO `ws_ramal` (`ramal_id`, `ramal_brand`, `ramal_user`, `ramal_number`, `ramal_celular`, `ramal_created`) VALUES
(13, '2', 'Eduardo Zani', '7193', '(19) 99290-4127', '2017-02-08 18:11:30'),
(14, '2', 'Giovanna Silva', '7007', '(19) 99266-8191', '2017-02-08 18:12:19'),
(15, '2', 'Eliane Santos', '7009', NULL, '2017-02-08 18:12:49'),
(16, '10', 'Patricia Oliveira', '7001', NULL, '2017-02-08 18:13:39'),
(17, '15', 'Balcão', '7026', '(19) 99130-2176', '2017-02-08 18:16:48'),
(18, '15', 'Gabriela Souza', '7025', NULL, '2017-02-08 18:17:12'),
(19, '15', 'Recebimento', '7037', '(19) 99292-3818', '2017-02-08 18:17:32'),
(20, '26', 'Barbara Benatto', '7064', '(19) 99291-7797', '2017-02-08 18:17:53'),
(21, '26', 'Dr. Willy', '7064', NULL, '2017-02-08 18:18:25'),
(22, '23', 'Adriano Ferreira', NULL, '(19) 99394-5979', '2017-02-08 18:18:41'),
(23, '23', 'Wellington', '7114', '(19) 99288-5837', '2017-02-08 18:19:05'),
(24, '24', 'Adriano', '7051', '(19) 99219-5753', '2017-02-08 18:19:38'),
(25, '24', 'Luana', '7079', NULL, '2017-02-08 18:20:12'),
(26, '24', 'FAX', NULL, '(19) 3429-7051', '2017-02-08 18:20:50'),
(27, '24', 'Alexandre', '7098', NULL, '2017-02-08 18:21:05'),
(28, '24', 'Aline Rodrigues', '7108', NULL, '2017-02-08 18:21:52'),
(29, '24', 'Vanderlei', '7090', '(19) 99304-5025', '2017-02-08 18:22:04'),
(30, '32', 'Natalia', '7002', NULL, '2018-01-31 10:47:11'),
(31, NULL, NULL, NULL, NULL, '2019-05-30 13:24:30'),
(32, NULL, NULL, NULL, NULL, '2019-08-19 18:54:03'),
(33, '24', 'Júlio Milanez', '7019', '(19) 99431-6548', '2019-08-19 19:03:23'),
(34, '16', 'Balança', '7112', NULL, '2019-08-19 19:04:06'),
(35, '16', 'Rafael César', '7113', NULL, '2019-08-19 19:04:32'),
(36, '16', 'Vanderlei/ Andreza', '7100', NULL, '2019-08-19 19:05:20'),
(37, '12', 'Débora Russi', '7006', NULL, '2019-08-19 19:06:01'),
(38, '12', 'Mirim', '7044', NULL, '2019-08-19 19:06:22'),
(39, '12', 'Vago', '7034', NULL, '2019-08-19 19:06:51'),
(40, '12', 'Luciana', '7039', NULL, '2019-08-19 19:08:26'),
(41, '35', 'Deivide', '7031', '(19) 99248-4005', '2019-08-19 19:08:39'),
(42, '35', 'Maurino', '7031', NULL, '2019-08-19 19:08:52'),
(43, '41', 'Éder', '7087', NULL, '2019-08-19 19:09:44'),
(44, '41', 'Luiz Henrique', '7087', NULL, '2019-08-19 19:10:04'),
(45, '41', 'Rafael César-45', '7087', '(19) 99248-4211', '2019-08-19 19:10:43'),
(46, '7', 'Carlos', '7005', NULL, '2019-08-19 19:11:12'),
(47, '7', 'Donizete', '7077', NULL, '2019-08-19 19:11:34'),
(48, '7', 'FAX-48', NULL, '(19) 3429-7058', '2019-08-19 19:12:06'),
(49, '7', 'Ricardo Scudeletti', '7069', NULL, '2019-08-19 19:12:29'),
(50, '8', 'André', '7033', '(19) 99228-7884', '2019-08-19 19:12:56'),
(51, '8', 'Victor Moura', '7055', NULL, '2019-08-19 19:13:30'),
(52, '8', 'Gabriel Melo', '7055', NULL, '2019-08-19 19:13:55'),
(53, '8', 'Everaldo - Motorista', NULL, '(19) 99277-4075', '2019-08-19 19:14:58'),
(54, '8', 'Marcio Ramos', '7033', NULL, '2019-08-19 19:15:33'),
(55, '6', 'Luis Antônio Scapim', '7048', '(19) 99612-8693', '2019-08-19 19:15:56'),
(56, '6', 'Eunice', '7059', NULL, '2019-08-19 19:18:14'),
(57, '6', 'Jéssica Soares', '7109', NULL, '2019-08-19 19:18:34'),
(58, '6', 'Vagner', '7017', NULL, '2019-08-19 19:18:55'),
(59, '13', 'Valdemir', '7061', '(14) 99693-0098', '2019-08-19 19:19:08'),
(60, '13', 'Cássia', '7126', NULL, '2019-08-19 19:19:34'),
(61, '9', 'Claudio - Diretor Geral', '7060', '(19) 99110-9507', '2019-08-19 19:19:57'),
(62, '9', 'Fernando Ortigossa Filho', '7011', '(19) 99200-4900', '2019-08-19 19:55:18'),
(63, '21', 'Marcus Vinícius Amato', '7015', '(19) 99211-7148', '2019-08-19 20:28:26'),
(64, '6', 'Luis Antônio Scapim-64', '7048', '(19) 99612-8693', '2019-08-27 11:05:07'),
(65, '6', 'Eunice-65', '7059', NULL, '2019-08-27 11:06:13'),
(66, '6', 'Jéssica Soares-66', '7109', NULL, '2019-08-27 11:08:06'),
(67, '6', 'Vagner-67', '7017', NULL, '2019-08-27 11:08:34'),
(68, '13', 'Valdemir-68', '7061', '(14) 99693-0098', '2019-08-27 11:10:02'),
(69, '34', 'Arnaldo', '7027', '(19) 99297-0165', '2019-08-27 11:11:55'),
(70, '9', 'Claudio - Diretor Geral-70', '7060', '(19) 99110-9507', '2019-08-27 11:12:28'),
(71, NULL, NULL, NULL, NULL, '2019-08-27 11:13:21'),
(72, '21', 'Luiz Henrique-72', '7063', NULL, '2019-08-27 11:32:05'),
(73, '21', 'Natan', '7096', NULL, '2019-08-27 11:32:27'),
(74, '21', 'Roberta', '7036', NULL, '2019-08-27 11:32:41'),
(75, NULL, 'Adilson Destro', '7032', '(19) 99288-5719', '2019-08-27 11:32:58'),
(76, '4', 'Amanda', '7057', NULL, '2019-08-27 11:43:33'),
(77, '4', 'Natália-77', '7076', NULL, '2019-08-27 11:43:59'),
(78, '4', 'Éder-78', '7078', NULL, '2019-08-27 11:44:23'),
(79, '4', 'Maristela', '7125', NULL, '2019-08-27 11:44:42'),
(80, '4', 'Fernando', '7071', NULL, '2019-08-27 11:45:26'),
(81, '4', 'Kleo', '7013', NULL, '2019-08-27 11:45:46'),
(82, '5', 'Daiane', '7018', NULL, '2019-08-27 11:46:06'),
(83, '5', 'Fernando Rosseto', '7038', '(14) 99799-6376', '2019-08-27 11:46:41'),
(84, '5', 'Marta', '7021', NULL, '2019-08-27 11:47:10'),
(85, '5', 'Zé Maria (Motorista)', NULL, '(19) 99204-9839', '2019-08-27 11:47:23'),
(86, NULL, NULL, NULL, NULL, '2019-08-27 11:47:56'),
(87, '32', 'Debora Fernandes', '7020', NULL, '2019-08-27 11:48:24'),
(88, '32', 'Andreia Regina', '7010', NULL, '2019-08-27 11:49:04'),
(89, '32', 'Andreia Aparecida', '7068', NULL, '2019-08-27 11:49:25'),
(90, '32', 'Lucas Breve', '7094', NULL, '2019-08-27 11:49:54'),
(91, NULL, NULL, NULL, NULL, '2019-08-27 11:50:59'),
(92, '32', 'Ana Paula', ' 7066', NULL, '2019-08-27 11:51:37'),
(93, '32', 'Leonico', '7122', NULL, '2019-08-27 11:52:09'),
(94, '32', 'Carlos Arthur - Diretor', '7040', '(19) 99288-2086', '2019-08-27 11:52:24'),
(95, '32', 'Márcio Coelho - Gerente', '7103', '(19) 99464-3192', '2019-08-27 11:53:26'),
(96, '32', 'Ariovaldo - Gerente', '7062', '(19) 99773-8011', '2019-08-27 11:54:23'),
(97, '32', 'Fábio Batistela', '7035', '(19) 99209-8108', '2019-08-27 11:54:58'),
(98, NULL, NULL, NULL, NULL, '2019-08-27 11:55:26'),
(99, '39', 'Tais', '7121', NULL, '2019-08-27 11:55:28'),
(100, '5', 'Janaina', '7089', NULL, '2019-08-27 11:55:42'),
(101, NULL, NULL, NULL, NULL, '2019-08-27 11:56:03'),
(102, '14', 'Dr Pedro', '7052', '(19) 99435-8096', '2019-08-27 11:56:22'),
(103, '14', 'Dr. Paulo', '7046', NULL, '2019-08-27 11:58:29'),
(104, '40', 'Anderson Galdino', '7070', '(19) 99266-5463', '2019-08-27 12:17:21'),
(105, '40', 'Gilmar', '7070', '(19) 99208-6581', '2019-08-27 12:17:53'),
(106, '40', 'Laercio', '7070', NULL, '2019-08-27 12:18:18'),
(107, '40', 'Givanilson dos Santos', NULL, '(19) 99304-6903', '2019-08-27 12:19:31'),
(108, '40', 'Laercio-108', '7070', '(19) 99208-3747', '2019-08-27 12:20:15'),
(109, '40', 'Paulo Lacerda', '7070', '(19) 99288-5862', '2019-08-27 12:20:40'),
(110, '3', 'Ademilson', '7072', '(19) 99206-3695', '2019-08-27 12:21:10'),
(111, '3', 'Cristiane - Arquiteta', '7116', '(19) 99115-4074', '2019-08-27 12:21:37'),
(112, '28', 'Hudson -  Superv. Elétrica', '7053', '(19) 99288-3167', '2019-08-27 12:22:44'),
(113, '28', 'Luis Paulo', '7042', NULL, '2019-08-27 12:24:20'),
(114, '28', 'Leonardo', '7042', NULL, '2019-08-27 12:25:01'),
(115, '27', 'Wendell', '7070', '(19) 99204-8827', '2019-08-27 12:25:50'),
(116, NULL, NULL, NULL, NULL, '2019-08-27 12:26:18'),
(117, '11', 'Portaria 1', '7024 ', '(19) 98849-4547', '2019-08-27 12:26:40'),
(118, '11', 'Portaria 1-118', '7102', '(19) 98849-4547', '2019-08-27 12:27:24'),
(119, '33', 'Portaria 2 ', '7082', NULL, '2019-08-27 12:27:52'),
(120, '33', 'Portaria 2-120', '7083', NULL, '2019-08-27 12:28:32'),
(121, '22', 'Geraldo Rocha', NULL, '(19) 99302-4641', '2019-08-27 12:47:27'),
(122, '22', 'Paulo', '7117', NULL, '2019-08-27 12:48:36'),
(123, '25', 'Dr. Pedro - Gerente', '7050', '(19) 99288-0947', '2019-08-27 12:50:21'),
(124, '25', 'Erick', '7075', NULL, '2019-08-27 12:52:29'),
(125, '25', 'Karina / Késia', '7016', NULL, '2019-08-27 12:56:05'),
(126, '25', 'Maycon / Talita', '7056', NULL, '2019-08-27 12:56:54'),
(127, '22', 'Sala de Treinamento RH', '7080', NULL, '2019-08-27 12:57:57'),
(128, '26', 'Ailton', NULL, '(19) 99266-6991', '2019-08-27 12:59:54'),
(129, '26', 'André - Eng. de Segurança', '7110', NULL, '2019-08-27 13:00:33'),
(130, NULL, NULL, NULL, NULL, '2019-08-27 13:01:52'),
(131, NULL, NULL, NULL, NULL, '2019-08-27 13:02:25'),
(132, '26', 'Técnicos de Segurança', '7041', '(19) 99204-9448', '2019-08-27 13:07:15'),
(133, NULL, NULL, NULL, NULL, '2020-02-10 19:59:39');

-- --------------------------------------------------------

--
-- Estrutura da tabela `ws_search`
--

CREATE TABLE `ws_search` (
  `search_id` int(11) UNSIGNED NOT NULL,
  `search_key` varchar(255) DEFAULT NULL,
  `search_count` decimal(11,0) DEFAULT NULL,
  `search_date` timestamp NULL DEFAULT NULL,
  `search_commit` timestamp NULL DEFAULT NULL ON UPDATE CURRENT_TIMESTAMP
) ENGINE=InnoDB DEFAULT CHARSET=utf8;

--
-- Extraindo dados da tabela `ws_search`
--

INSERT INTO `ws_search` (`search_id`, `search_key`, `search_count`, `search_date`, `search_commit`) VALUES
(1, 'logo', '1', '2017-03-30 16:55:22', '2017-03-30 16:55:22'),
(2, 'celu', '2', '2017-05-31 13:50:50', '2017-06-05 12:09:45'),
(3, 'microsoft', '1', '2017-08-23 17:23:11', '2017-08-23 17:23:11'),
(4, 'noticias', '1', '2017-10-16 18:03:09', '2017-10-16 18:03:09'),
(5, 'mirim', '1', '2017-10-20 12:36:00', '2017-10-20 12:36:00'),
(6, 'futebol', '1', '2018-01-22 14:31:25', '2018-01-22 14:31:25');

-- --------------------------------------------------------

--
-- Estrutura da tabela `ws_siteviews_online`
--

CREATE TABLE `ws_siteviews_online` (
  `online_id` int(11) NOT NULL,
  `online_user` int(11) DEFAULT NULL,
  `online_name` varchar(255) DEFAULT NULL,
  `online_startview` timestamp NULL DEFAULT NULL,
  `online_endview` timestamp NULL DEFAULT NULL,
  `online_ip` varchar(255) DEFAULT NULL,
  `online_url` varchar(255) DEFAULT NULL,
  `online_agent` varchar(255) DEFAULT NULL
) ENGINE=InnoDB DEFAULT CHARSET=utf8;

--
-- Extraindo dados da tabela `ws_siteviews_online`
--

INSERT INTO `ws_siteviews_online` (`online_id`, `online_user`, `online_name`, `online_startview`, `online_endview`, `online_ip`, `online_url`, `online_agent`) VALUES
(454, 4, 'Giovanna Silva', '2020-03-16 12:50:18', '2020-03-16 13:00:18', '192.168.10.254', '', 'Mozilla/5.0 (Windows NT 10.0; Win64; x64) AppleWebKit/537.36 (KHTML, like Gecko) Chrome/80.0.3987.132 Safari/537.36');

-- --------------------------------------------------------

--
-- Estrutura da tabela `ws_siteviews_views`
--

CREATE TABLE `ws_siteviews_views` (
  `views_id` int(11) NOT NULL,
  `views_date` date DEFAULT NULL,
  `views_users` decimal(10,0) DEFAULT NULL,
  `views_views` decimal(10,0) DEFAULT NULL,
  `views_pages` decimal(10,0) DEFAULT NULL
) ENGINE=InnoDB DEFAULT CHARSET=utf8;

--
-- Extraindo dados da tabela `ws_siteviews_views`
--

INSERT INTO `ws_siteviews_views` (`views_id`, `views_date`, `views_users`, `views_views`, `views_pages`) VALUES
(1, '2017-02-04', '2', '1', '186'),
(2, '2016-08-10', '70', '81', '259'),
(3, '2016-08-11', '11', '12', '16'),
(4, '2016-08-12', '2', '2', '30'),
(5, '2016-08-13', '4', '3', '9'),
(6, '2016-08-15', '2', '1', '31'),
(7, '2016-08-16', '2', '1', '28'),
(8, '2016-08-17', '1', '2', '29'),
(9, '2016-08-18', '3', '3', '3'),
(10, '2016-08-19', '2', '1', '27'),
(11, '2016-08-20', '2', '3', '3'),
(12, '2016-08-21', '2', '2', '2'),
(13, '2016-08-22', '5', '5', '26'),
(14, '2016-08-23', '1', '1', '19'),
(15, '2016-08-24', '3', '5', '11'),
(16, '2016-08-25', '1', '1', '1'),
(17, '2016-08-26', '4', '4', '7'),
(18, '2016-08-27', '1', '1', '1'),
(19, '2016-08-30', '33', '38', '87'),
(20, '2016-08-31', '76', '82', '125'),
(21, '2016-09-01', '6', '5', '25'),
(22, '2016-09-02', '3', '3', '3'),
(23, '2016-09-03', '1', '1', '1'),
(24, '2016-09-04', '2', '2', '18'),
(25, '2016-09-05', '3', '2', '21'),
(26, '2016-09-06', '3', '1', '5'),
(27, '2016-09-08', '3', '2', '3'),
(28, '2016-09-11', '2', '2', '14'),
(29, '2016-09-12', '3', '2', '14'),
(30, '2016-09-13', '2', '1', '2'),
(31, '2016-09-14', '4', '4', '8'),
(32, '2016-09-15', '1', '1', '1'),
(33, '2016-09-16', '1', '1', '1'),
(34, '2016-09-17', '4', '2', '4'),
(35, '2016-09-20', '5', '5', '24'),
(36, '2016-09-21', '5', '6', '20'),
(37, '2016-09-22', '4', '4', '29'),
(38, '2016-09-23', '2', '2', '2'),
(39, '2016-09-26', '4', '3', '11'),
(40, '2016-09-27', '5', '5', '9'),
(41, '2016-09-28', '3', '3', '5'),
(42, '2016-09-28', '3', '3', '5'),
(43, '2016-09-29', '4', '4', '6'),
(44, '2016-09-30', '5', '4', '15'),
(45, '2016-10-03', '3', '3', '20'),
(46, '2016-10-04', '2', '2', '3'),
(47, '2016-10-05', '1', '1', '1'),
(48, '2016-10-06', '4', '4', '4'),
(49, '2016-10-07', '2', '3', '4'),
(50, '2016-10-10', '3', '4', '4'),
(51, '2016-10-11', '5', '4', '17'),
(52, '2016-10-13', '2', '1', '15'),
(53, '2016-10-17', '2', '1', '3'),
(54, '2016-10-18', '2', '1', '3'),
(55, '2016-10-19', '3', '2', '7'),
(56, '2016-10-21', '1', '1', '1'),
(57, '2016-10-21', '1', '1', '1'),
(58, '2016-10-25', '1', '1', '1'),
(59, '2016-10-26', '1', '1', '1'),
(60, '2016-10-28', '5', '7', '35'),
(61, '2016-10-29', '3', '2', '3'),
(62, '2016-10-31', '6', '7', '23'),
(63, '2016-11-02', '3', '3', '3'),
(64, '2016-11-04', '3', '3', '4'),
(65, '2016-11-09', '2', '1', '4'),
(66, '2016-11-10', '4', '3', '9'),
(67, '2016-11-11', '2', '1', '2'),
(68, '2016-11-14', '2', '2', '4'),
(69, '2016-11-19', '1', '1', '1'),
(70, '2016-11-21', '6', '5', '9'),
(71, '2016-11-23', '2', '2', '10'),
(72, '2016-11-24', '3', '3', '4'),
(73, '2016-11-28', '3', '3', '7'),
(74, '2016-11-29', '1', '1', '1'),
(75, '2016-11-30', '4', '4', '5'),
(76, '2016-12-05', '2', '1', '37'),
(77, '2016-12-06', '3', '3', '3'),
(78, '2016-12-06', '3', '3', '3'),
(79, '2016-12-08', '1', '1', '1'),
(80, '2016-12-09', '2', '2', '2'),
(81, '2016-12-10', '1', '1', '1'),
(82, '2016-12-14', '2', '1', '13'),
(83, '2016-12-15', '2', '1', '10'),
(84, '2016-12-16', '1', '1', '1'),
(85, '2016-12-17', '1', '1', '1'),
(86, '2016-12-20', '1', '1', '1'),
(87, '2016-12-22', '2', '1', '4'),
(88, '2016-12-26', '3', '2', '6'),
(89, '2016-12-28', '1', '1', '1'),
(90, '2016-12-29', '2', '1', '3'),
(91, '2016-12-30', '2', '1', '3'),
(92, '2017-01-02', '2', '1', '2'),
(93, '2017-01-03', '3', '4', '5'),
(94, '2017-01-05', '2', '1', '2'),
(95, '2017-01-06', '1', '1', '1'),
(96, '2017-01-09', '2', '2', '2'),
(97, '2017-01-11', '2', '2', '2'),
(98, '2017-01-12', '3', '2', '3'),
(99, '2017-01-13', '2', '3', '3'),
(100, '2017-01-16', '2', '2', '2'),
(101, '2017-01-17', '2', '1', '11'),
(102, '2017-01-19', '2', '2', '2'),
(103, '2017-01-20', '1', '1', '1'),
(104, '2017-01-23', '3', '3', '3'),
(105, '2017-01-25', '2', '2', '3'),
(106, '2017-01-26', '1', '1', '1'),
(107, '2017-01-27', '5', '5', '18'),
(108, '2017-01-28', '1', '1', '1'),
(109, '2017-01-30', '2', '2', '2'),
(110, '2017-01-31', '2', '2', '4'),
(111, '2017-02-02', '1', '1', '1'),
(112, '2017-02-06', '8', '8', '88'),
(113, '2017-02-07', '1', '3', '31'),
(114, '2017-02-08', '1', '1', '1'),
(115, '2017-02-10', '1', '1', '1'),
(116, '2017-02-11', '1', '1', '1'),
(117, '2017-02-12', '1', '1', '1'),
(118, '2017-02-13', '1', '1', '1'),
(119, '2017-02-14', '4', '3', '5'),
(120, '2017-02-15', '2', '1', '3'),
(121, '2017-02-16', '1', '1', '1'),
(122, '2017-02-17', '2', '2', '2'),
(123, '2017-02-17', '2', '2', '2'),
(124, '2017-02-20', '3', '2', '3'),
(125, '2017-02-22', '1', '1', '1'),
(126, '2017-02-24', '3', '2', '7'),
(127, '2017-02-26', '2', '1', '6'),
(128, '2017-02-27', '1', '1', '1'),
(129, '2017-03-01', '1', '1', '1'),
(130, '2017-03-02', '3', '2', '3'),
(131, '2017-03-04', '2', '2', '9'),
(132, '2017-03-05', '1', '1', '1'),
(133, '2017-03-07', '1', '1', '1'),
(134, '2017-03-09', '3', '4', '11'),
(135, '2017-03-10', '3', '2', '3'),
(136, '2017-03-14', '1', '1', '1'),
(137, '2017-03-15', '1', '1', '1'),
(138, '2017-03-16', '1', '1', '1'),
(139, '2017-03-17', '2', '1', '2'),
(140, '2017-03-18', '1', '1', '1'),
(141, '2017-03-20', '1', '1', '1'),
(142, '2017-03-22', '1', '1', '1'),
(143, '2017-03-23', '1', '1', '1'),
(144, '2017-03-24', '2', '2', '3'),
(145, '2017-03-29', '2', '3', '3'),
(146, '2017-03-30', '3', '3', '8'),
(147, '2017-03-31', '2', '2', '4'),
(148, '2017-04-03', '2', '1', '4'),
(149, '2017-04-07', '1', '1', '1'),
(150, '2017-04-08', '1', '1', '1'),
(151, '2017-04-10', '3', '2', '7'),
(152, '2017-04-11', '3', '2', '3'),
(153, '2017-04-12', '3', '2', '3'),
(154, '2017-04-13', '1', '1', '1'),
(155, '2017-04-14', '1', '1', '1'),
(156, '2017-04-17', '2', '1', '5'),
(157, '2017-04-20', '2', '1', '2'),
(158, '2017-04-24', '1', '1', '1'),
(159, '2017-04-26', '1', '1', '1'),
(160, '2017-04-27', '1', '1', '1'),
(161, '2017-05-03', '1', '1', '1'),
(162, '2017-05-08', '2', '1', '4'),
(163, '2017-05-10', '3', '3', '3'),
(164, '2017-05-14', '3', '3', '3'),
(165, '2017-05-15', '3', '3', '12'),
(166, '2017-05-16', '2', '2', '2'),
(167, '2017-05-17', '1', '1', '1'),
(168, '2017-05-19', '2', '2', '2'),
(169, '2017-05-20', '2', '1', '5'),
(170, '2017-05-22', '2', '1', '3'),
(171, '2017-05-31', '3', '2', '7'),
(172, '2017-06-01', '2', '1', '3'),
(173, '2017-06-05', '2', '2', '2'),
(174, '2017-06-07', '1', '1', '1'),
(175, '2017-06-12', '1', '1', '1'),
(176, '2017-06-14', '1', '1', '1'),
(177, '2017-06-15', '1', '1', '1'),
(178, '2017-06-16', '1', '1', '1'),
(179, '2017-06-19', '1', '1', '1'),
(180, '2017-06-21', '4', '4', '5'),
(181, '2017-06-23', '2', '2', '2'),
(182, '2017-06-26', '1', '1', '1'),
(183, '2017-06-27', '1', '1', '1'),
(184, '2017-06-29', '1', '1', '1'),
(185, '2017-06-30', '2', '2', '2'),
(186, '2017-07-02', '2', '2', '2'),
(187, '2017-07-04', '3', '3', '3'),
(188, '2017-07-05', '1', '1', '1'),
(189, '2017-07-06', '3', '3', '3'),
(190, '2017-07-08', '1', '1', '1'),
(191, '2017-07-17', '1', '1', '1'),
(192, '2017-07-21', '1', '1', '1'),
(193, '2017-07-22', '3', '2', '3'),
(194, '2017-07-23', '4', '4', '4'),
(195, '2017-07-25', '2', '2', '3'),
(196, '2017-08-01', '2', '2', '2'),
(197, '2017-08-02', '2', '2', '20'),
(198, '2017-08-03', '3', '2', '7'),
(199, '2017-08-09', '2', '2', '5'),
(200, '2017-08-10', '2', '1', '3'),
(201, '2017-08-11', '3', '2', '3'),
(202, '2017-08-14', '1', '1', '1'),
(203, '2017-08-15', '4', '5', '7'),
(204, '2017-08-16', '2', '1', '6'),
(205, '2017-08-17', '5', '5', '13'),
(206, '2017-08-18', '5', '6', '10'),
(207, '2017-08-21', '4', '4', '17'),
(208, '2017-08-23', '6', '6', '16'),
(209, '2017-08-24', '4', '3', '12'),
(210, '2017-08-25', '2', '2', '2'),
(211, '2017-08-26', '1', '1', '1'),
(212, '2017-08-28', '2', '2', '2'),
(213, '2017-08-29', '4', '4', '10'),
(214, '2017-08-30', '1', '1', '1'),
(215, '2017-09-04', '1', '1', '1'),
(216, '2017-09-07', '1', '1', '1'),
(217, '2017-09-08', '1', '1', '1'),
(218, '2017-09-10', '2', '1', '3'),
(219, '2017-09-11', '1', '1', '1'),
(220, '2017-09-13', '3', '4', '6'),
(221, '2017-09-14', '2', '2', '2'),
(222, '2017-09-18', '2', '2', '2'),
(223, '2017-09-20', '1', '1', '1'),
(224, '2017-09-21', '1', '1', '1'),
(225, '2017-09-25', '2', '1', '3'),
(226, '2017-09-28', '1', '1', '1'),
(227, '2017-09-30', '1', '1', '1'),
(228, '2017-10-01', '2', '2', '2'),
(229, '2017-10-03', '2', '2', '2'),
(230, '2017-10-04', '2', '2', '3'),
(231, '2017-10-09', '2', '1', '10'),
(232, '2017-10-10', '1', '1', '1'),
(233, '2017-10-11', '3', '2', '6'),
(234, '2017-10-13', '2', '2', '2'),
(235, '2017-10-16', '2', '2', '33'),
(236, '2017-10-17', '1', '1', '1'),
(237, '2017-10-20', '2', '1', '6'),
(238, '2017-10-26', '1', '1', '1'),
(239, '2017-10-27', '1', '1', '1'),
(240, '2017-10-30', '1', '1', '1'),
(241, '2017-11-07', '1', '1', '1'),
(242, '2017-11-08', '2', '2', '3'),
(243, '2017-11-09', '1', '1', '1'),
(244, '2017-11-10', '2', '2', '2'),
(245, '2017-11-13', '1', '1', '1'),
(246, '2017-11-14', '2', '2', '8'),
(247, '2017-11-16', '2', '1', '4'),
(248, '2017-11-17', '1', '1', '1'),
(249, '2017-11-18', '1', '1', '1'),
(250, '2017-11-21', '1', '1', '1'),
(251, '2017-11-22', '1', '1', '1'),
(252, '2017-11-27', '5', '5', '5'),
(253, '2017-12-01', '4', '3', '16'),
(254, '2017-12-05', '3', '2', '4'),
(255, '2017-12-06', '1', '1', '1'),
(256, '2017-12-07', '2', '1', '6'),
(257, '2017-12-08', '2', '1', '3'),
(258, '2017-12-09', '1', '1', '1'),
(259, '2017-12-10', '1', '1', '1'),
(260, '2017-12-10', '1', '1', '1'),
(261, '2017-12-11', '3', '6', '6'),
(262, '2017-12-13', '3', '3', '3'),
(263, '2017-12-14', '1', '1', '1'),
(264, '2017-12-17', '1', '1', '1'),
(265, '2017-12-18', '1', '1', '1'),
(266, '2017-12-19', '2', '2', '6'),
(267, '2017-12-20', '1', '1', '1'),
(268, '2017-12-28', '1', '1', '1'),
(269, '2018-01-02', '1', '1', '1'),
(270, '2018-01-03', '2', '1', '5'),
(271, '2018-01-05', '1', '1', '1'),
(272, '2018-01-10', '2', '1', '2'),
(273, '2018-01-11', '2', '1', '3'),
(274, '2018-01-12', '1', '1', '1'),
(275, '2018-01-15', '4', '4', '5'),
(276, '2018-01-17', '2', '2', '3'),
(277, '2018-01-18', '1', '1', '1'),
(278, '2018-01-22', '2', '2', '4'),
(279, '2018-01-26', '1', '1', '1'),
(280, '2018-01-27', '2', '2', '4'),
(281, '2018-01-27', '2', '2', '4'),
(282, '2018-01-28', '1', '1', '18'),
(283, '2018-02-05', '2', '1', '5'),
(284, '2018-02-06', '2', '2', '2'),
(285, '2018-02-07', '1', '1', '1'),
(286, '2018-02-18', '2', '2', '5'),
(287, '2018-02-22', '2', '2', '2'),
(288, '2018-02-23', '2', '2', '2'),
(289, '2018-02-23', '2', '2', '2'),
(290, '2018-02-24', '2', '1', '2'),
(291, '2018-02-25', '2', '2', '3'),
(292, '2018-02-27', '2', '2', '3'),
(293, '2018-03-01', '1', '1', '1'),
(294, '2018-03-05', '2', '1', '3'),
(295, '2018-03-07', '1', '1', '1'),
(296, '2018-03-14', '5', '4', '5'),
(297, '2018-03-15', '1', '1', '1'),
(298, '2018-03-16', '2', '2', '2'),
(299, '2018-03-17', '1', '1', '1'),
(300, '2018-03-20', '3', '3', '3'),
(301, '2018-03-21', '1', '1', '1'),
(302, '2018-03-22', '1', '1', '1'),
(303, '2018-03-23', '2', '2', '2'),
(304, '2018-03-24', '2', '2', '3'),
(305, '2018-03-25', '1', '1', '1'),
(306, '2018-03-26', '2', '2', '2'),
(307, '2018-03-27', '2', '1', '3'),
(308, '2018-03-28', '2', '2', '2'),
(309, '2018-03-29', '1', '1', '1'),
(310, '2018-03-31', '3', '2', '5'),
(311, '2018-04-03', '3', '2', '3'),
(312, '2018-04-05', '1', '1', '1'),
(313, '2018-04-09', '1', '1', '1'),
(314, '2018-04-12', '2', '1', '11'),
(315, '2018-04-13', '2', '1', '11'),
(316, '2018-04-16', '1', '1', '1'),
(317, '2018-04-17', '3', '3', '3'),
(318, '2018-04-18', '3', '3', '3'),
(319, '2018-04-21', '1', '1', '1'),
(320, '2018-04-24', '2', '2', '3'),
(321, '2018-04-25', '1', '1', '1'),
(322, '2018-04-27', '1', '1', '1'),
(323, '2018-04-30', '1', '1', '1'),
(324, '2018-05-02', '1', '1', '1'),
(325, '2018-05-04', '2', '2', '2'),
(326, '2018-05-07', '2', '2', '4'),
(327, '2018-05-08', '1', '1', '1'),
(328, '2018-05-10', '4', '3', '12'),
(329, '2018-05-11', '1', '1', '1'),
(330, '2018-05-14', '2', '1', '8'),
(331, '2018-05-17', '1', '1', '1'),
(332, '2018-05-18', '1', '1', '1'),
(333, '2018-05-22', '2', '2', '2'),
(334, '2018-05-26', '2', '2', '2'),
(335, '2018-05-27', '1', '1', '1'),
(336, '2018-06-01', '1', '1', '1'),
(337, '2018-06-02', '1', '1', '1'),
(338, '2018-06-04', '1', '1', '1'),
(339, '2018-06-08', '1', '1', '1'),
(340, '2018-06-12', '3', '3', '7'),
(341, '2018-06-18', '2', '2', '7'),
(342, '2018-06-22', '2', '1', '2'),
(343, '2018-06-25', '1', '1', '1'),
(344, '2018-06-27', '1', '1', '1'),
(345, '2018-06-28', '3', '4', '5'),
(346, '2018-06-29', '1', '1', '1'),
(347, '2018-07-02', '3', '3', '3'),
(348, '2018-07-03', '3', '3', '3'),
(349, '2018-07-04', '2', '2', '3'),
(350, '2018-07-05', '2', '1', '2'),
(351, '2018-07-06', '1', '1', '1'),
(352, '2018-07-09', '1', '1', '1'),
(353, '2018-07-10', '1', '1', '1'),
(354, '2018-07-12', '1', '1', '1'),
(355, '2018-07-19', '1', '1', '1'),
(356, '2018-07-22', '1', '1', '1'),
(357, '2018-07-23', '4', '4', '4'),
(358, '2018-07-24', '2', '6', '6'),
(359, '2018-07-25', '1', '1', '1'),
(360, '2018-07-26', '2', '2', '2'),
(361, '2018-07-27', '1', '1', '1'),
(362, '2018-07-28', '1', '1', '1'),
(363, '2018-07-30', '1', '1', '1'),
(364, '2018-07-31', '2', '2', '3'),
(365, '2018-08-01', '3', '3', '3'),
(366, '2018-10-04', '2', '1', '14'),
(367, '2018-10-08', '2', '1', '117'),
(368, '2018-10-09', '1', '1', '1'),
(369, '2018-10-10', '3', '2', '16'),
(370, '2018-10-11', '1', '1', '18'),
(371, '2018-10-16', '1', '1', '1'),
(372, '2018-11-08', '1', '1', '1'),
(373, '2018-11-16', '1', '1', '1'),
(374, '2019-03-08', '1', '1', '1'),
(375, '2019-06-01', '2', '1', '2'),
(376, '2019-06-07', '1', '1', '1'),
(377, '2019-06-09', '2', '1', '2'),
(378, '2019-06-13', '1', '1', '1'),
(379, '2019-06-28', '2', '1', '21'),
(380, '2019-08-04', '1', '1', '1'),
(381, '2019-09-21', '2', '1', '2'),
(382, '2019-09-26', '2', '1', '2'),
(383, '2019-09-30', '1', '1', '1'),
(384, '2019-11-17', '1', '1', '1'),
(385, '2020-01-16', '3', '2', '4'),
(386, '2020-03-16', '1', '1', '1');

-- --------------------------------------------------------

--
-- Estrutura da tabela `ws_slides`
--

CREATE TABLE `ws_slides` (
  `slide_id` int(11) UNSIGNED NOT NULL,
  `slide_status` int(11) NOT NULL DEFAULT '0',
  `slide_image` varchar(255) DEFAULT NULL,
  `slide_title` varchar(255) DEFAULT NULL,
  `slide_desc` text,
  `slide_link` varchar(255) DEFAULT NULL,
  `slide_date` timestamp NULL DEFAULT NULL,
  `slide_start` timestamp NULL DEFAULT NULL,
  `slide_end` timestamp NULL DEFAULT NULL
) ENGINE=InnoDB DEFAULT CHARSET=utf8;

-- --------------------------------------------------------

--
-- Estrutura da tabela `ws_users_address`
--

CREATE TABLE `ws_users_address` (
  `user_id` int(11) UNSIGNED NOT NULL,
  `addr_id` int(11) NOT NULL,
  `addr_key` int(11) DEFAULT NULL,
  `addr_name` varchar(255) DEFAULT NULL,
  `addr_zipcode` varchar(255) DEFAULT NULL,
  `addr_street` varchar(255) DEFAULT NULL,
  `addr_number` varchar(255) DEFAULT NULL,
  `addr_complement` varchar(255) DEFAULT NULL,
  `addr_district` varchar(255) DEFAULT NULL,
  `addr_city` varchar(255) DEFAULT NULL,
  `addr_state` varchar(2) DEFAULT NULL,
  `addr_country` varchar(255) DEFAULT NULL
) ENGINE=InnoDB DEFAULT CHARSET=utf8;

-- --------------------------------------------------------

--
-- Estrutura da tabela `ws_users_notes`
--

CREATE TABLE `ws_users_notes` (
  `note_id` int(11) UNSIGNED NOT NULL,
  `user_id` int(11) UNSIGNED DEFAULT NULL,
  `admin_id` int(11) UNSIGNED DEFAULT NULL,
  `note_text` varchar(255) DEFAULT NULL,
  `note_datetime` timestamp NULL DEFAULT NULL,
  `note_status` int(11) DEFAULT NULL
) ENGINE=InnoDB DEFAULT CHARSET=utf8;

--
-- Indexes for table `workcontrol_code`
--
ALTER TABLE `workcontrol_code`
  ADD PRIMARY KEY (`code_id`);

--
-- Indexes for table `ws_categories`
--
ALTER TABLE `ws_categories`
  ADD PRIMARY KEY (`category_id`);

--
-- Indexes for table `ws_comments`
--
ALTER TABLE `ws_comments`
  ADD PRIMARY KEY (`id`),
  ADD KEY `wc_comment_user` (`user_id`),
  ADD KEY `wc_comment_pdt` (`pdt_id`),
  ADD KEY `wc_comment_pages` (`page_id`),
  ADD KEY `wc_comment_response` (`alias_id`),
  ADD KEY `wc_comment_post` (`post_id`);

--
-- Indexes for table `ws_comments_likes`
--
ALTER TABLE `ws_comments_likes`
  ADD PRIMARY KEY (`id`),
  ADD KEY `wc_comments` (`comm_id`);

--
-- Indexes for table `ws_config`
--
ALTER TABLE `ws_config`
  ADD PRIMARY KEY (`conf_id`);

--
-- Indexes for table `ws_orders`
--
ALTER TABLE `ws_orders`
  ADD PRIMARY KEY (`order_id`),
  ADD KEY `wc_order_user` (`user_id`);

--
-- Indexes for table `ws_orders_items`
--
ALTER TABLE `ws_orders_items`
  ADD PRIMARY KEY (`item_id`),
  ADD KEY `wc_order` (`order_id`);

--
-- Indexes for table `ws_pages`
--
ALTER TABLE `ws_pages`
  ADD PRIMARY KEY (`page_id`);

--
-- Indexes for table `ws_pages_images`
--
ALTER TABLE `ws_pages_images`
  ADD PRIMARY KEY (`id`),
  ADD KEY `wc_pages` (`page_id`);

--
-- Indexes for table `ws_posts`
--
ALTER TABLE `ws_posts`
  ADD PRIMARY KEY (`post_id`),
  ADD KEY `wc_posts` (`post_category`),
  ADD KEY `wc_post_author` (`post_author`);

--
-- Indexes for table `ws_posts_images`
--
ALTER TABLE `ws_posts_images`
  ADD PRIMARY KEY (`id`),
  ADD KEY `wc_posts_images` (`post_id`);

--
-- Indexes for table `ws_products`
--
ALTER TABLE `ws_products`
  ADD PRIMARY KEY (`pdt_id`),
  ADD KEY `wc_products_brands` (`pdt_brand`),
  ADD KEY `wc_products_categories` (`pdt_category`),
  ADD KEY `wc_products_subcategory` (`pdt_subcategory`),
  ADD KEY `wc_product_parent` (`pdt_parent`);

--
-- Indexes for table `ws_products_brands`
--
ALTER TABLE `ws_products_brands`
  ADD PRIMARY KEY (`brand_id`);

--
-- Indexes for table `ws_products_categories`
--
ALTER TABLE `ws_products_categories`
  ADD PRIMARY KEY (`cat_id`);

--
-- Indexes for table `ws_properties`
--
ALTER TABLE `ws_properties`
  ADD PRIMARY KEY (`realty_id`),
  ADD KEY `wc_propertie_author` (`realty_contact`);

--
-- Indexes for table `ws_properties_gallery`
--
ALTER TABLE `ws_properties_gallery`
  ADD PRIMARY KEY (`id`),
  ADD KEY `wc_properties_gallery` (`realty_id`);

--
-- Indexes for table `ws_ramal`
--
ALTER TABLE `ws_ramal`
  ADD PRIMARY KEY (`ramal_id`);

--
-- Indexes for table `ws_search`
--
ALTER TABLE `ws_search`
  ADD PRIMARY KEY (`search_id`);

--
-- Indexes for table `ws_siteviews_online`
--
ALTER TABLE `ws_siteviews_online`
  ADD PRIMARY KEY (`online_id`);

--
-- Indexes for table `ws_siteviews_views`
--
ALTER TABLE `ws_siteviews_views`
  ADD PRIMARY KEY (`views_id`),
  ADD KEY `idx_1` (`views_date`);

--
-- Indexes for table `ws_slides`
--
ALTER TABLE `ws_slides`
  ADD PRIMARY KEY (`slide_id`);

--
-- Indexes for table `ws_users_address`
--
ALTER TABLE `ws_users_address`
  ADD PRIMARY KEY (`addr_id`),
  ADD KEY `wc_users_address` (`user_id`);

--
-- Indexes for table `ws_users_notes`
--
ALTER TABLE `ws_users_notes`
  ADD PRIMARY KEY (`note_id`),
  ADD KEY `note_user_id` (`user_id`),
  ADD KEY `note_admin_id` (`admin_id`);
--
-- AUTO_INCREMENT for table `workcontrol_code`
--
ALTER TABLE `workcontrol_code`
  MODIFY `code_id` int(11) UNSIGNED NOT NULL AUTO_INCREMENT;
--
-- AUTO_INCREMENT for table `ws_categories`
--
ALTER TABLE `ws_categories`
  MODIFY `category_id` int(11) NOT NULL AUTO_INCREMENT, AUTO_INCREMENT=7;
--
-- AUTO_INCREMENT for table `ws_comments`
--
ALTER TABLE `ws_comments`
  MODIFY `id` int(11) UNSIGNED NOT NULL AUTO_INCREMENT;
--
-- AUTO_INCREMENT for table `ws_comments_likes`
--
ALTER TABLE `ws_comments_likes`
  MODIFY `id` int(11) UNSIGNED NOT NULL AUTO_INCREMENT;
--
-- AUTO_INCREMENT for table `ws_config`
--
ALTER TABLE `ws_config`
  MODIFY `conf_id` int(11) UNSIGNED NOT NULL AUTO_INCREMENT, AUTO_INCREMENT=1795;
--
-- AUTO_INCREMENT for table `ws_orders`
--
ALTER TABLE `ws_orders`
  MODIFY `order_id` int(11) UNSIGNED NOT NULL AUTO_INCREMENT;
--
-- AUTO_INCREMENT for table `ws_orders_items`
--
ALTER TABLE `ws_orders_items`
  MODIFY `item_id` int(11) UNSIGNED NOT NULL AUTO_INCREMENT;
--
-- AUTO_INCREMENT for table `ws_pages`
--
ALTER TABLE `ws_pages`
  MODIFY `page_id` int(11) UNSIGNED NOT NULL AUTO_INCREMENT;
--
-- AUTO_INCREMENT for table `ws_pages_images`
--
ALTER TABLE `ws_pages_images`
  MODIFY `id` int(11) UNSIGNED NOT NULL AUTO_INCREMENT;
--
-- AUTO_INCREMENT for table `ws_posts`
--
ALTER TABLE `ws_posts`
  MODIFY `post_id` int(11) UNSIGNED NOT NULL AUTO_INCREMENT, AUTO_INCREMENT=64;
--
-- AUTO_INCREMENT for table `ws_posts_images`
--
ALTER TABLE `ws_posts_images`
  MODIFY `id` int(11) UNSIGNED NOT NULL AUTO_INCREMENT, AUTO_INCREMENT=38;
--
-- AUTO_INCREMENT for table `ws_products`
--
ALTER TABLE `ws_products`
  MODIFY `pdt_id` int(11) UNSIGNED NOT NULL AUTO_INCREMENT, AUTO_INCREMENT=239;
--
-- AUTO_INCREMENT for table `ws_products_brands`
--
ALTER TABLE `ws_products_brands`
  MODIFY `brand_id` int(11) UNSIGNED NOT NULL AUTO_INCREMENT, AUTO_INCREMENT=45;
--
-- AUTO_INCREMENT for table `ws_products_categories`
--
ALTER TABLE `ws_products_categories`
  MODIFY `cat_id` int(11) UNSIGNED NOT NULL AUTO_INCREMENT, AUTO_INCREMENT=7;
--
-- AUTO_INCREMENT for table `ws_properties`
--
ALTER TABLE `ws_properties`
  MODIFY `realty_id` int(11) UNSIGNED NOT NULL AUTO_INCREMENT;
--
-- AUTO_INCREMENT for table `ws_properties_gallery`
--
ALTER TABLE `ws_properties_gallery`
  MODIFY `id` int(11) UNSIGNED NOT NULL AUTO_INCREMENT;
--
-- AUTO_INCREMENT for table `ws_ramal`
--
ALTER TABLE `ws_ramal`
  MODIFY `ramal_id` int(11) NOT NULL AUTO_INCREMENT, AUTO_INCREMENT=134;
--
-- AUTO_INCREMENT for table `ws_search`
--
ALTER TABLE `ws_search`
  MODIFY `search_id` int(11) UNSIGNED NOT NULL AUTO_INCREMENT, AUTO_INCREMENT=7;
--
-- AUTO_INCREMENT for table `ws_siteviews_online`
--
ALTER TABLE `ws_siteviews_online`
  MODIFY `online_id` int(11) NOT NULL AUTO_INCREMENT, AUTO_INCREMENT=455;
--
-- AUTO_INCREMENT for table `ws_siteviews_views`
--
ALTER TABLE `ws_siteviews_views`
  MODIFY `views_id` int(11) NOT NULL AUTO_INCREMENT, AUTO_INCREMENT=387;
--
-- AUTO_INCREMENT for table `ws_slides`
--
ALTER TABLE `ws_slides`
  MODIFY `slide_id` int(11) UNSIGNED NOT NULL AUTO_INCREMENT;
--
-- AUTO_INCREMENT for table `ws_users_address`
--
ALTER TABLE `ws_users_address`
  MODIFY `addr_id` int(11) NOT NULL AUTO_INCREMENT;
--
-- AUTO_INCREMENT for table `ws_users_notes`
--
ALTER TABLE `ws_users_notes`
  MODIFY `note_id` int(11) UNSIGNED NOT NULL AUTO_INCREMENT;
--
-- Constraints for dumped tables
--

--
-- Limitadores para a tabela `ws_comments`
--
ALTER TABLE `ws_comments`
  ADD CONSTRAINT `wc_comment_pages` FOREIGN KEY (`page_id`) REFERENCES `ws_pages` (`page_id`) ON DELETE CASCADE ON UPDATE NO ACTION,
  ADD CONSTRAINT `wc_comment_pdt` FOREIGN KEY (`pdt_id`) REFERENCES `ws_products` (`pdt_id`) ON DELETE CASCADE ON UPDATE NO ACTION,
  ADD CONSTRAINT `wc_comment_post` FOREIGN KEY (`post_id`) REFERENCES `ws_posts` (`post_id`) ON DELETE CASCADE ON UPDATE NO ACTION,
  ADD CONSTRAINT `wc_comment_response` FOREIGN KEY (`alias_id`) REFERENCES `ws_comments` (`id`) ON DELETE CASCADE ON UPDATE NO ACTION,
  ADD CONSTRAINT `wc_comment_user` FOREIGN KEY (`user_id`) REFERENCES `ws_users` (`user_id`) ON DELETE CASCADE ON UPDATE NO ACTION;

--
-- Limitadores para a tabela `ws_comments_likes`
--
ALTER TABLE `ws_comments_likes`
  ADD CONSTRAINT `wc_comments` FOREIGN KEY (`comm_id`) REFERENCES `ws_comments` (`id`) ON DELETE CASCADE ON UPDATE NO ACTION;

--
-- Limitadores para a tabela `ws_orders`
--
ALTER TABLE `ws_orders`
  ADD CONSTRAINT `wc_order_user` FOREIGN KEY (`user_id`) REFERENCES `ws_users` (`user_id`) ON DELETE CASCADE ON UPDATE NO ACTION;

--
-- Limitadores para a tabela `ws_orders_items`
--
ALTER TABLE `ws_orders_items`
  ADD CONSTRAINT `wc_order` FOREIGN KEY (`order_id`) REFERENCES `ws_orders` (`order_id`) ON DELETE CASCADE ON UPDATE NO ACTION;

--
-- Limitadores para a tabela `ws_pages_images`
--
ALTER TABLE `ws_pages_images`
  ADD CONSTRAINT `wc_pages` FOREIGN KEY (`page_id`) REFERENCES `ws_pages` (`page_id`) ON DELETE CASCADE ON UPDATE NO ACTION;

--
-- Limitadores para a tabela `ws_posts`
--
ALTER TABLE `ws_posts`
  ADD CONSTRAINT `wc_post_author` FOREIGN KEY (`post_author`) REFERENCES `ws_users` (`user_id`) ON DELETE SET NULL ON UPDATE NO ACTION,
  ADD CONSTRAINT `wc_posts` FOREIGN KEY (`post_category`) REFERENCES `ws_categories` (`category_id`) ON DELETE SET NULL ON UPDATE NO ACTION;

--
-- Limitadores para a tabela `ws_posts_images`
--
ALTER TABLE `ws_posts_images`
  ADD CONSTRAINT `wc_posts_images` FOREIGN KEY (`post_id`) REFERENCES `ws_posts` (`post_id`) ON DELETE CASCADE ON UPDATE NO ACTION;

--
-- Limitadores para a tabela `ws_products`
--
ALTER TABLE `ws_products`
  ADD CONSTRAINT `wc_product_parent` FOREIGN KEY (`pdt_parent`) REFERENCES `ws_products` (`pdt_id`) ON DELETE SET NULL ON UPDATE NO ACTION,
  ADD CONSTRAINT `wc_products_brands` FOREIGN KEY (`pdt_brand`) REFERENCES `ws_products_brands` (`brand_id`) ON DELETE SET NULL ON UPDATE NO ACTION,
  ADD CONSTRAINT `wc_products_categories` FOREIGN KEY (`pdt_category`) REFERENCES `ws_products_categories` (`cat_id`) ON DELETE SET NULL ON UPDATE NO ACTION,
  ADD CONSTRAINT `wc_products_subcategory` FOREIGN KEY (`pdt_subcategory`) REFERENCES `ws_products_categories` (`cat_id`) ON DELETE SET NULL ON UPDATE NO ACTION;

--
-- Limitadores para a tabela `ws_properties`
--
ALTER TABLE `ws_properties`
  ADD CONSTRAINT `wc_propertie_author` FOREIGN KEY (`realty_contact`) REFERENCES `ws_users` (`user_id`) ON DELETE SET NULL ON UPDATE NO ACTION;

--
-- Limitadores para a tabela `ws_properties_gallery`
--
ALTER TABLE `ws_properties_gallery`
  ADD CONSTRAINT `wc_properties_gallery` FOREIGN KEY (`realty_id`) REFERENCES `ws_properties` (`realty_id`) ON DELETE CASCADE ON UPDATE NO ACTION;

--
-- Limitadores para a tabela `ws_users_address`
--
ALTER TABLE `ws_users_address`
  ADD CONSTRAINT `wc_users_address` FOREIGN KEY (`user_id`) REFERENCES `ws_users` (`user_id`) ON DELETE CASCADE ON UPDATE NO ACTION;

--
-- Limitadores para a tabela `ws_users_notes`
--
ALTER TABLE `ws_users_notes`
  ADD CONSTRAINT `note_admin_id` FOREIGN KEY (`admin_id`) REFERENCES `ws_users` (`user_id`) ON DELETE CASCADE ON UPDATE SET NULL,
  ADD CONSTRAINT `note_user_id` FOREIGN KEY (`user_id`) REFERENCES `ws_users` (`user_id`) ON DELETE CASCADE ON UPDATE SET NULL;

